253
CXUS53 KPAH 011506
CLSEVV

CLIMATE REPORT
NATIONAL WEATHER SERVICE PADUCAH KY
1006 AM CDT WED JUN 1 2016

...................................

...THE EVANSVILLE IN CLIMATE SUMMARY FOR THE SEASON, FROM
3/1/2016 TO 5/31/2016...

CLIMATE NORMAL PERIOD 1981 TO 2010
CLIMATE RECORD PERIOD 1896 TO 2016

WEATHER         OBSERVED          NORMAL  DEPART
                 VALUE   DATE(S)  VALUE   FROM
                                          NORMAL
................................................
TEMPERATURE (F)
RECORD
 HIGH              98   05/29/1911
                        05/28/1911
 LOW               -9   03/06/1960
HIGHEST            88   05/30        67      21
LOWEST             26   03/06        45     -19
AVG. MAXIMUM     68.1              67.1     1.0
AVG. MINIMUM     47.2              44.8     2.4
MEAN             57.6              56.0     1.6
DAYS MAX >= 90      0               0.9    -0.9
DAYS MAX <= 32      0               0.5    -0.5
DAYS MIN <= 32      7              15.2    -8.2
DAYS MIN <= 0       0               0.0     0.0

PRECIPITATION (INCHES)
RECORD
 MAXIMUM        25.48   2008
 MINIMUM         4.04   1930
TOTALS          15.41             13.97    1.44
DAILY AVG.       0.17              0.15    0.02
DAYS >= .01        38              34.8     3.2
DAYS >= .10        26              22.7     3.3
DAYS >= .50        13               9.5     3.5
DAYS >= 1.00        4               3.6     0.4
GREATEST
 24 HR. TOTAL    1.87   MM
 STORM TOTAL       MM
 (MM/DD(HH))            MM

SNOWFALL (INCHES)
TOTALS              T
 LIQUID EQUIV      MM
SINCE 7/1        14.2
 LIQUID 7/1      1.42
SNOWDEPTH AVG.      0
DAYS >= TRACE       2
DAYS >= 1.0         0
GREATEST
 SNOW DEPTH         0   MM
 24 HR TOTAL      0.0   MM
 STORM TOTAL       MM
 (MM/DD(HH))            MM

DEGREE_DAYS
HEATING TOTAL     760               967    -207
 SINCE 7/1       3577              4541    -964
COOLING TOTAL     105               134     -29
 SINCE 1/1        105               135     -30

FREEZE DATES
RECORD
 EARLIEST     10/03/1974
 LATEST       05/10/1966
EARLIEST                        10/23
LATEST                          04/10
.................................................

WIND (MPH)
AVERAGE WIND SPEED              7.1
HIGHEST WIND SPEED/DIRECTION    38/220    DATE  04/06
HIGHEST GUST SPEED/DIRECTION    48/260    DATE  04/02

SKY COVER
POSSIBLE SUNSHINE (PERCENT)   MM
AVERAGE SKY COVER           0.40
NUMBER OF DAYS FAIR           44
NUMBER OF DAYS PC             33
NUMBER OF DAYS CLOUDY         15

AVERAGE RH (PERCENT)     67

WEATHER CONDITIONS. NUMBER OF DAYS WITH
THUNDERSTORM              0     MIXED PRECIP               0
HEAVY RAIN               19     RAIN                      23
LIGHT RAIN               46     FREEZING RAIN              0
LT FREEZING RAIN          0     HAIL                       0
HEAVY SNOW                0     SNOW                       0
LIGHT SNOW                2     SLEET                      0
FOG                      44     FOG W/VIS <= 1/4 MILE      7
HAZE                      9

-  INDICATES NEGATIVE NUMBERS.
R  INDICATES RECORD WAS SET OR TIED.
MM INDICATES DATA IS MISSING.
T  INDICATES TRACE AMOUNT.

$$
