000
CXUS53 KPAH 031616
CLSEVV

INDCLMEWS 000
TTAA00 KPAH 031613


CLIMATE REPORT
NATIONAL WEATHER SERVICE PADUCAH KY
1001 AM CST TUE DEC 3 2013

...................................

...THE EVANSVILLE IN CLIMATE SUMMARY FOR THE FALL SEASON, FROM
9/1/2013 TO 11/30/2013...

CLIMATE NORMAL PERIOD 1981 TO 2010
CLIMATE RECORD PERIOD 1896 TO 2013

WEATHER         OBSERVED          NORMAL  DEPART
                 VALUE   DATE(S)  VALUE   FROM
                                          NORMAL
................................................
TEMPERATURE (F)
RECORD
 HIGH             104   09/06/1925
 LOW               -3   11/25/1950
HIGHEST            95   09/11        69      26
LOWEST             17   11/28         0      17
                        11/27
AVG. MAXIMUM     68.2              69.2    -1.0
AVG. MINIMUM     47.3              46.2     1.1
MEAN             57.8              57.7     0.1
DAYS MAX >= 90      3               4.3    -1.3
DAYS MAX <= 32      1               0.2     0.8
DAYS MIN <= 32     17              13.0     4.0
DAYS MIN <= 0       0               0.0     0.0

PRECIPITATION (INCHES)
RECORD
 MAXIMUM        19.01   2011
 MINIMUM         0.01   1964
TOTALS          10.92             10.63    0.29
DAILY AVG.       0.12              0.12    0.00
DAYS >= .01        32              25.4     6.6
DAYS >= .10        17              16.8     0.2
DAYS >= .50         8               7.3     0.7
DAYS >= 1.00        4               2.9     1.1
GREATEST
 24 HR. TOTAL    3.01   MM
 STORM TOTAL       MM
 (MM/DD(HH))            MM

SNOWFALL (INCHES)
TOTALS              T
 LIQUID EQUIV       T
SINCE 7/1           T
 LIQUID 7/1        MM
SNOWDEPTH AVG.      0
DAYS >= TRACE       4
DAYS >= 1.0         0
GREATEST
 SNOW DEPTH         0   MM
 24 HR TOTAL      0.0   MM
 STORM TOTAL       MM
 (MM/DD(HH))            MM

DEGREE_DAYS
HEATING TOTAL     914               861      53
 SINCE 7/1        914               861      53
COOLING TOTAL     272               198      74
 SINCE 1/1       1464              1397      67

FREEZE DATES
RECORD
 EARLIEST     10/03/1974
 LATEST       05/10/1966
EARLIEST                        10/23
LATEST                          04/10
.................................................

WIND (MPH)
AVERAGE WIND SPEED              5.3
HIGHEST WIND SPEED/DIRECTION    31/280    DATE  10/05
HIGHEST GUST SPEED/DIRECTION    40/270    DATE  10/05

SKY COVER
POSSIBLE SUNSHINE (PERCENT)   MM
AVERAGE SKY COVER           0.30
NUMBER OF DAYS FAIR           57
NUMBER OF DAYS PC             22
NUMBER OF DAYS CLOUDY         12

AVERAGE RH (PERCENT)     69

WEATHER CONDITIONS. NUMBER OF DAYS WITH
THUNDERSTORM              0     MIXED PRECIP               0
HEAVY RAIN               14     RAIN                      17
LIGHT RAIN               36     FREEZING RAIN              0
LT FREEZING RAIN          0     HAIL                       1
HEAVY SNOW                0     SNOW                       0
LIGHT SNOW                3     SLEET                      2
FOG                      50     FOG W/VIS <= 1/4 MILE      3
HAZE                     19

-  INDICATES NEGATIVE NUMBERS.
R  INDICATES RECORD WAS SET OR TIED.
MM INDICATES DATA IS MISSING.
T  INDICATES TRACE AMOUNT.

$$
