000
CXUS53 KPAH 010819 CCA
CLSEVV

INDCLMEWS 000
TTAA00 KPAH 010800


CLIMATE REPORT
NATIONAL WEATHER SERVICE PADUCAH KY
155 AM CST SAT MAR 1 2014

...................................

...THE EVANSVILLE IN CLIMATE SUMMARY FOR THE WINTER SEASON, FROM
12/1/2013 TO 2/28/2014...

CLIMATE NORMAL PERIOD 1981 TO 2010
CLIMATE RECORD PERIOD 1896 TO 2014

WEATHER         OBSERVED          NORMAL  DEPART
                 VALUE   DATE(S)  VALUE   FROM
                                          NORMAL
................................................
TEMPERATURE (F)
RECORD
 HIGH              79   02/13/1962
 LOW              -23   02/02/1951
HIGHEST            70   12/04        42      28
LOWEST             -4   01/07        24     -28
AVG. MAXIMUM     40.0              43.6    -3.6
AVG. MINIMUM     21.8              26.1    -4.3
MEAN             30.9              34.8    -3.9
DAYS MAX >= 90      0               0.0     0.0
DAYS MAX <= 32     25              14.8    10.2
DAYS MIN <= 32     74              64.5     9.5
DAYS MIN <= 0       2               1.8     0.2

PRECIPITATION (INCHES)
RECORD
 MAXIMUM        14.78   1937
 MINIMUM         0.27   1947
TOTALS          11.28             10.03    1.25
DAILY AVG.       0.12              0.11    0.01
DAYS >= .01        34              29.5     4.5
DAYS >= .10        13              18.3    -5.3
DAYS >= .50         8               6.7     1.3
DAYS >= 1.00        2               2.4    -0.4
GREATEST
 24 HR. TOTAL    4.47   MM
 STORM TOTAL       MM
 (MM/DD(HH))            MM

SNOWFALL (INCHES)
TOTALS           10.0
 LIQUID EQUIV    1.00
SINCE 7/1        10.0
 LIQUID 7/1      1.00
SNOWDEPTH AVG.      0
DAYS >= TRACE      28
DAYS >= 1.0         2
GREATEST
 SNOW DEPTH         6   12/07
 24 HR TOTAL      6.7   MM
 STORM TOTAL       MM
 (MM/DD(HH))            MM

DEGREE_DAYS
HEATING TOTAL    3048              2714     334
 SINCE 7/1         MM              3574      MM
COOLING TOTAL       0                 0       0
 SINCE 1/1          0                 0       0

FREEZE DATES
RECORD
 EARLIEST     10/03/1974
 LATEST       05/10/1966
EARLIEST                        10/23
LATEST                          04/10
.................................................

WIND (MPH)
AVERAGE WIND SPEED              8.1
HIGHEST WIND SPEED/DIRECTION    39/270    DATE  02/20
HIGHEST GUST SPEED/DIRECTION    49/280    DATE  02/20

SKY COVER
POSSIBLE SUNSHINE (PERCENT)   MM
AVERAGE SKY COVER           0.40
NUMBER OF DAYS FAIR           41
NUMBER OF DAYS PC             26
NUMBER OF DAYS CLOUDY         23

AVERAGE RH (PERCENT)     67

WEATHER CONDITIONS. NUMBER OF DAYS WITH
THUNDERSTORM              0     MIXED PRECIP               0
HEAVY RAIN                7     RAIN                      13
LIGHT RAIN               26     FREEZING RAIN              3
LT FREEZING RAIN          5     HAIL                       0
HEAVY SNOW                0     SNOW                       4
LIGHT SNOW               30     SLEET                      1
FOG                      38     FOG W/VIS <= 1/4 MILE      6
HAZE                     23

-  INDICATES NEGATIVE NUMBERS.
R  INDICATES RECORD WAS SET OR TIED.
MM INDICATES DATA IS MISSING.
T  INDICATES TRACE AMOUNT.

$$
