000
CXUS53 KPAH 050409
CLSEVV

INDCLMEWS 000
TTAA00 KPAH 050402


CLIMATE REPORT
NATIONAL WEATHER SERVICE PADUCAH KY
1101 PM CDT TUE JUN 4 2013

...................................

...THE EVANSVILLE IN CLIMATE SUMMARY FOR THE SPRING SEASON,
FROM 3/1/2013 TO 5/31/2013...

CLIMATE NORMAL PERIOD 1981 TO 2010
CLIMATE RECORD PERIOD 1896 TO 2013

WEATHER         OBSERVED          NORMAL  DEPART
                 VALUE   DATE(S)  VALUE   FROM
                                          NORMAL
................................................
TEMPERATURE (F)
RECORD
 HIGH              98   05/29/1911
                        05/28/1911
 LOW               -9   03/06/1960
HIGHEST            87   05/29        67      20
                        05/19
LOWEST             20   03/03        45     -25
AVG. MAXIMUM     64.1              67.1    -3.0
AVG. MINIMUM     43.8              44.8    -1.0
MEAN             53.9              56.0    -2.1
DAYS MAX >= 90      0               0.9    -0.9
DAYS MAX <= 32      0               0.5    -0.5
DAYS MIN <= 32     24              15.2     8.8
DAYS MIN <= 0       0               0.0     0.0

PRECIPITATION (INCHES)
RECORD
 MAXIMUM        25.01   2011
 MINIMUM         0.01   1910
TOTALS          13.02             13.97   -0.95
DAILY AVG.       0.14              0.15   -0.01
DAYS >= .01        34              34.8    -0.8
DAYS >= .10        19              22.7    -3.7
DAYS >= .50         9               9.5    -0.5
DAYS >= 1.00        5               3.6     1.4
GREATEST
 24 HR. TOTAL    1.97   MM
 STORM TOTAL       MM
 (MM/DD(HH))            MM

SNOWFALL (INCHES)
TOTALS              T
 LIQUID EQUIV      MM
SINCE 7/1        12.3
 LIQUID 7/1      1.23
SNOWDEPTH AVG.      0
DAYS >= TRACE      11
DAYS >= 1.0         0
GREATEST
 SNOW DEPTH         0   MM
 24 HR TOTAL      0.0   MM
 STORM TOTAL       MM
 (MM/DD(HH))            MM

DEGREE_DAYS
HEATING TOTAL    1167               967     200
 SINCE 7/1       4530              4541     -11
COOLING TOTAL     171               134      37
 SINCE 1/1        171               135      36

FREEZE DATES
RECORD
 EARLIEST     10/03/1974
 LATEST       05/10/1966
EARLIEST                        10/23
LATEST                          04/10
.................................................

WIND (MPH)
AVERAGE WIND SPEED              7.3
HIGHEST WIND SPEED/DIRECTION    33/190    DATE  05/30
HIGHEST GUST SPEED/DIRECTION    49/190    DATE  05/30

SKY COVER
POSSIBLE SUNSHINE (PERCENT)   MM
AVERAGE SKY COVER           0.40
NUMBER OF DAYS FAIR           43
NUMBER OF DAYS PC             30
NUMBER OF DAYS CLOUDY         19

AVERAGE RH (PERCENT)     66

WEATHER CONDITIONS. NUMBER OF DAYS WITH
THUNDERSTORM              0     MIXED PRECIP               0
HEAVY RAIN               16     RAIN                      24
LIGHT RAIN               41     FREEZING RAIN              0
LT FREEZING RAIN          0     HAIL                       0
HEAVY SNOW                0     SNOW                       1
LIGHT SNOW                8     SLEET                      1
FOG                      39     FOG W/VIS <= 1/4 MILE      4
HAZE                     24

-  INDICATES NEGATIVE NUMBERS.
R  INDICATES RECORD WAS SET OR TIED.
MM INDICATES DATA IS MISSING.
T  INDICATES TRACE AMOUNT.

$$
