000
CXUS53 KPAH 131643
CLSEVV

INDCLMEWS 000
TTAA00 KPAH 131638


CLIMATE REPORT
NATIONAL WEATHER SERVICE PADUCAH KY
1123 AM CDT FRI SEP 13 2013

...................................

...THE EVANSVILLE IN CLIMATE SUMMARY FOR THE SUMMER SEASON, FROM
6/1/2013 TO 8/31/2013...

CLIMATE NORMAL PERIOD 1981 TO 2010
CLIMATE RECORD PERIOD 1896 TO 2013

WEATHER         OBSERVED          NORMAL  DEPART
                 VALUE   DATE(S)  VALUE   FROM
                                          NORMAL
................................................
TEMPERATURE (F)
RECORD
 HIGH             111   07/28/1930
 LOW               41   06/01/1966
                        06/02/1956
HIGHEST            97   08/31        88       9
LOWEST             50   06/04        65     -15
AVG. MAXIMUM     85.7              87.4    -1.7
AVG. MINIMUM     66.0              65.6     0.4
MEAN             75.8              76.5    -0.7
DAYS MAX >= 90     27              32.8    -5.8
DAYS MAX <= 32      0               0.0     0.0
DAYS MIN <= 32      0               0.0     0.0
DAYS MIN <= 0       0               0.0     0.0

PRECIPITATION (INCHES)
RECORD
 MAXIMUM        13.80   2011
 MINIMUM         0.13   1943
TOTALS          12.78             10.68    2.10
DAILY AVG.       0.14              0.12    0.02
DAYS >= .01        30              25.8     4.2
DAYS >= .10        17              17.1    -0.1
DAYS >= .50         8               7.3     0.7
DAYS >= 1.00        3               3.0     0.0
GREATEST
 24 HR. TOTAL    4.35   MM
 STORM TOTAL       MM
 (MM/DD(HH))            MM

SNOWFALL (INCHES)
TOTALS            0.0
 LIQUID EQUIV    0.00
SINCE 7/1         0.0
 LIQUID 7/1      0.00
SNOWDEPTH AVG.      0
DAYS >= TRACE       0
DAYS >= 1.0         0
GREATEST
 SNOW DEPTH         0   MM
 24 HR TOTAL      0.0   MM
 STORM TOTAL       MM
 (MM/DD(HH))            MM

DEGREE_DAYS
HEATING TOTAL       1                 7      -6
 SINCE 7/1          0                 1      -1
COOLING TOTAL    1021              1065     -44
 SINCE 1/1       1192              1199      -7

FREEZE DATES
RECORD
 EARLIEST     10/03/1974
 LATEST       05/10/1966
EARLIEST                        10/23
LATEST                          04/10
.................................................

WIND (MPH)
AVERAGE WIND SPEED              4.8
HIGHEST WIND SPEED/DIRECTION    30/350    DATE  08/31
HIGHEST GUST SPEED/DIRECTION    43/300    DATE  06/22

SKY COVER
POSSIBLE SUNSHINE (PERCENT)   MM
AVERAGE SKY COVER           0.30
NUMBER OF DAYS FAIR           58
NUMBER OF DAYS PC             31
NUMBER OF DAYS CLOUDY          3

AVERAGE RH (PERCENT)     71

WEATHER CONDITIONS. NUMBER OF DAYS WITH
THUNDERSTORM              0     MIXED PRECIP               0
HEAVY RAIN               16     RAIN                      19
LIGHT RAIN               40     FREEZING RAIN              0
LT FREEZING RAIN          0     HAIL                       0
HEAVY SNOW                0     SNOW                       0
LIGHT SNOW                0     SLEET                      0
FOG                      54     FOG W/VIS <= 1/4 MILE      4
HAZE                     32

-  INDICATES NEGATIVE NUMBERS.
R  INDICATES RECORD WAS SET OR TIED.
MM INDICATES DATA IS MISSING.
T  INDICATES TRACE AMOUNT.

$$
