000
CXUS53 KPAH 030327
CLSEVV

INDCLMEWS 000
TTAA00 KPAH 030325


CLIMATE REPORT
NATIONAL WEATHER SERVICE PADUCAH KY
919 PM CST SUN DEC 2 2012

...................................

...THE EVANSVILLE IN CLIMATE SUMMARY FOR THE FALL SEASON, FROM
9/1/2012 TO 11/30/2012...

CLIMATE NORMAL PERIOD 1981 TO 2010
CLIMATE RECORD PERIOD 1896 TO 2012

WEATHER         OBSERVED          NORMAL  DEPART
                 VALUE   DATE(S)  VALUE   FROM
                                          NORMAL
................................................
TEMPERATURE (F)
RECORD
 HIGH             104   09/06/1925
 LOW               -3   11/25/1950
HIGHEST            92   09/04        69      23
LOWEST             22   11/28         0      22
                        11/24
AVG. MAXIMUM     67.1              69.2    -2.1
AVG. MINIMUM     45.2              46.2    -1.0
MEAN             56.2              57.7    -1.5
DAYS MAX >= 90      4               4.3    -0.3
DAYS MAX <= 32      0               0.2    -0.2
DAYS MIN <= 32     19              13.0     6.0
DAYS MIN <= 0       0               0.0     0.0

PRECIPITATION (INCHES)
RECORD
 MAXIMUM        19.01   2011
 MINIMUM         0.01   1964
TOTALS          11.69             10.63    1.06
DAILY AVG.       0.13              0.12    0.01
DAYS >= .01        28              25.4     2.6
DAYS >= .10        17              16.8     0.2
DAYS >= .50         8               7.3     0.7
DAYS >= 1.00        2               2.9    -0.9
GREATEST
 24 HR. TOTAL    2.54   MM
 STORM TOTAL       MM
 (MM/DD(HH))            MM

SNOWFALL (INCHES)
TOTALS              T
 LIQUID EQUIV      MM
SINCE 7/1           T
 LIQUID 7/1        MM
SNOWDEPTH AVG.      0
DAYS >= TRACE       1
DAYS >= 1.0         0
GREATEST
 SNOW DEPTH         0   MM
 24 HR TOTAL      0.0   MM
 STORM TOTAL       MM
 (MM/DD(HH))            MM

DEGREE_DAYS
HEATING TOTAL     962               861     101
 SINCE 7/1        962               861     101
COOLING TOTAL     176               198     -22
 SINCE 1/1       1843              1397     446

FREEZE DATES
RECORD
 EARLIEST     10/03/1974
 LATEST       05/10/1966
EARLIEST                        10/23
LATEST                          04/10
.................................................

WIND (MPH)
AVERAGE WIND SPEED              5.7
HIGHEST WIND SPEED/DIRECTION    37/290    DATE  09/07
HIGHEST GUST SPEED/DIRECTION    52/300    DATE  09/07

SKY COVER
POSSIBLE SUNSHINE (PERCENT)   MM
AVERAGE SKY COVER           0.30
NUMBER OF DAYS FAIR           55
NUMBER OF DAYS PC             27
NUMBER OF DAYS CLOUDY          9

AVERAGE RH (PERCENT)     67

WEATHER CONDITIONS. NUMBER OF DAYS WITH
THUNDERSTORM              0     MIXED PRECIP               0
HEAVY RAIN               15     RAIN                      19
LIGHT RAIN               30     FREEZING RAIN              0
LT FREEZING RAIN          0     HAIL                       0
HEAVY SNOW                0     SNOW                       0
LIGHT SNOW                0     SLEET                      1
FOG                      47     FOG W/VIS <= 1/4 MILE      5
HAZE                     30

-  INDICATES NEGATIVE NUMBERS.
R  INDICATES RECORD WAS SET OR TIED.
MM INDICATES DATA IS MISSING.
T  INDICATES TRACE AMOUNT.

&&

REMARKS: THE MONTH OF SEPTEMBER RANKED AST THE 6TH WETTEST ON RECORD WITH 7.60
INCHES OF RAINFALL.

$$
