000
CXUS53 KPAH 010728
CLSEVV

INDCLMEWS 000
TTAA00 KPAH 010718


CLIMATE REPORT
NATIONAL WEATHER SERVICE PADUCAH KY
216 AM CDT MON SEP 1 2014

...................................

...THE EVANSVILLE IN CLIMATE SUMMARY FOR THE SUMMER SEASON,
   FROM JUNE 1ST, 2014 TO AUGUST 31ST, 2014...

CLIMATE NORMAL PERIOD 1981 TO 2010
CLIMATE RECORD PERIOD 1896 TO 2014

WEATHER         OBSERVED          NORMAL  DEPART
                 VALUE   DATE(S)  VALUE   FROM
                                          NORMAL
................................................
TEMPERATURE (F)
RECORD
 HIGH             111   07/28/1930
 LOW               41   06/01/1966
                        06/02/1956
HIGHEST            96   08/27        88       8
LOWEST             53   06/14        65     -12
AVG. MAXIMUM     85.6              87.4    -1.8
AVG. MINIMUM     67.1              65.6     1.5
MEAN             76.4              76.5    -0.1
DAYS MAX >= 90     26              32.8    -6.8
DAYS MAX <= 32      0               0.0     0.0
DAYS MIN <= 32      0               0.0     0.0
DAYS MIN <= 0       0               0.0     0.0

PRECIPITATION (INCHES)
RECORD
 MAXIMUM        13.80   2011
 MINIMUM         0.13   1943
TOTALS          12.69             10.68    2.01
DAILY AVG.       0.14              0.12    0.02
DAYS >= .01        31              25.8     5.2
DAYS >= .10        18              17.1     0.9
DAYS >= .50         8               7.3     0.7
DAYS >= 1.00        2               3.0    -1.0
GREATEST
 24 HR. TOTAL    2.33   MM
 STORM TOTAL       MM
 (MM/DD(HH))            MM

SNOWFALL (INCHES)
TOTALS            0.0
 LIQUID EQUIV    0.00
SINCE 7/1         0.0
 LIQUID 7/1      0.00
SNOWDEPTH AVG.      0
DAYS >= TRACE       0
DAYS >= 1.0         0
GREATEST
 SNOW DEPTH         0   MM
 24 HR TOTAL      0.0   MM
 STORM TOTAL       MM
 (MM/DD(HH))            MM

DEGREE_DAYS
HEATING TOTAL       0                 7      -7
 SINCE 7/1          0                 1      -1
COOLING TOTAL    1069              1065       4
 SINCE 1/1       1280              1199      81

FREEZE DATES
RECORD
 EARLIEST     10/03/1974
 LATEST       05/10/1966
EARLIEST                        10/23
LATEST                          04/10
.................................................

WIND (MPH)
AVERAGE WIND SPEED              5.8
HIGHEST WIND SPEED/DIRECTION    47/220    DATE  06/23
HIGHEST GUST SPEED/DIRECTION    57/250    DATE  07/07

SKY COVER
POSSIBLE SUNSHINE (PERCENT)   MM
AVERAGE SKY COVER           0.30
NUMBER OF DAYS FAIR           64
NUMBER OF DAYS PC             23
NUMBER OF DAYS CLOUDY          5

AVERAGE RH (PERCENT)     70

WEATHER CONDITIONS. NUMBER OF DAYS WITH
THUNDERSTORM              0     MIXED PRECIP               0
HEAVY RAIN               17     RAIN                      17
LIGHT RAIN               36     FREEZING RAIN              0
LT FREEZING RAIN          0     HAIL                       0
HEAVY SNOW                0     SNOW                       0
LIGHT SNOW                0     SLEET                      0
FOG                      52     FOG W/VIS <= 1/4 MILE      3
HAZE                     44

-  INDICATES NEGATIVE NUMBERS.
R  INDICATES RECORD WAS SET OR TIED.
MM INDICATES DATA IS MISSING.
T  INDICATES TRACE AMOUNT.

$$
