000
CXUS53 KPAH 012155
CLSEVV

INDCLMEWS 000
TTAA00 KPAH 012152


CLIMATE REPORT
NATIONAL WEATHER SERVICE PADUCAH KY
349 PM CST FRI DEC 1 2017

...................................

...THE EVANSVILLE IN CLIMATE SUMMARY FOR THE FALL SEASON, FROM
9/1/2017 TO 11/30/2017...

CLIMATE NORMAL PERIOD 1981 TO 2010
CLIMATE RECORD PERIOD 1896 TO 2017

WEATHER         OBSERVED          NORMAL  DEPART
                 VALUE   DATE(S)  VALUE   FROM
                                          NORMAL
................................................
TEMPERATURE (F)
RECORD
 HIGH             104   09/06/1925
 LOW               -3   11/25/1950
HIGHEST            92   09/26        69      23
                        09/21
LOWEST             25   11/23         0      25
                        11/20
                        11/22
AVG. MAXIMUM     69.7              69.2     0.5
AVG. MINIMUM     48.8              46.2     2.6
MEAN             59.2              57.7     1.5
DAYS MAX >= 90      6               4.3     1.7
DAYS MAX <= 32      0               0.2    -0.2
DAYS MIN <= 32     17              13.0     4.0
DAYS MIN <= 0       0               0.0     0.0

PRECIPITATION (INCHES)
RECORD
 MAXIMUM        19.16   2006
 MINIMUM         2.95   1963
TOTALS           8.65             10.63   -1.98
DAILY AVG.       0.10              0.12   -0.02
DAYS >= .01        26              25.4     0.6
DAYS >= .10        16              16.8    -0.8
DAYS >= .50         5               7.3    -2.3
DAYS >= 1.00        2               2.9    -0.9
GREATEST
 24 HR. TOTAL    1.51   MM
 STORM TOTAL       MM
 (MM/DD(HH))            MM

SNOWFALL (INCHES)
TOTALS            0.0
 LIQUID EQUIV    0.00
SINCE 7/1         0.0
 LIQUID 7/1      0.00
SNOWDEPTH AVG.      0
DAYS >= TRACE       0
DAYS >= 1.0         0
GREATEST
 SNOW DEPTH         0   MM
 24 HR TOTAL      0.0   MM
 STORM TOTAL       MM
 (MM/DD(HH))            MM

DEGREE_DAYS
HEATING TOTAL     780               861     -81
 SINCE 7/1        780               861     -81
COOLING TOTAL     277               198      79
 SINCE 1/1       1567              1397     170

FREEZE DATES
RECORD
 EARLIEST     10/03/1974
 LATEST       05/10/1966
EARLIEST                        10/23
LATEST                          04/10
.................................................

WIND (MPH)
AVERAGE WIND SPEED              5.7
HIGHEST WIND SPEED/DIRECTION    29/310    DATE  11/18
HIGHEST GUST SPEED/DIRECTION    38/310    DATE  11/18

SKY COVER
POSSIBLE SUNSHINE (PERCENT)   MM
AVERAGE SKY COVER           0.40
NUMBER OF DAYS FAIR           53
NUMBER OF DAYS PC             16
NUMBER OF DAYS CLOUDY         22

AVERAGE RH (PERCENT)     70

WEATHER CONDITIONS. NUMBER OF DAYS WITH
THUNDERSTORM              0     MIXED PRECIP               0
HEAVY RAIN               11     RAIN                      16
LIGHT RAIN               32     FREEZING RAIN              0
LT FREEZING RAIN          0     HAIL                       0
HEAVY SNOW                0     SNOW                       0
LIGHT SNOW                0     SLEET                      0
FOG                      45     FOG W/VIS <= 1/4 MILE      5
HAZE                     13

-  INDICATES NEGATIVE NUMBERS.
R  INDICATES RECORD WAS SET OR TIED.
MM INDICATES DATA IS MISSING.
T  INDICATES TRACE AMOUNT.

$$
