583
CXUS53 KPAH 010708
CLSEVV

INDCLMEWS 000
TTAA00 KPAH 010704


CLIMATE REPORT
NATIONAL WEATHER SERVICE PADUCAH KY
202 AM CDT FRI SEP 1 2017

...................................

...THE EVANSVILLE IN CLIMATE SUMMARY FOR THE SUMMER SEASON, FROM
JUNE 1ST, 2017 TO AUGUST 31ST, 2017...

CLIMATE NORMAL PERIOD 1981 TO 2010
CLIMATE RECORD PERIOD 1896 TO 2017

WEATHER         OBSERVED          NORMAL  DEPART
                 VALUE   DATE(S)  VALUE   FROM
                                          NORMAL
................................................
TEMPERATURE (F)
RECORD
 HIGH             111   07/28/1930
 LOW               41   06/01/1966
                        06/02/1956
HIGHEST            99   07/22        88      11
LOWEST             52   06/08        65     -13
AVG. MAXIMUM     86.8              87.4    -0.6
AVG. MINIMUM     65.8              65.6     0.2
MEAN             76.3              76.5    -0.2
DAYS MAX >= 90     23              32.8    -9.8
DAYS MAX <= 32      0               0.0     0.0
DAYS MIN <= 32      0               0.0     0.0
DAYS MIN <= 0       0               0.0     0.0

PRECIPITATION (INCHES)
RECORD
 MAXIMUM        19.83   1977
 MINIMUM         2.59   1936
TOTALS          11.41             10.68    0.73
DAILY AVG.       0.12              0.12    0.00
DAYS >= .01        21              25.8    -4.8
DAYS >= .10        10              17.1    -7.1
DAYS >= .50         8               7.3     0.7
DAYS >= 1.00        5               3.0     2.0
GREATEST
 24 HR. TOTAL    2.50   MM
 STORM TOTAL       MM
 (MM/DD(HH))            MM

SNOWFALL (INCHES)
TOTALS            0.0
 LIQUID EQUIV    0.00
SINCE 7/1         0.0
 LIQUID 7/1      0.00
SNOWDEPTH AVG.      0
DAYS >= TRACE       0
DAYS >= 1.0         0
GREATEST
 SNOW DEPTH         0   MM
 24 HR TOTAL      0.0   MM
 STORM TOTAL       MM
 (MM/DD(HH))            MM

DEGREE_DAYS
HEATING TOTAL       0                 7      -7
 SINCE 7/1          0                 1      -1
COOLING TOTAL    1065              1065       0
 SINCE 1/1       1290              1199      91

FREEZE DATES
RECORD
 EARLIEST     10/03/1974
 LATEST       05/10/1966
EARLIEST                        10/23
LATEST                          04/10
.................................................

WIND (MPH)
AVERAGE WIND SPEED              5.6
HIGHEST WIND SPEED/DIRECTION    29/270    DATE  07/23
HIGHEST GUST SPEED/DIRECTION    37/250    DATE  07/13

SKY COVER
POSSIBLE SUNSHINE (PERCENT)   MM
AVERAGE SKY COVER           0.20
NUMBER OF DAYS FAIR           73
NUMBER OF DAYS PC             16
NUMBER OF DAYS CLOUDY          3

AVERAGE RH (PERCENT)     68

WEATHER CONDITIONS. NUMBER OF DAYS WITH
THUNDERSTORM              0     MIXED PRECIP               0
HEAVY RAIN               11     RAIN                      12
LIGHT RAIN               25     FREEZING RAIN              0
LT FREEZING RAIN          0     HAIL                       0
HEAVY SNOW                0     SNOW                       0
LIGHT SNOW                0     SLEET                      0
FOG                      38     FOG W/VIS <= 1/4 MILE      1
HAZE                      7

-  INDICATES NEGATIVE NUMBERS.
R  INDICATES RECORD WAS SET OR TIED.
MM INDICATES DATA IS MISSING.
T  INDICATES TRACE AMOUNT.

$$
