000
CXUS53 KPAH 101526
CLSEVV

CLIMATE REPORT
NATIONAL WEATHER SERVICE PADUCAH KY
837 AM CST THU MAR 3 2016

...................................

...THE EVANSVILLE IN CLIMATE SUMMARY FOR THE SEASON, FROM
12/1/2015 TO 2/29/2016...

CLIMATE NORMAL PERIOD 1981 TO 2010
CLIMATE RECORD PERIOD 1896 TO 2016

WEATHER         OBSERVED          NORMAL  DEPART
                 VALUE   DATE(S)  VALUE   FROM
                                          NORMAL
................................................
TEMPERATURE (F)
RECORD
 HIGH              79   02/13/1962
 LOW              -23   02/02/1951
HIGHEST            75   02/20        42      33
LOWEST              8   01/11        24     -16
AVG. MAXIMUM     49.3              43.6     5.7
AVG. MINIMUM     31.7              26.1     5.6
MEAN             40.5              34.8     5.7
DAYS MAX >= 90      0               0.0     0.0
DAYS MAX <= 32     10              14.8    -4.8
DAYS MIN <= 32     49              64.5   -15.5
DAYS MIN <= 0       0               1.8    -1.8

PRECIPITATION (INCHES)
RECORD
 MAXIMUM        24.38   1949-1950
 MINIMUM         3.76   1976-1977
TOTALS          11.54             10.03    1.51
DAILY AVG.       0.13              0.11    0.02
DAYS >= .01        30              29.5     0.5
DAYS >= .10        18              18.3    -0.3
DAYS >= .50         8               6.7     1.3
DAYS >= 1.00        5               2.4     2.6
GREATEST
 24 HR. TOTAL   12.41   MM
 STORM TOTAL       MM
 (MM/DD(HH))            MM

SNOWFALL (INCHES)
TOTALS           14.2
 LIQUID EQUIV    1.42
SINCE 7/1        14.2
 LIQUID 7/1      1.42
SNOWDEPTH AVG.      0
DAYS >= TRACE      17
DAYS >= 1.0         5
GREATEST
 SNOW DEPTH         5   01/23
 24 HR TOTAL      5.1   MM
 STORM TOTAL       MM
 (MM/DD(HH))            MM

DEGREE_DAYS
HEATING TOTAL    2209              2714    -505
 SINCE 7/1         MM              3598      MM
COOLING TOTAL       3                 0       3
 SINCE 1/1          0                 0       0

FREEZE DATES
RECORD
 EARLIEST     10/03/1974
 LATEST       05/10/1966
EARLIEST                        10/23
LATEST                          04/10
.................................................

WIND (MPH)
AVERAGE WIND SPEED              7.8
HIGHEST WIND SPEED/DIRECTION    39/220    DATE  02/19
HIGHEST GUST SPEED/DIRECTION    52/220    DATE  02/02

SKY COVER
POSSIBLE SUNSHINE (PERCENT)   MM
AVERAGE SKY COVER           0.50
NUMBER OF DAYS FAIR           33
NUMBER OF DAYS PC             29
NUMBER OF DAYS CLOUDY         29

AVERAGE RH (PERCENT)     68

WEATHER CONDITIONS. NUMBER OF DAYS WITH
THUNDERSTORM              0     MIXED PRECIP               0
HEAVY RAIN                9     RAIN                      12
LIGHT RAIN               27     FREEZING RAIN              0
LT FREEZING RAIN          0     HAIL                       0
HEAVY SNOW                3     SNOW                       8
LIGHT SNOW               17     SLEET                      1
FOG                      40     FOG W/VIS <= 1/4 MILE      7
HAZE                     27

-  INDICATES NEGATIVE NUMBERS.
R  INDICATES RECORD WAS SET OR TIED.
MM INDICATES DATA IS MISSING.
T  INDICATES TRACE AMOUNT.

$$
