000
CXUS53 KIND 010700
CF6EYE
PRELIMINARY LOCAL CLIMATOLOGICAL DATA (WS FORM: F-6)
STATION: INDIANAPOLIS EAGLE CREEK IN
MONTH: JANUARY
YEAR: 2021
LATITUDE: 39 49 N
LONGITUDE: 86 18 W
TEMPERATURE IN F: :PCPN: SNOW: WIND :SUNSHINE: SKY :PK WND
================================================================================
1 2 3 4 5 6A 6B 7 8 9 10 11 12 13 14 15 16 17 18
12Z AVG MX 2MIN
DY MAX MIN AVG DEP HDD CDD WTR SNW DPTH SPD SPD DIR MIN PSBL S-S WX SPD DR
================================================================================
1 43 26 35 7 30 0 0.72 M M 8.5 20 270 M M 9 126 32 270
2 36 34 35 7 30 0 0.00 M M 4.1 15 270 M M 10 1 25 250
3 35 33 34 6 31 0 T M M 5.3 13 270 M M 10 1 22 270
4 45 25 35 7 30 0 0.00 M M 2.3 9 200 M M 3 1 14 190
5 38 30 34 6 31 0 T M M 9.1 18 300 M M 10 1 26 310
6 39 31 35 7 30 0 0.00 M M 5.4 13 80 M M 10 19 60
7 38 33 36 8 29 0 0.00 M M 8.3 16 50 M M 10 24 70
8 34 28 31 3 34 0 0.00 M M 8.9 16 60 M M 10 24 50
9 31 20 26 -2 39 0 0.00 M M 3.8 9 360 M M 7 1 13 360
10 30 20 25 -3 40 0 0.00 M M 3.6 9 290 M M 10 1 14 280
11 27 23 25 -3 40 0 T M M 6.0 13 280 M M 10 18 16 290
12 42 23 33 5 32 0 0.00 M M 8.3 16 200 M M 4 1 24 210
13 47 30 39 11 26 0 0.00 M M 8.4 15 210 M M 1 1 23 220
14 46 27 37 9 28 0 T M M 6.1 20 270 M M 4 30 280
15 41 29 35 7 30 0 0.01 M M 6.7 16 180 M M 8 1 26 220
16 34 24 29 1 36 0 0.05 M M 5.8 14 280 M M 8 1 23 280
17 33 29 31 3 34 0 0.04 M M 6.3 14 260 M M 10 1 21 260
18 34 28 31 3 34 0 T M M 6.4 16 300 M M 9 1 21 260
19 40 23 32 4 33 0 0.00 M M 6.6 23 270 M M 5 33 270
20 35 22 29 1 36 0 0.00 M M 10.9 26 310 M M 5 38 300
21 48 32 40 12 25 0 0.00 M M 10.0 23 280 M M 0 32 290
22 36 18 27 -1 38 0 0.00 M M 12.6 21 300 M M 0 28 310
23 33 12 23 -5 42 0 0.00 M M 4.1 12 130 M M 1 16 120
24 33 28 31 3 34 0 0.01 M M 6.2 13 140 M M 10 1 20 130
25 33 30 32 4 33 0 0.17 M M 9.3 17 70 M M 9 16 26 60
26 37 31 34 6 31 0 0.02 M M 7.7 18 300 M M 10 1 28 280
27 31 23 27 -1 38 0 T M M 8.8 16 350 M M 10 1 24 350
28 31 18 25 -3 40 0 0.00 M M 6.0 15 300 M M 3 20 300
29 36 17 27 -2 38 0 0.00 M M 4.8 12 110 M M 1 16 130
30 37 26 32 3 33 0 0.36 M M 11.4 21 130 M M 6 1 33 120
31 36 29 33 4 32 0 0.40 M M 10.3 20 120 M M 10 1 30 120
================================================================================
SM 1139 802 1037 0 1.78 M 222.0 M 213
================================================================================
AV 36.7 25.9 7.2 FASTST M M 7 MAX(MPH)
MISC ----> 26 310 38 300
================================================================================
NOTES:
# LAST OF SEVERAL OCCURRENCES
COLUMN 17 PEAK WIND IN M.P.H.
PRELIMINARY LOCAL CLIMATOLOGICAL DATA (WS FORM: F-6) , PAGE 2
STATION: INDIANAPOLIS EAGLE CREEK IN
MONTH: JANUARY
YEAR: 2021
LATITUDE: 39 49 N
LONGITUDE: 86 18 W
[TEMPERATURE DATA] [PRECIPITATION DATA] SYMBOLS USED IN COLUMN 16
AVERAGE MONTHLY: 31.3 TOTAL FOR MONTH: 1.78 1 = FOG OR MIST
DPTR FM NORMAL: 3.2 DPTR FM NORMAL: -0.43 2 = FOG REDUCING VISIBILITY
HIGHEST: 48 ON 21 GRTST 24HR 0.72 ON 1- 1 TO 1/4 MILE OR LESS
LOWEST: 12 ON 23 3 = THUNDER
SNOW, ICE PELLETS, HAIL 4 = ICE PELLETS
TOTAL MONTH: M 5 = HAIL
GRTST 24HR M ON M 6 = FREEZING RAIN OR DRIZZLE
GRTST DEPTH: M ON M 7 = DUSTSTORM OR SANDSTORM:
VSBY 1/2 MILE OR LESS
8 = SMOKE OR HAZE
[NO. OF DAYS WITH] [WEATHER - DAYS WITH] 9 = BLOWING SNOW
X = TORNADO
MAX 32 OR BELOW: 5 0.01 INCH OR MORE: 9
MAX 90 OR ABOVE: 0 0.10 INCH OR MORE: 4
MIN 32 OR BELOW: 28 0.50 INCH OR MORE: 1
MIN 0 OR BELOW: 0 1.00 INCH OR MORE: 0
[HDD (BASE 65) ]
TOTAL THIS MO. 1037 CLEAR (SCALE 0-3) 6
DPTR FM NORMAL -108 PTCLDY (SCALE 4-7) 8
TOTAL FM JUL 1 2847 CLOUDY (SCALE 8-10) 17
DPTR FM NORMAL -353
[CDD (BASE 65) ]
TOTAL THIS MO. 0
DPTR FM NORMAL 0 [PRESSURE DATA]
TOTAL FM JAN 1 0 HIGHEST SLP M ON M
DPTR FM NORMAL 0 LOWEST SLP 29.50 ON 15
[REMARKS]
#FINAL-01-21#