000
CXAK56 PAFG 011016
CF6FAI
PRELIMINARY LOCAL CLIMATOLOGICAL DATA (WS FORM: F-6)
STATION: FAIRBANKS AK
MONTH: DECEMBER
YEAR: 2022
LATITUDE: 64 49 N
LONGITUDE: 147 52 W
TEMPERATURE IN F: :PCPN: SNOW: WIND :SUNSHINE: SKY :PK WND
================================================================================
1 2 3 4 5 6A 6B 7 8 9 10 11 12 13 14 15 16 17 18
12Z AVG MX 2MIN
DY MAX MIN AVG DEP HDD CDD WTR SNW DPTH SPD SPD DIR MIN PSBL S-S WX SPD DR
================================================================================
1 7 -11 -2 -1 67 0 0.05 0.5 10 2.0 9 220 M M 8 1 12 210
2 18 -7 6 8 59 0 0.23 2.6 10 1.2 7 40 M M 9 1 8 40
3 29 18 24 26 41 0 0.12 1.8 12 3.0 8 360 M M 10 16 9 350
4 28 4 16 18 49 0 T T 13 2.6 12 50 M M 6 1 12 50
5 21 0 11 13 54 0 0.11 2.1 13 1.0 8 50 M M 7 1 9 50
6 21 7 14 16 51 0 0.01 0.2 14 0.8 6 180 M M 9 1 7 190
7 22 13 18 20 47 0 0.09 0.6 14 1.3 7 260 M M 10 1 8 260
8 22 14 18 20 47 0 0.16 1.1 14 3.0 10 240 M M 10 1 12 240
9 16 11 14 17 51 0 0.05 0.6 14 6.4 14 260 M M 10 1 17 250
10 12 -11 1 4 64 0 T T 14 2.3 7 50 M M 8 1 10 30
11 14 -12 1 4 64 0 0.04 0.6 14 2.3 9 50 M M 8 1 9 50
12 15 -10 3 6 62 0 0.15 2.2 14 4.8 13 270 M M 9 1 16 260
13 13 -18 -2 2 67 0 T T 16 2.3 10 30 M M 6 11 40
14 15 -12 2 6 63 0 0.01 0.2 16 4.9 14 260 M M 7 1 18 270
15 20 -13 4 8 61 0 0.10 2.7 15 7.2 18 220 M M 8 1 24 230
16 -6 -26 -16 -12 81 0 0.00 0.0 17 2.3 13 30 M M 2 14 30
17 -12 -28 -20 -16 85 0 T T 16 2.8 12 40 M M 3 12 40
18 -20 -33 -26 -21 91 0 T T 16 0.7 5 360 M M 1 8 6 40
19 -29 -37 -33 -28 98 0 0.00 0.0 16 0.3 3 40 M M 1 4 150
20 -32 -39 -35 -30 100 0 0.00 0.0 16 0.9 6 20 M M 3 1 6 40
21 -30 -36 -33 -28 98 0 0.00 0.0 16 1.2 8 30 M M 1 1 9 30
22 -23 -31 -27 -21 92 0 0.00 0.0 16 0.6 6 40 M M 0 6 30
23 -1 -32 -16 -10 81 0 0.00 0.0 16 8.8 21 20 M M 0 9 25 40
24 -7 -33 -20 -14 85 0 T T 16 6.9 17 30 M M 3 20 30
25 -5 -26 -15 -9 80 0 T T 16 7.2 14 10 M M 3 16 10
26 0 -6 -3 4 68 0 0.01 0.2 16 7.2 13 70 M M 8 1 15 60
27 4 -1 2 9 63 0 T T 16 6.9 13 30 M M 10 1 15 20
28 5 0 3 10 62 0 T T 16 0.8 5 190 M M 9 1 6 200
29 4 -10 -3 5 68 0 0.00 0.0 15 0.0 3 50 M M 7 4 190
30 3 -16 -6 2 71 0 0.00 0.0 15 1.5 9 180 M M 5 10 180
31 -2 -17 -9 -1 74 0 T T 15 0.3 6 40 M M 4 6 30
================================================================================
SM 122 -398 2144 0 1.13 15.4 93.5 M 185
================================================================================
AV 3.9-12.8 3.0 FASTST M M 6 MAX(MPH)
MISC ----> 21 20 25 40
================================================================================
NOTES:
# LAST OF SEVERAL OCCURRENCES
COLUMN 17 PEAK WIND IN M.P.H.
PRELIMINARY LOCAL CLIMATOLOGICAL DATA (WS FORM: F-6) , PAGE 2
STATION: FAIRBANKS AK
MONTH: DECEMBER
YEAR: 2022
LATITUDE: 64 49 N
LONGITUDE: 147 52 W
[TEMPERATURE DATA] [PRECIPITATION DATA] SYMBOLS USED IN COLUMN 16
AVERAGE MONTHLY: -4.5 TOTAL FOR MONTH: 1.13 1 = FOG OR MIST
DPTR FM NORMAL: -0.2 DPTR FM NORMAL: 0.56 2 = FOG REDUCING VISIBILITY
HIGHEST: 29 ON 3 GRTST 24HR 0.29 ON 2- 3 TO 1/4 MILE OR LESS
LOWEST: -39 ON 20 3 = THUNDER
SNOW, ICE PELLETS, HAIL 4 = ICE PELLETS
TOTAL MONTH: 17.7 INCHES 5 = HAIL
GRTST 24HR 2.7 ON 15-15 6 = FREEZING RAIN OR DRIZZLE
GRTST DEPTH: 17 ON 16 7 = DUSTSTORM OR SANDSTORM:
VSBY 1/2 MILE OR LESS
8 = SMOKE OR HAZE
[NO. OF DAYS WITH] [WEATHER - DAYS WITH] 9 = BLOWING SNOW
X = TORNADO
MAX 32 OR BELOW: 31 0.01 INCH OR MORE: 13
MAX 90 OR ABOVE: 0 0.10 INCH OR MORE: 6
MIN 32 OR BELOW: 31 0.50 INCH OR MORE: 0
MIN 0 OR BELOW: 25 1.00 INCH OR MORE: 0
[HDD (BASE 65) ]
TOTAL THIS MO. 2144 CLEAR (SCALE 0-3) 9
DPTR FM NORMAL -6 PTCLDY (SCALE 4-7) 12
TOTAL FM JUL 1 5736 CLOUDY (SCALE 8-10) 10
DPTR FM NORMAL -373
[CDD (BASE 65) ]
TOTAL THIS MO. 0
DPTR FM NORMAL 0 [PRESSURE DATA]
TOTAL FM JAN 1 83 HIGHEST SLP M ON M
DPTR FM NORMAL 15 LOWEST SLP 28.79 ON 29
[REMARKS]
#FINAL-12-22#