000
CXUS53 KFGF 010915
CF6FAR
PRELIMINARY LOCAL CLIMATOLOGICAL DATA (WS FORM: F-6)
STATION: FARGO HECTOR INTL AP ND
MONTH: FEBRUARY
YEAR: 2022
LATITUDE: 46 54 N
LONGITUDE: 96 48 W
TEMPERATURE IN F: :PCPN: SNOW: WIND :SUNSHINE: SKY :PK WND
================================================================================
1 2 3 4 5 6A 6B 7 8 9 10 11 12 13 14 15 16 17 18
12Z AVG MX 2MIN
DY MAX MIN AVG DEP HDD CDD WTR SNW DPTH SPD SPD DIR MIN PSBL S-S WX SPD DR
================================================================================
1 26 -4 11 1 54 0 T T 11 23.0 41 290 M M 3 189 55 280
2 -1 -19 -10 -20 75 0 0.00 0.0 11 9.8 16 320 M M 0 22 330
3 -1 -27 -14 -24 79 0 T T 10 10.7 25 150 M M 2 18 34 160
4 0 -9 -4 -14 69 0 T T 10 12.7 23 340 M M 4 8 32 160
5 24 -4 10 0 55 0 T T 10 16.3 33 160 M M 8 8 48 160
6 11 -6 3 -8 62 0 0.01 0.1 10 11.0 22 330 M M 6 8 27 330
7 19 3 11 0 54 0 T T 10 15.1 23 160 M M 4 33 150
8 38 16 27 16 38 0 T T 10 16.4 25 290 M M 4 33 280
9 34 8 21 10 44 0 T T 8 19.1 32 330 M M 9 168 39 340
10 39 6 23 11 42 0 0.14 1.5 8 16.5 28 210 M M 7 18 39 180
11 36 -12 12 0 53 0 0.03 0.3 7 29.4 46 340 M M 8 1289 60 320
12 4 -16 -6 -18 71 0 T T 7 9.6 26 350 M M 7 189 35 340
13 17 -15 1 -11 64 0 0.02 0.3 7 12.9 25 160 M M 5 18 36 150
14 11 -8 2 -11 63 0 0.00 0.0 7 9.5 26 340 M M 2 189 31 340
15 24 -1 12 -1 53 0 T T 7 12.1 24 120 M M 6 18 32 120
16 20 -3 9 -5 56 0 T T 7 13.8 25 320 M M 5 89 31 320
17 4 -12 -4 -18 69 0 T T 7 9.5 22 150 M M 4 29 150
18 25 0 13 -1 52 0 0.02 0.3 7 24.6 45 320 M M 8 89 64 310
19 32 -8 12 -3 53 0 0.00 0.0 6 16.5 38 170 M M 4 47 190
20 36 -2 17 2 48 0 T T 6 22.6 38 340 M M 8 189 48 340
21 -1 -7 -4 -20 69 0 0.29 4.4 7 23.4 32 10 M M 10 8 46 10
22 -4 -11 -7 -23 72 0 0.01 0.1 10 24.6 35 340 M M 9 1 45 350
23 1 -17 -8 -24 73 0 0.00 0.0 9 6.0 17 350 M M 0 8 21 340
24 6 -17 -5 -22 70 0 0.00 0.0 9 3.2 9 360 M M 0 10 10
25 9 -15 -3 -20 68 0 0.00 0.0 9 9.6 23 190 M M 0 18 27 190
26 29 -1 14 -4 51 0 0.00 0.0 9 11.7 22 250 M M 0 27 250
27 29 5 17 -1 48 0 0.00 0.0 9 5.4 12 160 M M 1 M M
28 35 8 22 3 43 0 0.00 0.0 9 9.7 18 340 M M 3 18 22 340
================================================================================
SM 502 -168 1648 0 0.52 7.0 404.7 M 127
================================================================================
AV 17.9 -6.0 14.5 FASTST M M 5 MAX(MPH)
MISC ----> 46 340 64 310
================================================================================
NOTES:
# LAST OF SEVERAL OCCURRENCES
COLUMN 17 PEAK WIND IN M.P.H.
PRELIMINARY LOCAL CLIMATOLOGICAL DATA (WS FORM: F-6) , PAGE 2
STATION: FARGO HECTOR INTL AP ND
MONTH: FEBRUARY
YEAR: 2022
LATITUDE: 46 54 N
LONGITUDE: 96 48 W
[TEMPERATURE DATA] [PRECIPITATION DATA] SYMBOLS USED IN COLUMN 16
AVERAGE MONTHLY: 6.0 TOTAL FOR MONTH: 0.52 1 = FOG OR MIST
DPTR FM NORMAL: -7.4 DPTR FM NORMAL: -0.17 2 = FOG REDUCING VISIBILITY
HIGHEST: 39 ON 10 GRTST 24HR 0.29 ON 21-21 TO 1/4 MILE OR LESS
LOWEST: -27 ON 3 3 = THUNDER
SNOW, ICE PELLETS, HAIL 4 = ICE PELLETS
TOTAL MONTH: 7.2 INCHES 5 = HAIL
GRTST 24HR 4.4 ON 21-21 6 = FREEZING RAIN OR DRIZZLE
GRTST DEPTH: 11 ON 2, 1 7 = DUSTSTORM OR SANDSTORM:
VSBY 1/2 MILE OR LESS
8 = SMOKE OR HAZE
[NO. OF DAYS WITH] [WEATHER - DAYS WITH] 9 = BLOWING SNOW
X = TORNADO
MAX 32 OR BELOW: 22 0.01 INCH OR MORE: 7
MAX 90 OR ABOVE: 0 0.10 INCH OR MORE: 2
MIN 32 OR BELOW: 28 0.50 INCH OR MORE: 0
MIN 0 OR BELOW: 22 1.00 INCH OR MORE: 0
[HDD (BASE 65) ]
TOTAL THIS MO. 1648 CLEAR (SCALE 0-3) 8
DPTR FM NORMAL 203 PTCLDY (SCALE 4-7) 16
TOTAL FM JUL 1 6572 CLOUDY (SCALE 8-10) 4
DPTR FM NORMAL -50
[CDD (BASE 65) ]
TOTAL THIS MO. 0
DPTR FM NORMAL 0 [PRESSURE DATA]
TOTAL FM JAN 1 0 HIGHEST SLP 30.83 ON 23
DPTR FM NORMAL 0 LOWEST SLP 29.24 ON 10
[REMARKS]
#FINAL-02-22#