000
CXUS56 KHNX 050819
CLMFAT
CLIMATE REPORT
NATIONAL WEATHER SERVICE
1219 AM PST MON FEB 05 2024
...................................
...THE FRESNO CA CLIMATE SUMMARY FOR THE MONTH OF DECEMBER 2023...
CLIMATE NORMAL PERIOD 1991 TO 2020
CLIMATE RECORD PERIOD 1887 TO 2024
WEATHER OBSERVED NORMAL DEPART LAST YEAR`S
VALUE DATE(S) VALUE FROM VALUE DATE(S)
NORMAL
................................................................
TEMPERATURE (F)
RECORD
HIGH 77 12/06/2023
12/08/2006
LOW 18 12/23/1990
12/12/1932
HIGHEST 77R 12/06 MM 63 12/04
LOWEST 35 12/09 MM 32 12/17
MEAN 53.2 47.5 5.7 47.3
DAYS MAX >= 90 0 0.0 0.0 0
DAYS MIN <= 32 0 4.9 -4.9 1
PRECIPITATION (INCHES)
RECORD
MAXIMUM 6.73 1955
MINIMUM 0.00 2011
1989
TOTALS 0.68 1.79 -1.11
DAYS >= .01 4 7.3 -3.3 11
DAYS >= .10 2 4.3 -2.3 8
DAYS >= .50 0 1.0 -1.0 4
DAYS >= 1.00 0 0.2 -0.2 1
SNOWFALL (INCHES)
RECORDS
TOTAL 1.5 1911
TOTALS 0.0 0.0
DEGREE DAYS
HEATING TOTAL 359 541 -182 542
SINCE 7/1 605 894 -289 MM
COOLING TOTAL 0 0 0 0
SINCE 1/1 2413 2208 205 MM
................................................................
WIND (MPH)
AVERAGE WIND SPEED 3.3
HIGHEST WIND SPEED/DIRECTION 22/310 DATE 12/06
HIGHEST GUST SPEED/DIRECTION 27/320 DATE 12/06
AVERAGE RH (PERCENT) 67
WEATHER CONDITIONS. NUMBER OF DAYS WITH
THUNDERSTORM 0 RAIN 1
HAIL 0 FOG 18
FOG W/VIS <= 1/4 MILE 0 HAZE 22
- INDICATES NEGATIVE NUMBERS.
R INDICATES RECORD WAS SET OR TIED.
MM INDICATES DATA IS MISSING.
T INDICATES TRACE AMOUNT.
$$