000
CXUS52 KRAH 012034
CF6FAY
PRELIMINARY LOCAL CLIMATOLOGICAL DATA (WS FORM: F-6)
STATION: FAYETTEVILLE NC
MONTH: NOVEMBER
YEAR: 2022
LATITUDE: 35 0 N
LONGITUDE: 78 53 W
TEMPERATURE IN F: :PCPN: SNOW: WIND :SUNSHINE: SKY :PK WND
================================================================================
1 2 3 4 5 6A 6B 7 8 9 10 11 12 13 14 15 16 17 18
12Z AVG MX 2MIN
DY MAX MIN AVG DEP HDD CDD WTR SNW DPTH SPD SPD DIR MIN PSBL S-S WX SPD DR
================================================================================
1 79 59 69 11 0 4 0.01 M M 5.3 12 290 M M 5 1 15 350
2 76 57 67 9 0 2 0.00 M M 7.4 13 20 M M 0 1 20 30
3 74 55 65 8 0 0 0.00 M M 7.2 15 30 M M 0 18 22 20
4 80 55 68 11 0 3 0.01 M M 6.1 12 30 M M 3 1 14 20
5 83 62 73 16 0 8 0.01 M M 7.4 18 170 M M 6 12 23 170
6 85 63 74 18 0 9 0.00 M M 5.8 17 160 M M 2 1 20 160
7 86 61 74 18 0 9 0.00 M M 3.0 12 30 M M 3 1 13 360
8 70 50 60 4 5 0 0.00 M M 13.5 25 20 M M 0 34 30
9 69 50 60 5 5 0 0.00 M M 15.7 25 30 M M 6 34 30
10 70 55 63 8 2 0 0.18 M M 10.7 20 30 M M 10 1 24 20
11 84 69 77 22 0 12 0.76 M M 14.9 29 180 M M 9 13 38 160
12 76 65 71 17 0 6 T M M 9.2 18 230 M M 7 24 230
13 66 40 53 -1 12 0 0.00 M M 11.2 20 350 M M 3 25 340
14 55 34 45 -9 20 0 0.00 M M 7.9 17 30 M M 0 22 30
15 59 43 51 -3 14 0 0.18 M M 6.8 18 310 M M 10 1 25 320
16 61 45 53 0 12 0 0.00 M M 5.5 18 360 M M 5 24 350
17 53 34 44 -9 21 0 0.00 M M 6.7 15 330 M M 2 22 340
18 53 28 41 -12 24 0 0.00 M M 3.3 12 240 M M 0 14 240
19 60 30 45 -7 20 0 0.00 M M 4.5 12 230 M M 0 16 240
20 51 32 42 -10 23 0 0.00 M M 5.3 14 350 M M 0 18 330
21 57 26 42 -10 23 0 0.00 M M 3.3 9 50 M M 1 1 13 90
22 61 38 50 -2 15 0 0.00 M M 2.3 7 20 M M 1 18 11 30
23 70 43 57 5 8 0 0.00 M M 4.4 12 20 M M 2 16 30
24 66 39 53 2 12 0 T M M 6.5 12 60 M M 5 14 10
25 66 53 60 9 5 0 0.21 M M 5.6 21 260 M M 6 1 25 260
26 64 39 52 1 13 0 0.00 M M 4.3 13 20 M M 0 17 30
27 76 45 61 11 4 0 0.07 M M 11.3 30 210 M M 6 1 39 210
28 69 48 59 9 6 0 0.00 M M 7.2 18 240 M M 1 8 25 240
29 68 40 54 4 11 0 0.00 M M 5.0 12 130 M M 1 15 120
30 68 49 59 9 6 0 0.44 M M 8.2 26 170 M M 5 1 35 170
================================================================================
SM 2055 1407 261 53 1.87 M 215.5 M 99
================================================================================
AV 68.5 46.9 7.2 FASTST M M 3 MAX(MPH)
MISC ----> 30 210 39 210
================================================================================
NOTES:
# LAST OF SEVERAL OCCURRENCES
COLUMN 17 PEAK WIND IN M.P.H.
PRELIMINARY LOCAL CLIMATOLOGICAL DATA (WS FORM: F-6) , PAGE 2
STATION: FAYETTEVILLE NC
MONTH: NOVEMBER
YEAR: 2022
LATITUDE: 35 0 N
LONGITUDE: 78 53 W
[TEMPERATURE DATA] [PRECIPITATION DATA] SYMBOLS USED IN COLUMN 16
AVERAGE MONTHLY: 57.7 TOTAL FOR MONTH: 1.87 1 = FOG OR MIST
DPTR FM NORMAL: 4.1 DPTR FM NORMAL: -1.17 2 = FOG REDUCING VISIBILITY
HIGHEST: 86 ON 7 GRTST 24HR 0.77 ON 10-11 TO 1/4 MILE OR LESS
LOWEST: 26 ON 21 3 = THUNDER
SNOW, ICE PELLETS, HAIL 4 = ICE PELLETS
TOTAL MONTH: M 5 = HAIL
GRTST 24HR M ON M 6 = FREEZING RAIN OR DRIZZLE
GRTST DEPTH: M ON M 7 = DUSTSTORM OR SANDSTORM:
VSBY 1/2 MILE OR LESS
8 = SMOKE OR HAZE
[NO. OF DAYS WITH] [WEATHER - DAYS WITH] 9 = BLOWING SNOW
X = TORNADO
MAX 32 OR BELOW: 0 0.01 INCH OR MORE: 9
MAX 90 OR ABOVE: 0 0.10 INCH OR MORE: 5
MIN 32 OR BELOW: 4 0.50 INCH OR MORE: 1
MIN 0 OR BELOW: 0 1.00 INCH OR MORE: 0
[HDD (BASE 65) ]
TOTAL THIS MO. 261 CLEAR (SCALE 0-3) 18
DPTR FM NORMAL -92 PTCLDY (SCALE 4-7) 9
TOTAL FM JUL 1 377 CLOUDY (SCALE 8-10) 3
DPTR FM NORMAL -96
[CDD (BASE 65) ]
TOTAL THIS MO. 53
DPTR FM NORMAL 42 [PRESSURE DATA]
TOTAL FM JAN 1 2326 HIGHEST SLP 30.50 ON 21
DPTR FM NORMAL 278 LOWEST SLP 29.59 ON 27
[REMARKS]
#FINAL-11-22#