000
CXUS52 KFFC 011010
CF6FFC
PRELIMINARY LOCAL CLIMATOLOGICAL DATA (WS FORM: F-6)
STATION: PEACHTREE CITY
MONTH: OCTOBER
YEAR: 2023
LATITUDE: 33 20 N
LONGITUDE: 84 34 W
TEMPERATURE IN F: :PCPN: SNOW: WIND :SUNSHINE: SKY :PK WND
================================================================================
1 2 3 4 5 6A 6B 7 8 9 10 11 12 13 14 15 16 17 18
12Z AVG MX 2MIN
DY MAX MIN AVG DEP HDD CDD WTR SNW DPTH SPD SPD DIR MIN PSBL S-S WX SPD DR
================================================================================
1 83 59 71 2 0 6 0.00 M M 3.1 13 90 M M 2 20 340
2 83 55 69 0 0 4 0.00 M M 2.7 13 60 M M 0 21 90
3 85 54 70 1 0 5 0.00 M M 2.6 12 120 M M 0 19 120
4 84 54 69 1 0 4 0.00 M M 3.0 15 130 M M 0 21 130
5 82 55 69 1 0 4 0.00 M M 2.5 13 120 M M 0 1 18 90
6 83 63 73 5 0 8 0.09 M M 3.5 13 350 M M 7 1 17 360
7 71 52 62 -5 3 0 0.00 M M 10.8 21 310 M M 1 30 300
8 68 39 54 -13 11 0 0.00 M M 5.0 17 320 M M 0 23 310
9 74 39 57 -9 8 0 0.00 M M 1.7 12 270 M M 0 20 250
10 80 45 63 -3 2 0 0.00 M M 3.0 15 250 M M 0 22 250
11 73 57 65 -1 0 0 1.48 M M 2.2 14 90 M M 4 18 22 120
12 66 59 63 -2 2 0 0.78 M M 7.3 15 90 M M 10 1 23 80
13 64 60 62 -3 3 0 0.18 M M 4.4 10 80 M M 10 1 17 90
14 75 58 67 3 0 2 0.00 M M 6.7 20 280 M M 6 1 31 300
15 62 50 56 -8 9 0 0.00 M M 9.5 17 320 M M 7 26 320
16 60 45 53 -11 12 0 0.00 M M 10.3 20 320 M M 4 28 310
17 66 43 55 -8 10 0 0.00 M M 4.1 9 310 M M 0 14 300
18 71 40 56 -7 9 0 0.00 M M 1.1 9 120 M M 1 12 12 140
19 72 43 58 -4 7 0 0.04 M M 0.9 12 140 M M 4 1 19 140
20 76 50 63 1 2 0 0.04 M M 5.9 20 310 M M 5 13 29 300
21 74 44 59 -3 6 0 0.00 M M 3.1 13 290 M M 0 1 20 290
22 77 48 63 2 2 0 0.00 M M 3.7 14 310 M M 0 19 300
23 73 41 57 -4 8 0 0.00 M M 2.4 12 130 M M 0 17 130
24 73 42 58 -2 7 0 0.00 M M 2.9 14 90 M M 0 1 19 120
25 76 45 61 1 4 0 0.00 M M 3.0 14 130 M M 4 1 19 120
26 79 52 66 6 0 1 0.00 M M 2.5 14 140 M M 3 1 19 130
27 78 51 65 6 0 0 0.00 M M 0.7 9 130 M M 2 1 12 140
28 81 50 66 7 0 1 0.00 M M 0.9 9 130 M M 0 13 110
29 82 52 67 9 0 2 0.00 M M 1.1 10 290 M M 2 1 17 200
30 83 51 67 9 0 2 0.00 M M 6.4 21 320 M M 2 1 28 330
31 63 44 54 -4 11 0 0.00 M M 12.2 21 320 M M 2 29 310
================================================================================
SM 2317 1540 116 39 2.61 M 129.2 M 76
================================================================================
AV 74.7 49.7 4.2 FASTST M M 2 MAX(MPH)
MISC ----> # 21 310 31 300
================================================================================
NOTES:
# LAST OF SEVERAL OCCURRENCES
COLUMN 17 PEAK WIND IN M.P.H.
PRELIMINARY LOCAL CLIMATOLOGICAL DATA (WS FORM: F-6) , PAGE 2
STATION: PEACHTREE CITY
MONTH: OCTOBER
YEAR: 2023
LATITUDE: 33 20 N
LONGITUDE: 84 34 W
[TEMPERATURE DATA] [PRECIPITATION DATA] SYMBOLS USED IN COLUMN 16
AVERAGE MONTHLY: 62.2 TOTAL FOR MONTH: 2.61 1 = FOG OR MIST
DPTR FM NORMAL: -1.4 DPTR FM NORMAL: -0.76 2 = FOG REDUCING VISIBILITY
HIGHEST: 85 ON 3 GRTST 24HR 2.26 ON 11-12 TO 1/4 MILE OR LESS
LOWEST: 39 ON 9, 8 3 = THUNDER
SNOW, ICE PELLETS, HAIL 4 = ICE PELLETS
TOTAL MONTH: M 5 = HAIL
GRTST 24HR M ON M 6 = FREEZING RAIN OR DRIZZLE
GRTST DEPTH: M ON M 7 = DUSTSTORM OR SANDSTORM:
VSBY 1/2 MILE OR LESS
8 = SMOKE OR HAZE
[NO. OF DAYS WITH] [WEATHER - DAYS WITH] 9 = BLOWING SNOW
X = TORNADO
MAX 32 OR BELOW: 0 0.01 INCH OR MORE: 6
MAX 90 OR ABOVE: 0 0.10 INCH OR MORE: 3
MIN 32 OR BELOW: 0 0.50 INCH OR MORE: 2
MIN 0 OR BELOW: 0 1.00 INCH OR MORE: 1
[HDD (BASE 65) ]
TOTAL THIS MO. 116 CLEAR (SCALE 0-3) 21
DPTR FM NORMAL 0 PTCLDY (SCALE 4-7) 8
TOTAL FM JUL 1 116 CLOUDY (SCALE 8-10) 2
DPTR FM NORMAL -8
[CDD (BASE 65) ]
TOTAL THIS MO. 39
DPTR FM NORMAL -34 [PRESSURE DATA]
TOTAL FM JAN 1 1712 HIGHEST SLP 30.38 ON 25
DPTR FM NORMAL -225 LOWEST SLP 29.68 ON 20
[REMARKS]
#FINAL-10-23#