000
CXUS53 KFGF 010838
CF6FGF
PRELIMINARY LOCAL CLIMATOLOGICAL DATA (WS FORM: F-6)
STATION: GRAND FORKS UNIV. (NWS) ND
MONTH: AUGUST
YEAR: 2021
LATITUDE: 47 55 N
LONGITUDE: 97 6 W
TEMPERATURE IN F: :PCPN: SNOW: WIND :SUNSHINE: SKY :PK WND
================================================================================
1 2 3 4 5 6A 6B 7 8 9 10 11 12 13 14 15 16 17 18
12Z AVG MX 2MIN
DY MAX MIN AVG DEP HDD CDD WTR SNW DPTH SPD SPD DIR MIN PSBL S-S WX SPD DR
================================================================================
1 81 54 68 -2 0 3 0.00 0.0 0 M M M M M M M M
2 90 55 73 3 0 8 0.00 0.0 0 M M M M M M M M
3 92 61 77 7 0 12 0.00 0.0 0 M M M M M M M M
4 82 67 75 5 0 10 0.01 0.0 0 M M M M M M M M
5 74 56 65 -5 0 0 0.00 0.0 0 M M M M M M 8 M M
6 78 52 65 -5 0 0 0.00 0.0 0 M M M M M M 128 M M
7 87 58 73 3 0 8 0.00 0.0 0 M M M M M M 8 M M
8 87 63 75 5 0 10 0.00 0.0 0 M M M M M M M M
9 88 65 77 7 0 12 1.60 0.0 0 M M M M M M M M
10 86 63 75 5 0 10 0.01 0.0 0 M M M M M M M M
11 83 57 70 0 0 5 0.05 0.0 0 M M M M M M M M
12 75 53 64 -5 1 0 0.00 0.0 0 M M M M M M M M
13 78 47 63 -6 2 0 0.00 0.0 0 M M M M M M M M
14 93 55 74 5 0 9 0.00 0.0 0 M M M M M M M M
15 93 68 81 12 0 16 0.00 0.0 0 M M M M M M M M
16 91 69 80 11 0 15 0.00 0.0 0 M M M M M M M M
17 91 71 81 12 0 16 0.00 0.0 0 M M M M M M M M
18 95 72 84 16 0 19 0.00 0.0 0 M M M M M M M M
19 90 68 79 11 0 14 0.00 0.0 0 M M M M M M M M
20 80 59 70 2 0 5 1.04 0.0 0 M M M M M M M M
21 75 55 65 -3 0 0 0.00 0.0 0 M M M M M M M M
22 75 55 65 -3 0 0 0.22 0.0 0 M M M M M M M M
23 77 56 67 0 0 2 0.00 0.0 0 M M M M M M M M
24 83 58 71 4 0 6 0.00 0.0 0 M M M M M M M M
25 72 51 62 -5 3 0 T 0.0 0 M M M M M M M M
26 71 53 62 -4 3 0 0.03 0.0 0 M M M M M M M M
27 67 57 62 -4 3 0 0.89 0.0 0 M M M M M M M M
28 76 64 70 4 0 5 0.37 0.0 0 M M M M M M 123 M M
29 78 57 68 3 0 3 0.15 0.0 0 M M M M M M M M
30 78 52 65 0 0 0 0.00 0.0 0 M M M M M M M M
31 81 57 69 4 0 4 0.00 0.0 0 M M M M M M M M
================================================================================
SM 2547 1828 12 192 4.37 0.0 M M M
================================================================================
AV 82.2 59.0 M FASTST M M M MAX(MPH)
MISC ----> M M M M
================================================================================
NOTES:
# LAST OF SEVERAL OCCURRENCES
COLUMN 17 PEAK WIND IN M.P.H.
PRELIMINARY LOCAL CLIMATOLOGICAL DATA (WS FORM: F-6) , PAGE 2
STATION: GRAND FORKS UNIV. (NWS) ND
MONTH: AUGUST
YEAR: 2021
LATITUDE: 47 55 N
LONGITUDE: 97 6 W
[TEMPERATURE DATA] [PRECIPITATION DATA] SYMBOLS USED IN COLUMN 16
AVERAGE MONTHLY: 70.6 TOTAL FOR MONTH: 4.37 1 = FOG OR MIST
DPTR FM NORMAL: 2.3 DPTR FM NORMAL: 1.23 2 = FOG REDUCING VISIBILITY
HIGHEST: 95 ON 18 GRTST 24HR 1.60 ON 9- 9 TO 1/4 MILE OR LESS
LOWEST: 47 ON 13 3 = THUNDER
SNOW, ICE PELLETS, HAIL 4 = ICE PELLETS
TOTAL MONTH: 0.0 INCH 5 = HAIL
GRTST 24HR 0.0 6 = FREEZING RAIN OR DRIZZLE
GRTST DEPTH: 0 7 = DUSTSTORM OR SANDSTORM:
VSBY 1/2 MILE OR LESS
8 = SMOKE OR HAZE
[NO. OF DAYS WITH] [WEATHER - DAYS WITH] 9 = BLOWING SNOW
X = TORNADO
MAX 32 OR BELOW: 0 0.01 INCH OR MORE: 10
MAX 90 OR ABOVE: 8 0.10 INCH OR MORE: 6
MIN 32 OR BELOW: 0 0.50 INCH OR MORE: 3
MIN 0 OR BELOW: 0 1.00 INCH OR MORE: 2
[HDD (BASE 65) ]
TOTAL THIS MO. 12 CLEAR (SCALE 0-3) 0
DPTR FM NORMAL -29 PTCLDY (SCALE 4-7) 0
TOTAL FM JUL 1 15 CLOUDY (SCALE 8-10) 31
DPTR FM NORMAL -52
[CDD (BASE 65) ]
TOTAL THIS MO. 192
DPTR FM NORMAL 48 [PRESSURE DATA]
TOTAL FM JAN 1 734 HIGHEST SLP M ON M
DPTR FM NORMAL 302 LOWEST SLP M ON M
[REMARKS]
#FINAL-08-21#