000
CXUS56 KFGZ 010910
CF6FLG
PRELIMINARY LOCAL CLIMATOLOGICAL DATA (WS FORM: F-6)
STATION: FLAGSTAFF AZ AIRPORT
MONTH: AUGUST
YEAR: 2022
LATITUDE: 35 7 N
LONGITUDE: 111 40 W
TEMPERATURE IN F: :PCPN: SNOW: WIND :SUNSHINE: SKY :PK WND
================================================================================
1 2 3 4 5 6A 6B 7 8 9 10 11 12 13 14 15 16 17 18
12Z AVG MX 2MIN
DY MAX MIN AVG DEP HDD CDD WTR SNW DPTH SPD SPD DIR MIN PSBL S-S WX SPD DR
================================================================================
1 81 51 66 -1 0 1 0.00 0.0 0 2.7 12 40 M M 3 3 15 230
2 82 55 69 2 0 4 0.00 0.0 0 3.8 18 220 M M 1 22 220
3 81 56 69 3 0 4 0.00 M M 4.0 16 210 M M 1 38 21 230
4 77 56 67 1 0 2 0.00 0.0 0 7.4 22 210 M M 5 3 28 210
5 78 51 65 -1 0 0 0.00 0.0 0 5.6 18 220 M M 1 23 210
6 83 52 68 2 0 3 0.00 0.0 0 3.2 15 230 M M 1 23 240
7 78 54 66 0 0 1 0.01 0.0 0 3.8 16 20 M M 3 3 20 220
8 83 55 69 3 0 4 T 0.0 0 3.2 23 230 M M 5 3 27 230
9 80 59 70 4 0 5 0.01 0.0 0 4.5 22 210 M M 4 3 27 200
10 79 56 68 2 0 3 0.27 0.0 0 2.3 14 90 M M 5 13 19 60
11 76 54 65 -1 0 0 0.00 0.0 0 3.7 15 230 M M 2 3 20 230
12 75 53 64 -2 1 0 0.09 0.0 0 2.3 16 80 M M 5 13 20 70
13 78 55 67 2 0 2 0.24 M M 2.5 12 340 M M 6 38 18 280
14 74 57 66 1 0 1 1.56 M M 3.6 18 230 M M 7 13 24 110
15 74 57 66 1 0 1 0.09 0.0 0 2.1 12 100 M M 8 13 16 110
16 80 51 66 1 0 1 T M M 2.8 12 240 M M 4 16 230
17 78 57 68 3 0 3 0.52 M M 3.0 24 210 M M 4 138 32 220
18 78 53 66 1 0 1 0.51 0.0 0 3.2 22 220 M M 3 13 28 220
19 73 56 65 0 0 0 0.52 0.0 0 2.4 24 230 M M 5 1238 32 230
20 77 53 65 0 0 0 0.00 0.0 0 5.2 15 90 M M 4 123 21 80
21 79 52 66 2 0 1 0.20 0.0 0 3.3 15 50 M M 3 38 20 60
22 80 50 65 1 0 0 0.00 0.0 M 1.7 14 220 M M 2 1 18 220
23 83 49 66 2 0 1 0.00 0.0 M 3.8 16 50 M M 1 22 60
24 77 53 65 1 0 0 0.33 0.0 0 3.3 14 320 M M 4 13 20 330
25 73 56 65 1 0 0 0.87 0.0 0 1.8 21 250 M M 6 138 27 260
26 76 52 64 0 1 0 0.09 0.0 0 2.8 17 220 M M 3 138 23 220
27 77 51 64 0 1 0 0.14 0.0 0 4.5 17 200 M M 2 13 22 210
28 78 51 65 2 0 0 0.01 0.0 0 3.2 17 30 M M 3 3 21 30
29 84 50 67 4 0 2 0.00 0.0 0 2.7 13 100 M M 0 17 80
30 84 48 66 3 0 1 0.00 0.0 0 3.2 14 60 M M 0 21 80
31 84 50 67 4 0 2 0.00 0.0 0 3.5 15 80 M M 0 22 70
================================================================================
SM 2440 1653 3 43 5.46 0.0 105.1 M 101
================================================================================
AV 78.7 53.3 3.4 FASTST M M 3 MAX(MPH)
MISC ----> # 24 210 # 32 220
================================================================================
NOTES:
# LAST OF SEVERAL OCCURRENCES
COLUMN 17 PEAK WIND IN M.P.H.
PRELIMINARY LOCAL CLIMATOLOGICAL DATA (WS FORM: F-6) , PAGE 2
STATION: FLAGSTAFF AZ AIRPORT
MONTH: AUGUST
YEAR: 2022
LATITUDE: 35 7 N
LONGITUDE: 111 40 W
[TEMPERATURE DATA] [PRECIPITATION DATA] SYMBOLS USED IN COLUMN 16
AVERAGE MONTHLY: 66.0 TOTAL FOR MONTH: 5.46 1 = FOG OR MIST
DPTR FM NORMAL: 1.1 DPTR FM NORMAL: 2.42 2 = FOG REDUCING VISIBILITY
HIGHEST: 84 ON 31,30 GRTST 24HR 1.56 ON 14-14 TO 1/4 MILE OR LESS
LOWEST: 48 ON 30 3 = THUNDER
SNOW, ICE PELLETS, HAIL 4 = ICE PELLETS
TOTAL MONTH: 0.0 INCH 5 = HAIL
GRTST 24HR 0.0 6 = FREEZING RAIN OR DRIZZLE
GRTST DEPTH: 0 7 = DUSTSTORM OR SANDSTORM:
VSBY 1/2 MILE OR LESS
8 = SMOKE OR HAZE
[NO. OF DAYS WITH] [WEATHER - DAYS WITH] 9 = BLOWING SNOW
X = TORNADO
MAX 32 OR BELOW: 0 0.01 INCH OR MORE: 16
MAX 90 OR ABOVE: 0 0.10 INCH OR MORE: 10
MIN 32 OR BELOW: 0 0.50 INCH OR MORE: 5
MIN 0 OR BELOW: 0 1.00 INCH OR MORE: 1
[HDD (BASE 65) ]
TOTAL THIS MO. 3 CLEAR (SCALE 0-3) 12
DPTR FM NORMAL -41 PTCLDY (SCALE 4-7) 18
TOTAL FM JUL 1 21 CLOUDY (SCALE 8-10) 1
DPTR FM NORMAL -48
[CDD (BASE 65) ]
TOTAL THIS MO. 43
DPTR FM NORMAL 0 [PRESSURE DATA]
TOTAL FM JAN 1 184 HIGHEST SLP M ON M
DPTR FM NORMAL 42 LOWEST SLP 29.85 ON 27
[REMARKS]
#FINAL-08-22#