000
CXUS52 KMFL 011030
CF6FLL
PRELIMINARY LOCAL CLIMATOLOGICAL DATA (WS FORM: F-6)
STATION: FORT LAUDERDALE
MONTH: MARCH
YEAR: 2023
LATITUDE: 26 4 N
LONGITUDE: 80 9 W
TEMPERATURE IN F: :PCPN: SNOW: WIND :SUNSHINE: SKY :PK WND
================================================================================
1 2 3 4 5 6A 6B 7 8 9 10 11 12 13 14 15 16 17 18
12Z AVG MX 2MIN
DY MAX MIN AVG DEP HDD CDD WTR SNW DPTH SPD SPD DIR MIN PSBL S-S WX SPD DR
================================================================================
1 82 65 74 2 0 9 0.00 0.0 0 5.2 15 160 M M 1 20 130
2 83 69 76 4 0 11 0.00 M M 9.1 22 140 M M 3 25 130
3 86 74 80 8 0 15 0.00 0.0 0 11.7 26 180 M M 5 33 170
4 88 74 81 9 0 16 0.00 0.0 0 8.5 17 240 M M 4 25 230
5 87 67 77 5 0 12 0.00 0.0 0 4.5 13 110 M M 1 19 140
6 88 72 80 8 0 15 0.00 0.0 0 5.9 14 130 M M 4 17 120
7 87 71 79 7 0 14 0.00 0.0 0 6.1 13 100 M M 4 16 80
8 87 71 79 7 0 14 0.00 0.0 0 9.8 21 50 M M 4 26 70
9 80 71 76 4 0 11 0.00 0.0 0 11.4 18 70 M M 4 24 80
10 81 68 75 3 0 10 0.00 0.0 0 9.9 21 140 M M 2 25 140
11 87 68 78 6 0 13 0.00 0.0 0 8.4 14 290 M M 5 22 280
12 86 69 78 6 0 13 0.00 0.0 0 7.3 16 250 M M 3 20 150
13 89 71 80 8 0 15 0.00 0.0 0 10.8 25 260 M M 4 34 260
14 81 69 75 3 0 10 0.00 0.0 0 7.5 16 50 M M 7 M M
15 76 64 70 -2 0 5 T 0.0 0 9.2 18 40 M M 7 25 50
16 77 61 69 -3 0 4 0.00 0.0 0 11.5 20 100 M M 6 26 70
17 80 69 75 2 0 10 0.00 0.0 0 13.4 22 130 M M 4 28 130
18 86 69 78 5 0 13 0.00 0.0 0 8.8 21 160 M M 4 26 170
19 80 62 71 -2 0 6 0.07 0.0 0 8.3 17 350 M M 7 21 340
20 77 58 68 -5 0 3 0.15 0.0 0 11.2 17 340 M M 9 24 330
21 78 60 69 -4 0 4 0.00 0.0 0 10.0 17 50 M M 4 23 60
22 81 69 75 2 0 10 0.00 0.0 M 12.7 20 120 M M 5 26 120
23 82 71 77 4 0 12 0.00 0.0 0 13.1 18 110 M M 5 24 90
24 82 73 78 5 0 13 T 0.0 0 12.1 20 140 M M 4 24 130
25 85 75 80 6 0 15 0.00 0.0 0 11.0 21 140 M M 4 27 140
26 86 75 81 7 0 16 0.00 0.0 0 11.4 20 130 M M 4 26 140
27 86 75 81 7 0 16 T 0.0 0 10.3 23 130 M M 4 28 140
28 87 72 80 6 0 15 0.65 0.0 0 6.2 20 210 M M 8 13 26 210
29 85 71 78 4 0 13 0.30 0.0 0 5.3 16 80 M M 6 13 20 80
30 82 72 77 3 0 12 0.02 0.0 0 11.3 22 90 M M 7 28 90
31 83 73 78 4 0 13 0.00 0.0 0 17.1 23 110 M M 5 30 120
================================================================================
SM 2585 2148 0 358 1.19 0.0 299.0 M 144
================================================================================
AV 83.4 69.3 9.6 FASTST M M 5 MAX(MPH)
MISC ----> 26 180 34 260
================================================================================
NOTES:
# LAST OF SEVERAL OCCURRENCES
COLUMN 17 PEAK WIND IN M.P.H.
PRELIMINARY LOCAL CLIMATOLOGICAL DATA (WS FORM: F-6) , PAGE 2
STATION: FORT LAUDERDALE
MONTH: MARCH
YEAR: 2023
LATITUDE: 26 4 N
LONGITUDE: 80 9 W
[TEMPERATURE DATA] [PRECIPITATION DATA] SYMBOLS USED IN COLUMN 16
AVERAGE MONTHLY: 76.3 TOTAL FOR MONTH: 1.19 1 = FOG OR MIST
DPTR FM NORMAL: 3.7 DPTR FM NORMAL: -1.19 2 = FOG REDUCING VISIBILITY
HIGHEST: 89 ON 13 GRTST 24HR 0.88 ON 28-29 TO 1/4 MILE OR LESS
LOWEST: 58 ON 20 3 = THUNDER
SNOW, ICE PELLETS, HAIL 4 = ICE PELLETS
TOTAL MONTH: 0.0 INCH 5 = HAIL
GRTST 24HR 0.0 6 = FREEZING RAIN OR DRIZZLE
GRTST DEPTH: 0 7 = DUSTSTORM OR SANDSTORM:
VSBY 1/2 MILE OR LESS
8 = SMOKE OR HAZE
[NO. OF DAYS WITH] [WEATHER - DAYS WITH] 9 = BLOWING SNOW
X = TORNADO
MAX 32 OR BELOW: 0 0.01 INCH OR MORE: 5
MAX 90 OR ABOVE: 0 0.10 INCH OR MORE: 3
MIN 32 OR BELOW: 0 0.50 INCH OR MORE: 1
MIN 0 OR BELOW: 0 1.00 INCH OR MORE: 0
[HDD (BASE 65) ]
TOTAL THIS MO. 0 CLEAR (SCALE 0-3) 5
DPTR FM NORMAL -11 PTCLDY (SCALE 4-7) 25
TOTAL FM JUL 1 72 CLOUDY (SCALE 8-10) 1
DPTR FM NORMAL -45
[CDD (BASE 65) ]
TOTAL THIS MO. 358
DPTR FM NORMAL 110 [PRESSURE DATA]
TOTAL FM JAN 1 902 HIGHEST SLP 30.26 ON 22
DPTR FM NORMAL 326 LOWEST SLP 29.82 ON 3
[REMARKS]
#FINAL-03-23#