000
CXUS52 KILM 011000
CF6FLO
PRELIMINARY LOCAL CLIMATOLOGICAL DATA (WS FORM: F-6)
STATION: FLORENCE SOUTH CAROLINA
MONTH: FEBRUARY
YEAR: 2020
LATITUDE: 34 10 N
LONGITUDE: 79 43 W
TEMPERATURE IN F: :PCPN: SNOW: WIND :SUNSHINE: SKY :PK WND
================================================================================
1 2 3 4 5 6A 6B 7 8 9 10 11 12 13 14 15 16 17 18
12Z AVG MX 2MIN
DY MAX MIN AVG DEP HDD CDD WTR SNW DPTH SPD SPD DIR MIN PSBL S-S WX SPD DR
================================================================================
1 50 39 45 -1 20 0 0.01 M M 6.3 14 350 M M 9 1 18 360
2 65 38 52 6 13 0 0.00 M M 9.8 21 240 M M 0 27 240
3 76 40 58 12 7 0 0.00 M M 6.7 14 260 M M 0 20 250
4 75 56 66 19 0 1 0.00 M M 9.3 22 250 M M 0 27 260
5 76 58 67 20 0 2 0.01 M M 8.8 20 220 M M 6 8 25 230
6 80 62 71 24 0 6 2.69 M M 11.5 28 200 M M 8 138 37 220
7 63 41 52 5 13 0 0.22 M M 20.0 36 250 M M 3 1 49 250
8 49 30 40 -7 25 0 0.00 M M 3.2 10 330 M M 4 14 280
9 58 31 45 -2 20 0 0.00 M M 2.5 10 160 M M 1 12 16 140
10 75 38 57 9 8 0 0.00 M M 5.3 20 210 M M 3 28 200
11 78 63 71 23 0 6 T M M 14.2 26 230 M M 6 36 220
12 76 61 69 21 0 4 T M M 9.5 16 140 M M 7 12 20 150
13 83 60 72 24 0 7 0.16 M M 12.1 33 270 M M 5 18 42 250
14 60 44 52 4 13 0 0.00 M M 9.4 20 10 M M 2 28 20
15 53 35 44 -4 21 0 0.00 M M 8.2 16 40 M M 0 22 30
16 57 40 49 0 16 0 0.24 M M 3.0 10 340 M M 9 1 13 340
17 63 47 55 6 10 0 0.03 M M 4.5 12 120 M M 7 12 14 110
18 61 53 57 8 8 0 0.12 M M 2.4 9 150 M M 9 12 10 150
19 63 48 56 7 9 0 0.29 M M 8.1 23 50 M M 10 1 29 40
20 49 36 43 -7 22 0 0.83 M M 12.4 21 20 M M 10 1 29 40
21 44 28 36 -14 29 0 T M M 12.3 26 40 M M 4 32 20
22 56 23 40 -10 25 0 0.00 M M 1.9 9 270 M M 0 8 13 280
23 63 29 46 -4 19 0 0.00 M M 3.4 12 200 M M 0 15 250
24 55 49 52 2 13 0 0.22 M M 2.9 10 330 M M 10 1 13 320
25 71 51 61 10 4 0 0.20 M M 7.0 23 150 M M 8 18 28 160
26 70 54 62 11 3 0 T M M 8.9 28 280 M M 9 12 38 290
27 55 38 47 -4 18 0 0.00 M M 11.0 25 290 M M 0 34 290
28 59 30 45 -6 20 0 0.00 M M 9.7 23 260 M M 1 31 250
29 56 33 45 -7 20 0 0.00 M M 9.6 22 320 M M 1 34 320
================================================================================
SM 1839 1255 356 26 5.02 M 233.9 M 132
================================================================================
AV 63.4 43.3 8.1 FASTST M M 5 MAX(MPH)
MISC ----> # 36 250 # 49 250
================================================================================
NOTES:
# LAST OF SEVERAL OCCURRENCES
COLUMN 17 PEAK WIND IN M.P.H.
PRELIMINARY LOCAL CLIMATOLOGICAL DATA (WS FORM: F-6) , PAGE 2
STATION: FLORENCE SOUTH CAROLINA
MONTH: FEBRUARY
YEAR: 2020
LATITUDE: 34 10 N
LONGITUDE: 79 43 W
[TEMPERATURE DATA] [PRECIPITATION DATA] SYMBOLS USED IN COLUMN 16
AVERAGE MONTHLY: 53.3 TOTAL FOR MONTH: 5.02 1 = FOG OR MIST
DPTR FM NORMAL: 4.8 DPTR FM NORMAL: 2.10 2 = FOG REDUCING VISIBILITY
HIGHEST: 83 ON 13 GRTST 24HR 2.69 ON 6- 6 TO 1/4 MILE OR LESS
LOWEST: 23 ON 22 3 = THUNDER
SNOW, ICE PELLETS, HAIL 4 = ICE PELLETS
TOTAL MONTH: M 5 = HAIL
GRTST 24HR M ON M 6 = FREEZING RAIN OR DRIZZLE
GRTST DEPTH: M ON M 7 = DUSTSTORM OR SANDSTORM:
VSBY 1/2 MILE OR LESS
8 = SMOKE OR HAZE
[NO. OF DAYS WITH] [WEATHER - DAYS WITH] 9 = BLOWING SNOW
X = TORNADO
MAX 32 OR BELOW: 0 0.01 INCH OR MORE: 12
MAX 90 OR ABOVE: 0 0.10 INCH OR MORE: 9
MIN 32 OR BELOW: 6 0.50 INCH OR MORE: 2
MIN 0 OR BELOW: 0 1.00 INCH OR MORE: 1
[HDD (BASE 65) ]
TOTAL THIS MO. 356 CLEAR (SCALE 0-3) 13
DPTR FM NORMAL -108 PTCLDY (SCALE 4-7) 8
TOTAL FM JUL 1 1581 CLOUDY (SCALE 8-10) 8
DPTR FM NORMAL -499
[CDD (BASE 65) ]
TOTAL THIS MO. 26
DPTR FM NORMAL 22 [PRESSURE DATA]
TOTAL FM JAN 1 49 HIGHEST SLP 30.58 ON 9
DPTR FM NORMAL 43 LOWEST SLP 29.29 ON 7
[REMARKS]
#FINAL-02-20#