000
CXUS54 KLZK 011130
CF6FLP
PRELIMINARY LOCAL CLIMATOLOGICAL DATA (WS FORM: F-6)
STATION: FLIPPIN
MONTH: MARCH
YEAR: 2021
LATITUDE: 36 17 N
LONGITUDE: 92 28 W
TEMPERATURE IN F: :PCPN: SNOW: WIND :SUNSHINE: SKY :PK WND
================================================================================
1 2 3 4 5 6A 6B 7 8 9 10 11 12 13 14 15 16 17 18
12Z AVG MX 2MIN
DY MAX MIN AVG DEP HDD CDD WTR SNW DPTH SPD SPD DIR MIN PSBL S-S WX SPD DR
================================================================================
1 55 32 44 M 21 0 0.00 M M 4.6 12 10 M M 0 17 10
2 58 26 42 M 23 0 0.00 M M 1.6 9 230 M M 0 M M
3 70 28 49 M 16 0 0.00 M M 2.5 8 220 M M 0 M M
4 73 30 52 M 13 0 0.00 M M 2.8 7 80 M M 0 M M
5 54 38 46 M 19 0 T M M 5.7 9 50 M M 5 M M
6 61 25 43 M 22 0 0.00 M M 1.4 5 80 M M 0 M M
7 67 27 47 M 18 0 0.00 M M 3.2 10 190 M M 0 M M
8 69 36 53 M 12 0 0.00 M M 4.5 12 240 M M 0 16 240
9 69 42 56 M 9 0 0.00 M M 6.5 13 180 M M 5 22 180
10 69 61 65 M 0 0 0.00 M M 11.6 18 200 M M 6 36 170
11 74 53 64 M 1 0 0.00 M M 7.7 14 210 M M 8 21 210
12 54 48 51 M 14 0 0.29 M M 5.9 13 60 M M 10 21 60
13 53 48 51 M 14 0 0.83 M M 4.9 9 70 M M 10 1 M M
14 64 49 57 M 8 0 0.64 M M 7.1 15 110 M M 10 1 23 110
15 72 47 60 M 5 0 0.44 M M 6.1 24 250 M M 5 1 35 260
16 72 40 56 M 9 0 0.00 M M 3.2 9 110 M M 0 M M
17 72 48 60 M 5 0 0.08 0.0 0 6.4 16 290 M M 8 3 24 290
18 47 37 42 M 23 0 0.01 0.0 0 14.5 21 310 M M 10 31 300
19 61 41 51 M 14 0 0.00 0.0 0 9.8 15 40 M M 3 30 10
20 64 29 47 M 18 0 0.00 0.0 0 3.6 10 90 M M 0 16 90
21 69 36 53 M 12 0 0.00 0.0 0 5.4 15 130 M M 0 22 180
22 67 39 53 M 12 0 0.00 M M 5.7 16 170 M M 1 24 170
23 70 47 59 M 6 0 0.56 M M 7.6 16 240 M M 6 23 160
24 72 40 56 M 9 0 0.00 M M 4.7 13 360 M M 0 M M
25 57 46 52 M 13 0 1.11 M M 6.8 23 260 M M 8 31 280
26 72 37 55 M 10 0 0.00 M M 4.2 10 120 M M 0 1 M M
27 84 45 65 M 0 0 T M M 5.1 14 340 M M 3 24 330
28 61 39 50 M 15 0 0.00 M M 9.5 18 330 M M 1 25 330
29 71 31 51 M 14 0 0.00 M M 5.3 14 160 M M 0 21 160
30 75 53 64 M 1 0 0.00 M M 8.4 14 230 M M 5 23 230
31 60 43 52 M 13 0 0.00 M M 9.6 16 10 M M 4 23 360
================================================================================
SM 2036 1241 369 0 3.96 0.0 185.8 M 108
================================================================================
AV 65.7 40.0 6.0 FASTST M M 3 MAX(MPH)
MISC ----> 24 250 36 170
================================================================================
NOTES:
# LAST OF SEVERAL OCCURRENCES
COLUMN 17 PEAK WIND IN M.P.H.
PRELIMINARY LOCAL CLIMATOLOGICAL DATA (WS FORM: F-6) , PAGE 2
STATION: FLIPPIN
MONTH: MARCH
YEAR: 2021
LATITUDE: 36 17 N
LONGITUDE: 92 28 W
[TEMPERATURE DATA] [PRECIPITATION DATA] SYMBOLS USED IN COLUMN 16
AVERAGE MONTHLY: 52.9 TOTAL FOR MONTH: 3.96 1 = FOG OR MIST
DPTR FM NORMAL: 0.0 DPTR FM NORMAL: M 2 = FOG REDUCING VISIBILITY
HIGHEST: 84 ON 27 GRTST 24HR 1.12 ON 12-13 TO 1/4 MILE OR LESS
LOWEST: 25 ON 6 3 = THUNDER
SNOW, ICE PELLETS, HAIL 4 = ICE PELLETS
TOTAL MONTH: 0.0 INCH 5 = HAIL
GRTST 24HR 0.0 6 = FREEZING RAIN OR DRIZZLE
GRTST DEPTH: 0 7 = DUSTSTORM OR SANDSTORM:
VSBY 1/2 MILE OR LESS
8 = SMOKE OR HAZE
[NO. OF DAYS WITH] [WEATHER - DAYS WITH] 9 = BLOWING SNOW
X = TORNADO
MAX 32 OR BELOW: 0 0.01 INCH OR MORE: 8
MAX 90 OR ABOVE: 0 0.10 INCH OR MORE: 6
MIN 32 OR BELOW: 8 0.50 INCH OR MORE: 4
MIN 0 OR BELOW: 0 1.00 INCH OR MORE: 1
[HDD (BASE 65) ]
TOTAL THIS MO. 369 CLEAR (SCALE 0-3) 17
DPTR FM NORMAL M PTCLDY (SCALE 4-7) 10
TOTAL FM JUL 1 3513 CLOUDY (SCALE 8-10) 4
DPTR FM NORMAL M
[CDD (BASE 65) ]
TOTAL THIS MO. 0
DPTR FM NORMAL M [PRESSURE DATA]
TOTAL FM JAN 1 0 HIGHEST SLP 30.47 ON 20
DPTR FM NORMAL M LOWEST SLP 29.48 ON 17
[REMARKS]
#FINAL-03-21#