000
CXUS54 KFWD 010730
CF6FTW
PRELIMINARY LOCAL CLIMATOLOGICAL DATA (WS FORM: F-6)
STATION: FORT WORTH MEACHAM
MONTH: OCTOBER
YEAR: 2022
LATITUDE: 32 49 N
LONGITUDE: 97 21 W
TEMPERATURE IN F: :PCPN: SNOW: WIND :SUNSHINE: SKY :PK WND
================================================================================
1 2 3 4 5 6A 6B 7 8 9 10 11 12 13 14 15 16 17 18
12Z AVG MX 2MIN
DY MAX MIN AVG DEP HDD CDD WTR SNW DPTH SPD SPD DIR MIN PSBL S-S WX SPD DR
================================================================================
1 82 52 67 -5 0 2 0.00 M M 3.3 12 90 M M 0 19 100
2 83 53 68 -4 0 3 0.00 M M 2.8 13 80 M M 0 18 60
3 84 54 69 -3 0 4 0.00 M M 3.0 12 170 M M 0 8 17 170
4 86 58 72 1 0 7 0.00 M M 4.7 12 130 M M 0 8 17 190
5 88 61 75 4 0 10 0.00 M M 3.2 9 100 M M 0 8 17 100
6 89 63 76 5 0 11 0.00 M M 2.8 8 130 M M 0 12 100
7 88 63 76 6 0 11 0.00 M M 6.3 17 10 M M 1 8 23 10
8 78 57 68 -2 0 3 0.00 M M 8.7 14 30 M M 5 18 20
9 82 55 69 -1 0 4 0.00 M M 4.8 9 100 M M 0 13 80
10 87 64 76 7 0 11 0.00 M M 8.4 17 130 M M 0 26 160
11 83 65 74 5 0 9 T M M 11.4 20 180 M M 4 28 190
12 94 69 82 14 0 17 0.00 M M 10.9 17 310 M M 0 24 250
13 82 55 69 1 0 4 0.00 M M 7.3 16 360 M M 0 22 360
14 88 53 71 3 0 6 0.00 M M 6.4 16 220 M M 0 30 190
15 93 70 82 15 0 17 0.00 M M 11.4 17 180 M M 0 8 25 160
16 80 63 72 5 0 7 0.20 M M 10.9 32 360 M M 6 138 45 20
17 71 52 62 -4 3 0 0.00 M M 10.8 21 350 M M 2 28 350
18 66 42 54 -12 11 0 0.00 M M 9.0 17 350 M M 0 24 10
19 68 41 55 -11 10 0 0.00 M M 5.4 13 190 M M 0 8 19 180
20 85 52 69 4 0 4 0.00 M M 7.1 20 240 M M 0 29 240
21 92 49 71 6 0 6 0.00 M M 9.5 23 180 M M 0 35 190
22 88 63 76 11 0 11 0.00 M M 17.1 26 160 M M 0 37 160
23 86 68 77 13 0 12 0.00 M M 20.3 31 160 M M 1 48 180
24 75 57 66 2 0 1 2.28 M M 11.5 26 140 M M 9 13 37 260
25 69 49 59 -5 6 0 0.00 M M 11.2 33 280 M M 3 18 47 280
26 72 44 58 -5 7 0 0.00 M M 4.6 14 100 M M 0 18 19 130
27 74 51 63 0 2 0 0.00 M M 9.9 20 130 M M 0 25 170
28 63 51 57 -5 8 0 1.74 M M 13.9 38 50 M M 9 13 56 60
29 64 53 59 -3 6 0 0.08 M M 10.5 18 330 M M 9 1 25 340
30 74 54 64 2 1 0 0.00 M M 6.1 16 310 M M 1 21 320
31 77 51 64 3 1 0 0.00 M M 1.9 7 200 M M 0 18 10 280
================================================================================
SM 2491 1732 55 160 4.30 M 255.1 M 50
================================================================================
AV 80.4 55.9 8.2 FASTST M M 2 MAX(MPH)
MISC ----> 38 50 56 60
================================================================================
NOTES:
# LAST OF SEVERAL OCCURRENCES
COLUMN 17 PEAK WIND IN M.P.H.
PRELIMINARY LOCAL CLIMATOLOGICAL DATA (WS FORM: F-6) , PAGE 2
STATION: FORT WORTH MEACHAM
MONTH: OCTOBER
YEAR: 2022
LATITUDE: 32 49 N
LONGITUDE: 97 21 W
[TEMPERATURE DATA] [PRECIPITATION DATA] SYMBOLS USED IN COLUMN 16
AVERAGE MONTHLY: 68.1 TOTAL FOR MONTH: 4.30 1 = FOG OR MIST
DPTR FM NORMAL: 1.2 DPTR FM NORMAL: -0.16 2 = FOG REDUCING VISIBILITY
HIGHEST: 94 ON 12 GRTST 24HR 2.28 ON 24-24 TO 1/4 MILE OR LESS
LOWEST: 41 ON 19 3 = THUNDER
SNOW, ICE PELLETS, HAIL 4 = ICE PELLETS
TOTAL MONTH: M 5 = HAIL
GRTST 24HR M ON M 6 = FREEZING RAIN OR DRIZZLE
GRTST DEPTH: M ON M 7 = DUSTSTORM OR SANDSTORM:
VSBY 1/2 MILE OR LESS
8 = SMOKE OR HAZE
[NO. OF DAYS WITH] [WEATHER - DAYS WITH] 9 = BLOWING SNOW
X = TORNADO
MAX 32 OR BELOW: 0 0.01 INCH OR MORE: 4
MAX 90 OR ABOVE: 3 0.10 INCH OR MORE: 3
MIN 32 OR BELOW: 0 0.50 INCH OR MORE: 2
MIN 0 OR BELOW: 0 1.00 INCH OR MORE: 2
[HDD (BASE 65) ]
TOTAL THIS MO. 55 CLEAR (SCALE 0-3) 25
DPTR FM NORMAL -28 PTCLDY (SCALE 4-7) 3
TOTAL FM JUL 1 55 CLOUDY (SCALE 8-10) 3
DPTR FM NORMAL -33
[CDD (BASE 65) ]
TOTAL THIS MO. 160
DPTR FM NORMAL 18 [PRESSURE DATA]
TOTAL FM JAN 1 3256 HIGHEST SLP M ON M
DPTR FM NORMAL 587 LOWEST SLP 29.57 ON 24
[REMARKS]
#FINAL-10-22#