000
CXUS56 KSGX 191045
CF6FUL
PRELIMINARY LOCAL CLIMATOLOGICAL DATA (WS FORM: F-6)
STATION: FULLERTON AIRPORT CA
MONTH: APRIL
YEAR: 2024
LATITUDE: 33 52 N
LONGITUDE: 117 58 W
TEMPERATURE IN F: :PCPN: SNOW: WIND :SUNSHINE: SKY :PK WND
================================================================================
1 2 3 4 5 6A 6B 7 8 9 10 11 12 13 14 15 16 17 18
12Z AVG MX 2MIN
DY MAX MIN AVG DEP HDD CDD WTR SNW DPTH SPD SPD DIR MIN PSBL S-S WX SPD DR
================================================================================
1 72 46 59 -4 6 0 0.00 M M 3.5 13 280 M M 0 1 19 300
2 76 50 63 0 2 0 0.00 M M 3.6 12 210 M M 0 16 220
3 76 52 64 1 1 0 0.00 M M 3.3 13 190 M M 0 16 200
4 65 51 58 -5 7 0 T M M 6.2 16 210 M M 9 8 23 260
5 61 46 54 -9 11 0 0.10 M M 6.5 20 280 M M 4 18 32 180
6 65 42 54 -9 11 0 0.00 M M 4.5 10 250 M M 1 8 16 210
7 68 44 56 -7 9 0 0.00 M M 3.7 13 200 M M 2 18 17 200
8 74 47 61 -2 4 0 0.00 M M 3.4 10 270 M M 1 1 17 290
9 84 49 67 4 0 2 0.00 M M 3.5 13 290 M M 0 19 280
10 80 54 67 4 0 2 0.00 M M 3.5 9 200 M M 0 8 14 210
11 79 54 67 3 0 2 0.00 M M 3.2 10 200 M M 2 18 14 190
12 62 53 58 -6 7 0 0.00 M M 4.9 12 160 M M 10 1 17 200
13 67 48 58 -6 7 0 0.18 M M 7.1 16 170 M M 9 1 24 180
14 63 45 54 -10 11 0 0.10 M M 3.9 14 190 M M 5 18 21 230
15 70 49 60 -4 5 0 0.00 M M 1.8 10 290 M M 4 1 16 190
16 82 50 66 2 0 1 0.00 M M 2.5 13 280 M M 0 1 17 270
17 77 52 65 1 0 0 0.00 M M 3.5 13 190 M M 0 17 210
18 73 56 65 1 0 0 0.00 M M 4.2 18 220 M M 4 18 26 220
================================================================================
SM 1294 888 81 7 0.38 M 72.8 M 51
================================================================================
AV 71.9 49.3 4.0 FASTST M M 3 MAX(MPH)
MISC ----> 20 280 32 180
================================================================================
NOTES:
# LAST OF SEVERAL OCCURRENCES
COLUMN 17 PEAK WIND IN M.P.H.
PRELIMINARY LOCAL CLIMATOLOGICAL DATA (WS FORM: F-6) , PAGE 2
STATION: FULLERTON AIRPORT CA
MONTH: APRIL
YEAR: 2024
LATITUDE: 33 52 N
LONGITUDE: 117 58 W
[TEMPERATURE DATA] [PRECIPITATION DATA] SYMBOLS USED IN COLUMN 16
AVERAGE MONTHLY: 60.6 TOTAL FOR MONTH: 0.38 1 = FOG OR MIST
DPTR FM NORMAL: -2.8 DPTR FM NORMAL: -0.04 2 = FOG REDUCING VISIBILITY
HIGHEST: 84 ON 9 GRTST 24HR 0.27 ON 13-14 TO 1/4 MILE OR LESS
LOWEST: 42 ON 6 3 = THUNDER
SNOW, ICE PELLETS, HAIL 4 = ICE PELLETS
TOTAL MONTH: M 5 = HAIL
GRTST 24HR M ON M 6 = FREEZING RAIN OR DRIZZLE
GRTST DEPTH: M ON M 7 = DUSTSTORM OR SANDSTORM:
VSBY 1/2 MILE OR LESS
8 = SMOKE OR HAZE
[NO. OF DAYS WITH] [WEATHER - DAYS WITH] 9 = BLOWING SNOW
X = TORNADO
MAX 32 OR BELOW: 0 0.01 INCH OR MORE: 3
MAX 90 OR ABOVE: 0 0.10 INCH OR MORE: 3
MIN 32 OR BELOW: 0 0.50 INCH OR MORE: 0
MIN 0 OR BELOW: 0 1.00 INCH OR MORE: 0
[HDD (BASE 65) ]
TOTAL THIS MO. 81 CLEAR (SCALE 0-3) 11
DPTR FM NORMAL 30 PTCLDY (SCALE 4-7) 4
TOTAL FM JUL 1 887 CLOUDY (SCALE 8-10) 3
DPTR FM NORMAL -107
[CDD (BASE 65) ]
TOTAL THIS MO. 7
DPTR FM NORMAL -16 [PRESSURE DATA]
TOTAL FM JAN 1 11 HIGHEST SLP M ON M
DPTR FM NORMAL -49 LOWEST SLP 29.78 ON 11
[REMARKS]