000
CXUS56 KSGX 170941
CF6FUL
PRELIMINARY LOCAL CLIMATOLOGICAL DATA (WS FORM: F-6)
STATION: FULLERTON AIRPORT CA
MONTH: MARCH
YEAR: 2023
LATITUDE: 33 52 N
LONGITUDE: 117 58 W
TEMPERATURE IN F: :PCPN: SNOW: WIND :SUNSHINE: SKY :PK WND
================================================================================
1 2 3 4 5 6A 6B 7 8 9 10 11 12 13 14 15 16 17 18
12Z AVG MX 2MIN
DY MAX MIN AVG DEP HDD CDD WTR SNW DPTH SPD SPD DIR MIN PSBL S-S WX SPD DR
================================================================================
1 59 47 53 -7 12 0 0.44 M M 9.0 24 310 M M 6 138 41 280
2 63 40 52 -8 13 0 0.00 M M 3.3 12 200 M M 0 8 16 220
3 64 42 53 -7 12 0 T M M 2.8 10 200 M M 1 8 16 180
4 63 45 54 -6 11 0 0.00 M M 5.4 13 200 M M 5 8 18 210
5 59 50 55 -5 10 0 0.04 M M 3.3 14 190 M M 9 1 22 310
6 63 49 56 -4 9 0 T M M 2.7 13 210 M M 5 18 19 170
7 65 46 56 -4 9 0 0.00 M M 3.2 13 220 M M 1 8 19 200
8 64 45 55 -6 10 0 0.00 M M 2.5 12 210 M M 3 8 16 170
9 72 48 60 -1 5 0 0.00 0.0 M 2.5 13 200 M M 2 8 15 190
10 59 55 57 -4 8 0 0.83 0.0 M 4.9 12 60 M M 10 18 15 70
11 66 59 63 2 2 0 0.11 0.0 M 4.3 9 210 M M 10 1 12 210
12 68 58 63 2 2 0 0.00 M M 3.6 12 180 M M 9 18 14 190
13 69 57 63 2 2 0 0.00 M M 3.2 13 210 M M 8 16 220
14 61 57 59 -2 6 0 1.45 M M 4.4 12 120 M M 10 18 17 110
15 64 55 60 -1 5 0 1.36 M M 6.2 12 200 M M 10 1 17 130
16 65 51 58 -3 7 0 T M M 2.4 10 210 M M 7 1 16 210
17 73 46 60 -1 5 0 0.00 M M 2.7 12 200 M M 0 1 15 210
18 78 48 63 1 2 0 0.00 M M 4.5 18 90 M M 2 18 23 120
19 67 56 62 0 3 0 0.05 M M 4.6 16 80 M M 8 18 22 70
20 64 55 60 -2 5 0 0.17 M M 4.4 12 200 M M 9 18 17 220
21 65 51 58 -4 7 0 1.66 M M 9.5 23 150 M M 9 138 33 160
22 62 50 56 -6 9 0 0.32 M M 5.1 16 210 M M 8 18 22 210
23 64 51 58 -4 7 0 0.23 M M 4.1 12 230 M M 8 18 16 230
24 71 49 60 -2 5 0 0.00 M M 4.4 13 220 M M 0 18 20 220
25 68 49 59 -3 6 0 0.00 M M 4.6 13 240 M M 2 8 18 290
26 71 44 58 -4 7 0 0.00 M M 3.6 14 230 M M 1 8 22 240
27 77 44 61 -1 4 0 0.00 M M 4.8 23 80 M M 2 8 29 80
28 75 51 63 1 2 0 0.00 M M 4.3 13 210 M M 1 8 18 220
29 65 51 58 -4 7 0 0.82 M M 5.9 13 240 M M 8 1 22 200
30 65 49 57 -5 8 0 0.24 M M 4.4 15 290 M M 6 18 22 290
31 69 47 58 -4 7 0 0.00 M M 3.8 12 210 M M 1 15 210
================================================================================
SM 2058 1545 207 0 7.72 0.0 134.4 M 161
================================================================================
AV 66.4 49.8 4.3 FASTST M M 5 MAX(MPH)
MISC ----> 24 310 41 280
================================================================================
NOTES:
# LAST OF SEVERAL OCCURRENCES
COLUMN 17 PEAK WIND IN M.P.H.
PRELIMINARY LOCAL CLIMATOLOGICAL DATA (WS FORM: F-6) , PAGE 2
STATION: FULLERTON AIRPORT CA
MONTH: MARCH
YEAR: 2023
LATITUDE: 33 52 N
LONGITUDE: 117 58 W
[TEMPERATURE DATA] [PRECIPITATION DATA] SYMBOLS USED IN COLUMN 16
AVERAGE MONTHLY: 58.1 TOTAL FOR MONTH: 7.72 1 = FOG OR MIST
DPTR FM NORMAL: -3.1 DPTR FM NORMAL: 5.98 2 = FOG REDUCING VISIBILITY
HIGHEST: 78 ON 18 GRTST 24HR 1.69 ON 21-22 TO 1/4 MILE OR LESS
LOWEST: 40 ON 2 3 = THUNDER
SNOW, ICE PELLETS, HAIL 4 = ICE PELLETS
TOTAL MONTH: 0.0 INCH 5 = HAIL
GRTST 24HR 0.0 6 = FREEZING RAIN OR DRIZZLE
GRTST DEPTH: M ON M 7 = DUSTSTORM OR SANDSTORM:
VSBY 1/2 MILE OR LESS
8 = SMOKE OR HAZE
[NO. OF DAYS WITH] [WEATHER - DAYS WITH] 9 = BLOWING SNOW
X = TORNADO
MAX 32 OR BELOW: 0 0.01 INCH OR MORE: 13
MAX 90 OR ABOVE: 0 0.10 INCH OR MORE: 11
MIN 32 OR BELOW: 0 0.50 INCH OR MORE: 5
MIN 0 OR BELOW: 0 1.00 INCH OR MORE: 3
[HDD (BASE 65) ]
TOTAL THIS MO. 207 CLEAR (SCALE 0-3) 12
DPTR FM NORMAL 69 PTCLDY (SCALE 4-7) 10
TOTAL FM JUL 1 1063 CLOUDY (SCALE 8-10) 9
DPTR FM NORMAL 120
[CDD (BASE 65) ]
TOTAL THIS MO. 0
DPTR FM NORMAL -22 [PRESSURE DATA]
TOTAL FM JAN 1 6 HIGHEST SLP 30.25 ON 24
DPTR FM NORMAL -31 LOWEST SLP 29.66 ON 21
[REMARKS]
#FINAL-03-23#