000
CXUS56 KSGX 011145
CF6FUL
PRELIMINARY LOCAL CLIMATOLOGICAL DATA (WS FORM: F-6)
STATION: FULLERTON AIRPORT CA
MONTH: JANUARY
YEAR: 2022
LATITUDE: 33 52 N
LONGITUDE: 117 58 W
TEMPERATURE IN F: :PCPN: SNOW: WIND :SUNSHINE: SKY :PK WND
================================================================================
1 2 3 4 5 6A 6B 7 8 9 10 11 12 13 14 15 16 17 18
12Z AVG MX 2MIN
DY MAX MIN AVG DEP HDD CDD WTR SNW DPTH SPD SPD DIR MIN PSBL S-S WX SPD DR
================================================================================
1 65 45 55 -2 10 0 0.00 M M 3.2 13 80 M M 1 16 80
2 68 40 54 -3 11 0 0.00 M M 3.1 13 90 M M 0 8 17 80
3 66 37 52 -5 13 0 0.00 M M 1.6 10 200 M M 0 13 210
4 65 41 53 -4 12 0 0.00 M M 1.8 9 200 M M 1 8 11 190
5 71 42 57 0 8 0 0.00 M M 0.9 7 200 M M 0 1 10 200
6 72 44 58 1 7 0 0.00 M M 0.9 6 200 M M 1 128 8 210
7 56 45 51 -6 14 0 0.00 M M 3.1 10 130 M M 9 128 15 120
8 65 49 57 0 8 0 0.00 M M 1.5 9 200 M M 6 18 13 200
9 78 42 60 3 5 0 0.00 M M 3.8 16 90 M M 0 18 22 80
10 75 48 62 4 3 0 0.00 M M 8.2 20 80 M M 3 8 24 60
11 81 49 65 7 0 0 0.00 M M 6.2 16 80 M M 0 8 21 120
12 79 47 63 5 2 0 0.00 M M 1.5 7 320 M M 0 8 10 360
13 70 54 62 4 3 0 0.00 M M 1.2 9 190 M M 3 10 200
14 77 49 63 5 2 0 0.00 M M 1.7 10 70 M M 0 13 90
15 71 60 66 8 0 1 T M M 5.5 18 70 M M 6 26 70
16 76 56 66 8 0 1 0.00 M M 3.3 10 230 M M 8 14 230
17 67 58 63 5 2 0 0.04 M M 1.0 9 200 M M 9 1 11 230
18 65 55 60 2 5 0 0.00 M M 2.5 10 210 M M 9 1 14 220
19 66 50 58 0 7 0 0.00 M M 1.9 6 280 M M 4 18 10 280
20 78 46 62 4 3 0 0.00 M M 2.2 9 200 M M 0 1 12 300
21 72 45 59 1 6 0 0.00 M M 3.7 15 70 M M 1 8 19 70
22 73 49 61 3 4 0 0.00 M M 3.5 14 30 M M 0 8 20 20
23 77 48 63 5 2 0 0.00 M M 3.0 10 220 M M 0 8 15 240
24 70 44 57 -1 8 0 0.00 M M 1.7 9 230 M M 0 18 13 230
25 67 45 56 -2 9 0 0.00 M M 2.0 10 200 M M 2 128 13 200
26 74 45 60 2 5 0 0.00 M M 1.0 9 190 M M 3 128 12 190
27 73 42 58 0 7 0 0.00 M M 1.3 9 190 M M 1 128 12 200
28 74 47 61 3 4 0 0.00 M M 11.5 28 80 M M 0 35 80
29 68 47 58 0 7 0 0.00 M M 2.1 13 80 M M 3 8 16 80
30 69 42 56 -2 9 0 0.00 M M 3.3 13 210 M M 0 8 16 210
31 64 42 53 -5 12 0 0.00 M M 0.6 8 210 M M 3 8 11 210
================================================================================
SM 2192 1453 188 2 0.04 M 88.8 M 73
================================================================================
AV 70.7 46.9 2.9 FASTST M M 2 MAX(MPH)
MISC ----> 28 80 35 80
================================================================================
NOTES:
# LAST OF SEVERAL OCCURRENCES
COLUMN 17 PEAK WIND IN M.P.H.
PRELIMINARY LOCAL CLIMATOLOGICAL DATA (WS FORM: F-6) , PAGE 2
STATION: FULLERTON AIRPORT CA
MONTH: JANUARY
YEAR: 2022
LATITUDE: 33 52 N
LONGITUDE: 117 58 W
[TEMPERATURE DATA] [PRECIPITATION DATA] SYMBOLS USED IN COLUMN 16
AVERAGE MONTHLY: 58.8 TOTAL FOR MONTH: 0.04 1 = FOG OR MIST
DPTR FM NORMAL: 1.2 DPTR FM NORMAL: -2.81 2 = FOG REDUCING VISIBILITY
HIGHEST: 81 ON 11 GRTST 24HR 0.13 ON 17-17 TO 1/4 MILE OR LESS
LOWEST: 37 ON 3 3 = THUNDER
SNOW, ICE PELLETS, HAIL 4 = ICE PELLETS
TOTAL MONTH: M 5 = HAIL
GRTST 24HR M ON M 6 = FREEZING RAIN OR DRIZZLE
GRTST DEPTH: M ON M 7 = DUSTSTORM OR SANDSTORM:
VSBY 1/2 MILE OR LESS
8 = SMOKE OR HAZE
[NO. OF DAYS WITH] [WEATHER - DAYS WITH] 9 = BLOWING SNOW
X = TORNADO
MAX 32 OR BELOW: 0 0.01 INCH OR MORE: 1
MAX 90 OR ABOVE: 0 0.10 INCH OR MORE: 0
MIN 32 OR BELOW: 0 0.50 INCH OR MORE: 0
MIN 0 OR BELOW: 0 1.00 INCH OR MORE: 0
[HDD (BASE 65) ]
TOTAL THIS MO. 188 CLEAR (SCALE 0-3) 23
DPTR FM NORMAL -47 PTCLDY (SCALE 4-7) 5
TOTAL FM JUL 1 514 CLOUDY (SCALE 8-10) 3
DPTR FM NORMAL -101
[CDD (BASE 65) ]
TOTAL THIS MO. 2
DPTR FM NORMAL -3 [PRESSURE DATA]
TOTAL FM JAN 1 2 HIGHEST SLP 30.31 ON 10
DPTR FM NORMAL -3 LOWEST SLP 29.86 ON 1
[REMARKS]
#FINAL-01-22#