000
CXUS56 KSGX 011045
CF6FUL
PRELIMINARY LOCAL CLIMATOLOGICAL DATA (WS FORM: F-6)
STATION: FULLERTON AIRPORT CA
MONTH: AUGUST
YEAR: 2021
LATITUDE: 33 52 N
LONGITUDE: 117 58 W
TEMPERATURE IN F: :PCPN: SNOW: WIND :SUNSHINE: SKY :PK WND
================================================================================
1 2 3 4 5 6A 6B 7 8 9 10 11 12 13 14 15 16 17 18
12Z AVG MX 2MIN
DY MAX MIN AVG DEP HDD CDD WTR SNW DPTH SPD SPD DIR MIN PSBL S-S WX SPD DR
================================================================================
1 93 65 79 3 0 14 0.00 M M 3.2 12 290 M M 0 16 190
2 97 65 81 5 0 16 0.00 M M 3.0 12 310 M M 0 16 310
3 92 66 79 3 0 14 0.00 M M 2.7 12 180 M M 0 14 180
4 89 67 78 2 0 13 0.00 M M 3.7 12 180 M M 0 15 180
5 86 67 77 1 0 12 0.00 M M 4.2 12 190 M M 0 16 180
6 80 67 74 -2 0 9 0.00 M M 4.4 10 200 M M 5 17 220
7 82 66 74 -2 0 9 0.00 M M 3.6 12 200 M M 5 16 150
8 88 67 78 2 0 13 0.00 M M 3.9 12 190 M M 5 15 210
9 88 66 77 1 0 12 0.00 M M 2.7 12 190 M M 1 15 190
10 90 67 79 3 0 14 0.00 M M 3.3 12 180 M M 1 8 14 200
11 96 70 83 7 0 18 0.00 M M 3.7 12 210 M M 2 15 220
12 95 70 83 7 0 18 0.00 M M 3.6 12 180 M M 0 14 190
13 89 69 79 3 0 14 0.00 M M 4.0 12 210 M M 0 15 180
14 88 69 79 3 0 14 0.00 M M 3.5 10 180 M M 2 14 210
15 91 68 80 3 0 15 0.00 M M 3.5 12 180 M M 1 14 180
16 88 69 79 2 0 14 0.00 M M 4.4 12 220 M M 1 18 16 210
17 84 71 78 1 0 13 0.00 M M 4.3 12 220 M M 4 18 230
18 81 71 76 -1 0 11 T M M 5.0 12 220 M M 10 15 220
19 84 69 77 0 0 12 0.00 M M 3.1 14 200 M M 4 18 210
20 82 69 76 -1 0 11 0.00 M M 3.6 14 200 M M 6 19 180
21 77 67 72 -5 0 7 0.02 M M 3.8 10 190 M M 7 18 15 190
22 80 67 74 -3 0 9 0.00 M M 2.5 12 210 M M 5 17 220
23 82 64 73 -4 0 8 0.00 M M 3.7 12 210 M M 3 16 210
24 85 63 74 -3 0 9 0.00 M M 3.6 10 180 M M 0 14 210
25 92 65 79 2 0 14 0.00 M M 3.1 12 190 M M 0 15 200
26 96 66 81 4 0 16 0.00 M M 2.8 10 290 M M 0 16 300
27 93 64 79 2 0 14 0.00 M M 2.7 9 220 M M 0 8 13 200
28 87 63 75 -2 0 10 0.00 M M 2.9 13 190 M M 2 128 16 210
29 91 66 79 2 0 14 0.00 M M 3.5 10 290 M M 2 18 16 310
30 81 67 74 -3 0 9 0.00 M M 4.1 10 190 M M 1 8 17 210
31 79 67 73 -4 0 8 T M M 3.3 13 200 M M 7 38 17 180
================================================================================
SM 2706 2077 0 384 0.02 M 109.4 M 74
================================================================================
AV 87.3 67.0 3.5 FASTST M M 2 MAX(MPH)
MISC ----> # 14 200 19 180
================================================================================
NOTES:
# LAST OF SEVERAL OCCURRENCES
COLUMN 17 PEAK WIND IN M.P.H.
PRELIMINARY LOCAL CLIMATOLOGICAL DATA (WS FORM: F-6) , PAGE 2
STATION: FULLERTON AIRPORT CA
MONTH: AUGUST
YEAR: 2021
LATITUDE: 33 52 N
LONGITUDE: 117 58 W
[TEMPERATURE DATA] [PRECIPITATION DATA] SYMBOLS USED IN COLUMN 16
AVERAGE MONTHLY: 77.1 TOTAL FOR MONTH: 0.02 1 = FOG OR MIST
DPTR FM NORMAL: 0.6 DPTR FM NORMAL: 0.00 2 = FOG REDUCING VISIBILITY
HIGHEST: 97 ON 2 GRTST 24HR 0.02 ON 21-21 TO 1/4 MILE OR LESS
LOWEST: 63 ON 28,24 3 = THUNDER
SNOW, ICE PELLETS, HAIL 4 = ICE PELLETS
TOTAL MONTH: M 5 = HAIL
GRTST 24HR M ON M 6 = FREEZING RAIN OR DRIZZLE
GRTST DEPTH: M ON M 7 = DUSTSTORM OR SANDSTORM:
VSBY 1/2 MILE OR LESS
8 = SMOKE OR HAZE
[NO. OF DAYS WITH] [WEATHER - DAYS WITH] 9 = BLOWING SNOW
X = TORNADO
MAX 32 OR BELOW: 0 0.01 INCH OR MORE: 1
MAX 90 OR ABOVE: 11 0.10 INCH OR MORE: 0
MIN 32 OR BELOW: 0 0.50 INCH OR MORE: 0
MIN 0 OR BELOW: 0 1.00 INCH OR MORE: 0
[HDD (BASE 65) ]
TOTAL THIS MO. 0 CLEAR (SCALE 0-3) 21
DPTR FM NORMAL 0 PTCLDY (SCALE 4-7) 9
TOTAL FM JUL 1 0 CLOUDY (SCALE 8-10) 1
DPTR FM NORMAL 0
[CDD (BASE 65) ]
TOTAL THIS MO. 384
DPTR FM NORMAL 26 [PRESSURE DATA]
TOTAL FM JAN 1 1176 HIGHEST SLP 30.08 ON 14
DPTR FM NORMAL 153 LOWEST SLP 29.64 ON 27
[REMARKS]
#FINAL-08-21#