000
CXUS53 KIWX 181358
CF6FWA
PRELIMINARY LOCAL CLIMATOLOGICAL DATA (WS FORM: F-6)
STATION: FORT WAYNE
MONTH: JANUARY
YEAR: 2023
LATITUDE: 41 0 N
LONGITUDE: 85 12 W
TEMPERATURE IN F: :PCPN: SNOW: WIND :SUNSHINE: SKY :PK WND
================================================================================
1 2 3 4 5 6A 6B 7 8 9 10 11 12 13 14 15 16 17 18
12Z AVG MX 2MIN
DY MAX MIN AVG DEP HDD CDD WTR SNW DPTH SPD SPD DIR MIN PSBL S-S WX SPD DR
================================================================================
1 49 36 43 16 22 0 T 0.0 0 6.1 14 240 M M 10 12 19 240
2 47 45 46 19 19 0 0.01 0.0 0 5.6 12 50 M M 10 12 14 70
3 62 45 54 27 11 0 0.32 0.0 0 8.0 15 190 M M 10 12 20 200
4 56 36 46 19 19 0 T 0.0 0 11.6 25 250 M M 9 1 35 240
5 40 32 36 10 29 0 0.05 0.1 0 11.5 18 260 M M 10 1 25 250
6 33 30 32 6 33 0 T T T 9.3 20 260 M M 10 16 25 260
7 34 26 30 4 35 0 0.00 0.0 0 3.1 9 60 M M 9 11 120
8 37 23 30 4 35 0 0.00 0.0 0 4.5 9 20 M M 6 1 14 30
9 40 26 33 7 32 0 0.00 0.0 0 9.6 18 270 M M 7 18 23 250
10 44 30 37 11 28 0 0.02 0.0 0 5.3 9 120 M M 7 1 12 120
11 52 31 42 16 23 0 T 0.0 0 7.5 14 190 M M 10 128 18 190
12 46 37 42 17 23 0 0.04 0.0 0 10.9 23 350 M M 10 128 31 350
13 37 30 34 9 31 0 T T 0 12.0 22 360 M M 10 30 10
14 35 21 28 3 37 0 0.00 0.0 0 5.2 13 330 M M 6 18 310
15 40 19 30 5 35 0 0.00 0.0 0 7.2 14 130 M M 6 19 140
16 45 29 37 12 28 0 0.37 0.0 0 11.0 18 180 M M 9 1 25 180
17 51 38 45 20 20 0 0.01 0.0 0 14.7 26 270 M M 8 1 37 240
18 40 36 38 13 27 0 0.31 0.0 0 9.7 25 90 M M 10 1 33 80
19 53 35 44 19 21 0 0.47 T 0 17.5 33 250 M M 10 135 45 250
20 36 31 34 9 31 0 T T 0 14.8 28 260 M M 10 16 40 260
21 32 31 32 7 33 0 T T 0 7.9 13 220 M M 10 16 210
22 34 29 32 7 33 0 0.27 2.7 1 4.6 12 70 M M 10 128 14 70
23 32 26 29 4 36 0 0.03 0.3 2 11.2 22 240 M M 10 14 29 240
24 34 26 30 5 35 0 T T 2 7.4 23 270 M M 10 18 31 260
25 34 31 33 8 32 0 0.63 6.2 1 11.4 20 60 M M 10 12 25 60
26 33 22 28 3 37 0 0.02 0.4 7 15.4 24 250 M M 10 1 32 260
27 38 8 23 -2 42 0 0.06 0.5 6 15.9 32 260 M M 8 19 42 260
28 34 22 28 3 37 0 0.00 0.0 5 7.4 25 260 M M 8 33 260
29 39 29 34 9 31 0 0.14 0.0 3 8.1 17 210 M M 10 18 22 300
30 30 15 23 -2 42 0 T 0.2 2 8.2 15 340 M M 10 18 19 330
31 21 9 15 -10 50 0 0.00 0.0 1 5.0 14 340 M M 6 18 340
================================================================================
SM 1238 884 947 0 2.75 10.4 287.6 M 279
================================================================================
AV 39.9 28.5 9.3 FASTST M M 9 MAX(MPH)
MISC ----> 33 250 45 250
================================================================================
NOTES:
# LAST OF SEVERAL OCCURRENCES
COLUMN 17 PEAK WIND IN M.P.H.
PRELIMINARY LOCAL CLIMATOLOGICAL DATA (WS FORM: F-6) , PAGE 2
STATION: FORT WAYNE
MONTH: JANUARY
YEAR: 2023
LATITUDE: 41 0 N
LONGITUDE: 85 12 W
[TEMPERATURE DATA] [PRECIPITATION DATA] SYMBOLS USED IN COLUMN 16
AVERAGE MONTHLY: 34.2 TOTAL FOR MONTH: 2.75 1 = FOG OR MIST
DPTR FM NORMAL: 8.7 DPTR FM NORMAL: 0.21 2 = FOG REDUCING VISIBILITY
HIGHEST: 62 ON 3 GRTST 24HR 0.63 ON 25-25 TO 1/4 MILE OR LESS
LOWEST: 8 ON 27 3 = THUNDER
SNOW, ICE PELLETS, HAIL 4 = ICE PELLETS
TOTAL MONTH: 10.4 INCHES 5 = HAIL
GRTST 24HR 6.2 ON 25-25 6 = FREEZING RAIN OR DRIZZLE
GRTST DEPTH: 7 ON 26 7 = DUSTSTORM OR SANDSTORM:
VSBY 1/2 MILE OR LESS
8 = SMOKE OR HAZE
[NO. OF DAYS WITH] [WEATHER - DAYS WITH] 9 = BLOWING SNOW
X = TORNADO
MAX 32 OR BELOW: 4 0.01 INCH OR MORE: 15
MAX 90 OR ABOVE: 0 0.10 INCH OR MORE: 7
MIN 32 OR BELOW: 23 0.50 INCH OR MORE: 1
MIN 0 OR BELOW: 0 1.00 INCH OR MORE: 0
[HDD (BASE 65) ]
TOTAL THIS MO. 947 CLEAR (SCALE 0-3) 0
DPTR FM NORMAL -277 PTCLDY (SCALE 4-7) 9
TOTAL FM JUL 1 3147 CLOUDY (SCALE 8-10) 22
DPTR FM NORMAL -335
[CDD (BASE 65) ]
TOTAL THIS MO. 0
DPTR FM NORMAL 0 [PRESSURE DATA]
TOTAL FM JAN 1 0 HIGHEST SLP 30.47 ON 31
DPTR FM NORMAL 0 LOWEST SLP 29.45 ON 19
[REMARKS]
#FINAL-01-23#