000
CXUS54 KOUN 010810
CF6GAG
PRELIMINARY LOCAL CLIMATOLOGICAL DATA (WS FORM: F-6)
STATION: GAGE
MONTH: OCTOBER
YEAR: 2023
LATITUDE: 36 17 N
LONGITUDE: 99 46 W
TEMPERATURE IN F: :PCPN: SNOW: WIND :SUNSHINE: SKY :PK WND
================================================================================
1 2 3 4 5 6A 6B 7 8 9 10 11 12 13 14 15 16 17 18
12Z AVG MX 2MIN
DY MAX MIN AVG DEP HDD CDD WTR SNW DPTH SPD SPD DIR MIN PSBL S-S WX SPD DR
================================================================================
1 89 66 78 12 0 13 0.00 M M 15.0 28 170 M M 1 34 160
2 88 61 75 9 0 10 0.00 M M 14.0 23 160 M M 1 32 180
3 88 68 78 13 0 13 0.05 M M 14.2 25 170 M M 2 3 35 160
4 74 58 66 1 0 1 0.31 M M 7.0 40 280 M M 6 13 54 280
5 84 50 67 3 0 2 0.00 M M 6.9 16 20 M M 1 24 10
6 71 46 59 -5 6 0 0.00 M M 6.9 25 30 M M 6 34 40
7 70 34 52 -12 13 0 0.00 0.0 M 5.2 12 170 M M 2 17 190
8 84 45 65 2 0 0 0.00 0.0 M 3.9 15 210 M M 0 19 250
9 81 45 63 0 2 0 0.00 M M 5.8 15 50 M M 0 19 40
10 91 46 69 7 0 4 0.00 M M 11.1 26 190 M M 0 36 170
11 87 59 73 11 0 8 0.00 M M 19.9 32 170 M M 0 46 170
12 90 62 76 15 0 11 0.00 M M 22.1 35 250 M M 1 51 240
13 62 46 54 -7 11 0 M M M 12.5 27 320 M M 0 41 310
14 M M M M M M M M M M M M M M M M M
15 M M M M M M 0.00 M M M M M M M M M M
16 M M M M M M M M M M M M M M M M M
17 M M M M M M M M M M M M M M M M M
18 78 45 62 3 3 0 0.00 M M 11.4 30 30 M M 0 8 44 40
19 88 39 64 6 1 0 0.00 M M 8.4 18 290 M M 0 8 26 280
20 93 39 66 8 0 1 0.00 M M 6.2 14 230 M M 0 8 18 230
21 83 49 66 8 0 1 0.00 M M 5.9 13 60 M M 0 15 60
22 91 44 68 11 0 3 0.00 M M 18.5 35 180 M M 0 49 190
23 86 62 74 17 0 9 T M M 20.7 35 190 M M 0 44 190
24 77 61 69 13 0 4 0.16 M M 10.1 23 170 M M 7 1 31 190
25 74 62 68 12 0 3 0.43 M M 13.2 29 180 M M 5 13 37 140
26 86 61 74 18 0 9 0.00 M M 19.1 29 190 M M 0 39 190
27 68 35 52 -3 13 0 0.00 M M 12.2 24 360 M M 5 33 10
28 41 31 36 -19 29 0 0.02 M M 10.8 21 20 M M 10 1368 29 20
29 37 29 33 -21 32 0 T M M 14.8 25 10 M M 9 6 34 10
30 49 20 35 -19 30 0 0.00 M M 5.6 12 340 M M 0 17 270
31 50 22 36 -18 29 0 0.00 M M 8.3 18 20 M M 0 26 30
================================================================================
SM 2060 1285 169 92 0.97 0.0 309.7 M 56
================================================================================
AV 76.3 47.6 11.5 FASTST M M 2 MAX(MPH)
MISC ----> 40 280 54 280
================================================================================
NOTES:
# LAST OF SEVERAL OCCURRENCES
COLUMN 17 PEAK WIND IN M.P.H.
PRELIMINARY LOCAL CLIMATOLOGICAL DATA (WS FORM: F-6) , PAGE 2
STATION: GAGE
MONTH: OCTOBER
YEAR: 2023
LATITUDE: 36 17 N
LONGITUDE: 99 46 W
[TEMPERATURE DATA] [PRECIPITATION DATA] SYMBOLS USED IN COLUMN 16
AVERAGE MONTHLY: 61.9 TOTAL FOR MONTH: 0.97 1 = FOG OR MIST
DPTR FM NORMAL: 2.1 DPTR FM NORMAL: -1.37 2 = FOG REDUCING VISIBILITY
HIGHEST: 93 ON 20 GRTST 24HR 0.57 ON 24-25 TO 1/4 MILE OR LESS
LOWEST: 20 ON 30 3 = THUNDER
SNOW, ICE PELLETS, HAIL 4 = ICE PELLETS
TOTAL MONTH: 0.0 INCH 5 = HAIL
GRTST 24HR 0.0 6 = FREEZING RAIN OR DRIZZLE
GRTST DEPTH: M ON M 7 = DUSTSTORM OR SANDSTORM:
VSBY 1/2 MILE OR LESS
8 = SMOKE OR HAZE
[NO. OF DAYS WITH] [WEATHER - DAYS WITH] 9 = BLOWING SNOW
X = TORNADO
MAX 32 OR BELOW: 0 0.01 INCH OR MORE: 5
MAX 90 OR ABOVE: 4 0.10 INCH OR MORE: 3
MIN 32 OR BELOW: 4 0.50 INCH OR MORE: 0
MIN 0 OR BELOW: 0 1.00 INCH OR MORE: 0
[HDD (BASE 65) ]
TOTAL THIS MO. 169 CLEAR (SCALE 0-3) 20
DPTR FM NORMAL -48 PTCLDY (SCALE 4-7) 5
TOTAL FM JUL 1 173 CLOUDY (SCALE 8-10) 6
DPTR FM NORMAL -73
[CDD (BASE 65) ]
TOTAL THIS MO. 92
DPTR FM NORMAL 36 [PRESSURE DATA]
TOTAL FM JAN 1 1950 HIGHEST SLP M ON M
DPTR FM NORMAL 38 LOWEST SLP 29.31 ON 12
[REMARKS]
#FINAL-10-23#