000
CXUS53 KDDC 011651
CLMGCK
CLIMATE REPORT
NATIONAL WEATHER SERVICE DODGE CITY, KANSAS
1051 AM CST FRI MAR 01 2024
...................................
...THE GARDEN CITY REGIONAL ARPT KS CLIMATE SUMMARY FOR THE MONTH OF FEBRUARY 2024...
CLIMATE NORMAL PERIOD 1991 TO 2020
CLIMATE RECORD PERIOD 1948 TO 2024
WEATHER OBSERVED NORMAL DEPART LAST YEAR`S
VALUE DATE(S) VALUE FROM VALUE DATE(S)
NORMAL
................................................................
TEMPERATURE (F)
RECORD
HIGH 89 02/18/2016
LOW -20 02/15/2021
HIGHEST 82 02/26 MM MM 75 02/26
LOWEST 8 02/28 MM MM -1 02/01
AVG. MAXIMUM 56.6 48.9 7.7 51.1
AVG. MINIMUM 26.4 20.5 5.9 18.1
MEAN 41.5 34.7 6.8 34.6
DAYS MAX >= 90 0 0.0 0.0 0
DAYS MAX <= 32 0 4.4 -4.4 2
DAYS MIN <= 32 21 25.1 -4.1 27
DAYS MIN <= 0 0 0.8 -0.8 1
PRECIPITATION (INCHES)
RECORD
MAXIMUM 1.84 1993
MINIMUM T 2022
TOTALS 0.10 0.40 -0.30 0.18
DAYS >= .01 4 3.5 0.5 2
DAYS >= .10 0 1.2 -1.2 1
DAYS >= .50 0 0.2 -0.2 0
DAYS >= 1.00 0 0.0 0.0 0
GREATEST
24 HR. TOTAL 0.04 02/02 TO 02/02 0.15 02/15 TO 02/15
02/04 TO 02/04
DEGREE DAYS
HEATING TOTAL 677 848 -171 844
SINCE 7/1 3703 4048 -345 4057
COOLING TOTAL 0 0 0 0
SINCE 1/1 0 0 0 0
................................................................
WIND (MPH)
AVERAGE WIND SPEED 11.7
RESULTANT WIND SPEED/DIRECTION 1/330
HIGHEST WIND SPEED/DIRECTION 43/360 DATE 02/27
HIGHEST GUST SPEED/DIRECTION 54/010 DATE 02/27
SKY COVER
POSSIBLE SUNSHINE (PERCENT) MM
AVERAGE SKY COVER 0.23
NUMBER OF DAYS FAIR 20
NUMBER OF DAYS PC 7
NUMBER OF DAYS CLOUDY 2
AVERAGE RH (PERCENT) 61
WEATHER CONDITIONS. NUMBER OF DAYS WITH
THUNDERSTORM 0 MIXED PRECIP 0
HEAVY RAIN 0 RAIN 0
LIGHT RAIN 2 FREEZING RAIN 0
LT FREEZING RAIN 0 HAIL 0
HEAVY SNOW 0 SNOW 0
LIGHT SNOW 4 SLEET 0
FOG 8 FOG W/VIS <= 1/4 MILE 3
HAZE 1
- INDICATES NEGATIVE NUMBERS.
R INDICATES RECORD WAS SET OR TIED.
MM INDICATES DATA IS MISSING.
T INDICATES TRACE AMOUNT.
$$