000
CXUS56 KFGZ 010910
CF6GCN
PRELIMINARY LOCAL CLIMATOLOGICAL DATA (WS FORM: F-6)
STATION: GRAND CANYON AZ AIRPORT
MONTH: APRIL
YEAR: 2022
LATITUDE: 35 57 N
LONGITUDE: 112 9 W
TEMPERATURE IN F: :PCPN: SNOW: WIND :SUNSHINE: SKY :PK WND
================================================================================
1 2 3 4 5 6A 6B 7 8 9 10 11 12 13 14 15 16 17 18
12Z AVG MX 2MIN
DY MAX MIN AVG DEP HDD CDD WTR SNW DPTH SPD SPD DIR MIN PSBL S-S WX SPD DR
================================================================================
1 63 26 45 4 20 0 0.00 M M 2.1 16 220 M M 1 20 220
2 67 26 47 6 18 0 0.00 M M 6.2 24 210 M M 0 30 200
3 62 27 45 4 20 0 0.00 M M 3.7 14 220 M M 2 19 210
4 65 28 47 5 18 0 T M M 5.7 21 240 M M 1 29 240
5 69 29 49 7 16 0 0.00 M M 8.7 24 270 M M 0 36 260
6 62 24 43 1 22 0 0.00 M M 6.6 17 40 M M 0 23 30
7 62 20 41 -1 24 0 0.00 M M 8.2 22 50 M M 0 28 40
8 71 22 47 5 18 0 0.00 M M 5.0 17 60 M M 0 23 70
9 72 23 48 6 17 0 0.00 M M 10.7 33 220 M M 0 45 210
10 61 32 47 5 18 0 0.00 M M 7.1 16 230 M M 0 25 320
11 63 21 42 0 23 0 0.00 M M 18.6 40 210 M M 1 53 210
12 46 14 30 -12 35 0 T M M 11.4 33 230 M M 4 49 210
13 50 5 28 -15 37 0 0.00 M M 6.6 23 230 M M 0 33 230
14 62 13 38 -5 27 0 0.00 M M 8.9 25 220 M M 0 36 200
15 66 21 44 1 21 0 0.00 M M 10.5 29 220 M M 0 40 220
16 67 24 46 3 19 0 0.00 M M 13.9 35 220 M M 0 48 220
17 71 21 46 3 19 0 0.00 M M 3.6 18 220 M M 0 8 24 230
18 74 24 49 6 16 0 0.00 M M 8.4 25 230 M M 0 32 220
19 69 36 53 9 12 0 0.00 M M 14.6 31 210 M M 3 41 230
20 71 26 49 5 16 0 0.00 M M 9.3 24 220 M M 0 38 220
21 71 27 49 5 16 0 0.00 M M 14.3 32 200 M M 0 43 200
22 52 22 37 -7 28 0 T M M 15.0 39 210 M M 6 50 220
23 54 17 36 -8 29 0 0.00 M M 5.3 16 280 M M 0 23 290
24 57 16 37 -8 28 0 0.00 M M 3.6 17 40 M M 0 22 40
25 64 18 41 -4 24 0 0.00 M M 7.9 20 60 M M 0 25 70
26 70 25 48 3 17 0 0.00 M M 8.0 25 220 M M 0 34 230
27 71 28 50 5 15 0 0.00 M M 8.2 28 200 M M 0 37 200
28 70 23 47 1 18 0 0.00 M M 11.1 30 220 M M 0 42 210
29 66 22 44 -2 21 0 0.00 M M 5.3 17 330 M M 0 24 330
30 72 21 47 1 18 0 0.00 M M 3.7 16 200 M M 0 22 200
================================================================================
SM 1940 681 630 0 T M 252.2 M 18
================================================================================
AV 64.7 22.7 8.4 FASTST M M 1 MAX(MPH)
MISC ----> 40 210 53 210
================================================================================
NOTES:
# LAST OF SEVERAL OCCURRENCES
COLUMN 17 PEAK WIND IN M.P.H.
PRELIMINARY LOCAL CLIMATOLOGICAL DATA (WS FORM: F-6) , PAGE 2
STATION: GRAND CANYON AZ AIRPORT
MONTH: APRIL
YEAR: 2022
LATITUDE: 35 57 N
LONGITUDE: 112 9 W
[TEMPERATURE DATA] [PRECIPITATION DATA] SYMBOLS USED IN COLUMN 16
AVERAGE MONTHLY: 43.7 TOTAL FOR MONTH: T 1 = FOG OR MIST
DPTR FM NORMAL: 0.5 DPTR FM NORMAL: -0.69 2 = FOG REDUCING VISIBILITY
HIGHEST: 74 ON 18 GRTST 24HR T ON 31- 1 TO 1/4 MILE OR LESS
LOWEST: 5 ON 13 3 = THUNDER
SNOW, ICE PELLETS, HAIL 4 = ICE PELLETS
TOTAL MONTH: M 5 = HAIL
GRTST 24HR M ON M 6 = FREEZING RAIN OR DRIZZLE
GRTST DEPTH: M ON M 7 = DUSTSTORM OR SANDSTORM:
VSBY 1/2 MILE OR LESS
8 = SMOKE OR HAZE
[NO. OF DAYS WITH] [WEATHER - DAYS WITH] 9 = BLOWING SNOW
X = TORNADO
MAX 32 OR BELOW: 0 0.01 INCH OR MORE: 0
MAX 90 OR ABOVE: 0 0.10 INCH OR MORE: 0
MIN 32 OR BELOW: 29 0.50 INCH OR MORE: 0
MIN 0 OR BELOW: 0 1.00 INCH OR MORE: 0
[HDD (BASE 65) ]
TOTAL THIS MO. 630 CLEAR (SCALE 0-3) 28
DPTR FM NORMAL -22 PTCLDY (SCALE 4-7) 2
TOTAL FM JUL 1 5996 CLOUDY (SCALE 8-10) 0
DPTR FM NORMAL -218
[CDD (BASE 65) ]
TOTAL THIS MO. 0
DPTR FM NORMAL 0 [PRESSURE DATA]
TOTAL FM JAN 1 0 HIGHEST SLP M ON M
DPTR FM NORMAL 0 LOWEST SLP 29.36 ON 12
[REMARKS]
#FINAL-04-22#