000
CXUS54 KMAF 012326
CF6GDP
PRELIMINARY LOCAL CLIMATOLOGICAL DATA (WS FORM: F-6)
STATION: GUADALUPE PASS
MONTH: OCTOBER
YEAR: 2023
LATITUDE: 31 49 N
LONGITUDE: 104 48 W
TEMPERATURE IN F: :PCPN: SNOW: WIND :SUNSHINE: SKY :PK WND
================================================================================
1 2 3 4 5 6A 6B 7 8 9 10 11 12 13 14 15 16 17 18
12Z AVG MX 2MIN
DY MAX MIN AVG DEP HDD CDD WTR SNW DPTH SPD SPD DIR MIN PSBL S-S WX SPD DR
================================================================================
1 M M M M M M M M M M M M M M M M M
2 M M M M M M M M M M M M M M M M M
3 M M M M M M M M M M M M M M M M M
4 86 60 73 7 0 8 M M M 23.5 39 40 M M 0 18 49 40
5 74 55 65 -1 0 0 M M M 24.8 36 40 M M 0 128 41 50
6 72 56 64 -2 1 0 M M M 19.8 31 50 M M 0 36 50
7 66 46 56 -9 9 0 0.00 M M 25.3 41 50 M M 0 18 47 40
8 78 53 66 1 0 1 0.00 M M 10.3 21 230 M M 0 29 250
9 83 58 71 6 0 6 0.00 M M 13.2 21 60 M M 0 29 240
10 84 59 72 8 0 7 0.00 M M 13.4 45 230 M M 0 8 59 240
11 83 60 72 8 0 7 0.00 M M 24.5 54 240 M M 0 67 250
12 80 65 73 9 0 8 0.00 M M 38.6 66 240 M M 0 8 85 250
13 71 54 63 -1 2 0 0.00 M M 18.2 32 50 M M 0 8 37 60
14 65 52 59 -4 6 0 0.00 M M 28.1 36 50 M M 0 8 42 40
15 65 48 57 -6 8 0 0.00 M M 28.3 40 50 M M 0 8 44 40
16 75 48 62 0 3 0 0.00 M M 17.5 31 50 M M 0 36 50
17 81 55 68 6 0 3 0.00 M M 13.7 24 250 M M 0 32 250
18 88 61 75 13 0 10 0.00 M M 20.6 38 40 M M 0 8 43 40
19 83 54 69 7 0 4 0.00 M M 20.1 38 50 M M 0 8 42 40
20 86 63 75 14 0 10 0.00 M M 10.5 23 240 M M 0 8 32 250
21 82 67 75 14 0 10 0.00 M M 12.6 21 230 M M 0 8 27 230
22 84 66 75 15 0 10 0.00 M M 17.2 30 200 M M 2 8 42 200
23 72 55 64 4 1 0 0.00 M M 12.5 24 50 M M 1 18 27 70
24 77 51 64 4 1 0 0.00 M M 16.3 48 280 M M 0 18 66 270
25 66 49 58 -1 7 0 M M M 25.4 47 250 M M 0 128 57 250
26 72 47 60 1 5 0 0.00 M M 24.7 43 240 M M 0 8 53 240
27 69 52 61 2 4 0 0.00 M M 20.9 33 40 M M 0 8 43 40
28 81 52 67 9 0 2 0.00 M M 15.9 33 240 M M 0 18 41 260
29 60 27 44 -14 21 0 0.00 M M 36.6 54 50 M M 0 12 65 60
30 38 24 31 -26 34 0 0.00 M M 28.8 49 50 M M 0 18 57 40
31 47 29 38 -19 27 0 0.00 M M 19.5 38 50 M M 0 8 43 50
================================================================================
SM 2068 1466 129 86 0.00 M 580.8 M 3
================================================================================
AV 73.9 52.4 20.7 FASTST M M 0 MAX(MPH)
MISC ----> 66 240 85 250
================================================================================
NOTES:
# LAST OF SEVERAL OCCURRENCES
COLUMN 17 PEAK WIND IN M.P.H.
PRELIMINARY LOCAL CLIMATOLOGICAL DATA (WS FORM: F-6) , PAGE 2
STATION: GUADALUPE PASS
MONTH: OCTOBER
YEAR: 2023
LATITUDE: 31 49 N
LONGITUDE: 104 48 W
[TEMPERATURE DATA] [PRECIPITATION DATA] SYMBOLS USED IN COLUMN 16
AVERAGE MONTHLY: 63.1 TOTAL FOR MONTH: 0.00 1 = FOG OR MIST
DPTR FM NORMAL: 0.8 DPTR FM NORMAL: -0.80 2 = FOG REDUCING VISIBILITY
HIGHEST: 88 ON 18 GRTST 24HR 0.00 ON 7- 7 TO 1/4 MILE OR LESS
LOWEST: 24 ON 30 3 = THUNDER
SNOW, ICE PELLETS, HAIL 4 = ICE PELLETS
TOTAL MONTH: M 5 = HAIL
GRTST 24HR M ON M 6 = FREEZING RAIN OR DRIZZLE
GRTST DEPTH: M ON M 7 = DUSTSTORM OR SANDSTORM:
VSBY 1/2 MILE OR LESS
8 = SMOKE OR HAZE
[NO. OF DAYS WITH] [WEATHER - DAYS WITH] 9 = BLOWING SNOW
X = TORNADO
MAX 32 OR BELOW: 0 0.01 INCH OR MORE: 0
MAX 90 OR ABOVE: 0 0.10 INCH OR MORE: 0
MIN 32 OR BELOW: 3 0.50 INCH OR MORE: 0
MIN 0 OR BELOW: 0 1.00 INCH OR MORE: 0
[HDD (BASE 65) ]
TOTAL THIS MO. 129 CLEAR (SCALE 0-3) 28
DPTR FM NORMAL -17 PTCLDY (SCALE 4-7) 0
TOTAL FM JUL 1 129 CLOUDY (SCALE 8-10) 3
DPTR FM NORMAL -45
[CDD (BASE 65) ]
TOTAL THIS MO. 86
DPTR FM NORMAL 24 [PRESSURE DATA]
TOTAL FM JAN 1 1578 HIGHEST SLP 30.46 ON 31
DPTR FM NORMAL -85 LOWEST SLP 29.37 ON 12
[REMARKS]
#FINAL-10-23#