000
CXUS51 KPHI 010815
CF6GED
PRELIMINARY LOCAL CLIMATOLOGICAL DATA (WS FORM: F-6)
STATION: GEORGETOWN DE
MONTH: JULY
YEAR: 2023
LATITUDE: 38 41 N
LONGITUDE: 75 22 W
TEMPERATURE IN F: :PCPN: SNOW: WIND :SUNSHINE: SKY :PK WND
================================================================================
1 2 3 4 5 6A 6B 7 8 9 10 11 12 13 14 15 16 17 18
12Z AVG MX 2MIN
DY MAX MIN AVG DEP HDD CDD WTR SNW DPTH SPD SPD DIR MIN PSBL S-S WX SPD DR
================================================================================
1 82 68 75 -3 0 10 T M M 5.8 15 130 M M 5 20 140
2 91 72 82 4 0 17 0.00 M M 8.1 16 230 M M 2 138 21 210
3 93 71 82 4 0 17 0.33 M M 8.1 24 250 M M 1 38 39 260
4 90 72 81 3 0 16 0.02 M M 4.9 14 230 M M 3 1 20 230
5 90 73 82 4 0 17 0.03 M M 2.5 16 220 M M 2 18 220
6 88 70 79 1 0 14 0.00 M M 4.5 13 140 M M 0 18 16 140
7 87 71 79 1 0 14 0.13 M M 3.0 13 150 M M 5 1238 17 90
8 86 68 77 -1 0 12 0.01 M M 3.8 15 290 M M 2 3 22 290
9 86 71 79 0 0 14 1.37 M M 5.0 18 210 M M 4 13 25 200
10 84 67 76 -3 0 11 0.00 M M 4.1 13 290 M M 4 21 280
11 88 68 78 -1 0 13 0.00 M M 3.8 12 50 M M 0 18 14 50
12 90 67 79 0 0 14 0.00 M M 4.7 13 220 M M 1 17 240
13 93 70 82 3 0 17 0.00 M M 9.6 22 210 M M 0 18 27 220
14 88 77 83 4 0 18 0.00 M M 7.8 17 210 M M 2 23 200
15 90 74 82 3 0 17 0.00 M M 7.7 22 160 M M 2 8 26 160
16 83 72 78 -1 0 13 1.17 M M 3.5 15 200 M M 7 13 23 190
17 91 71 81 2 0 16 0.00 M M 5.4 18 160 M M 2 18 24 150
18 90 71 81 2 0 16 0.04 M M 4.1 12 210 M M 2 138 15 290
19 79 69 74 -5 0 9 1.52 M M 3.8 26 290 M M 4 123 37 280
20 86 69 78 -1 0 13 T M M 5.1 16 160 M M 4 123 21 150
21 87 69 78 -1 0 13 0.35 M M 3.8 22 10 M M 4 13 32 360
22 83 67 75 -4 0 10 0.00 M M 3.5 12 330 M M 0 15 340
23 87 63 75 -4 0 10 0.00 M M 3.7 13 170 M M 1 16 170
24 86 67 77 -2 0 12 0.00 M M 5.6 15 190 M M 1 19 200
25 88 66 77 -2 0 12 T M M 5.1 18 60 M M 2 3 23 60
26 88 65 77 -2 0 12 0.00 M M 4.9 12 170 M M 1 16 170
27 94 74 84 5 0 19 0.00 M M 11.4 22 230 M M 0 1 29 220
28 95 73 84 5 0 19 0.73 M M 7.3 18 360 M M 1 13 30 310
29 93 73 83 4 0 18 0.58 M M 7.9 29 280 M M 1 13 45 290
30 83 67 75 -3 0 10 0.00 M M 4.7 15 40 M M 1 20 20
31 85 63 74 -4 0 9 0.01 M M 3.9 15 170 M M 5 17 170
================================================================================
SM 2724 2158 0 432 6.29 M 167.1 M 69
================================================================================
AV 87.9 69.6 5.4 FASTST M M 2 MAX(MPH)
MISC ----> 29 280 45 290
================================================================================
NOTES:
# LAST OF SEVERAL OCCURRENCES
COLUMN 17 PEAK WIND IN M.P.H.
PRELIMINARY LOCAL CLIMATOLOGICAL DATA (WS FORM: F-6) , PAGE 2
STATION: GEORGETOWN DE
MONTH: JULY
YEAR: 2023
LATITUDE: 38 41 N
LONGITUDE: 75 22 W
[TEMPERATURE DATA] [PRECIPITATION DATA] SYMBOLS USED IN COLUMN 16
AVERAGE MONTHLY: 78.7 TOTAL FOR MONTH: 6.29 1 = FOG OR MIST
DPTR FM NORMAL: 0.1 DPTR FM NORMAL: 2.15 2 = FOG REDUCING VISIBILITY
HIGHEST: 95 ON 28 GRTST 24HR 1.52 ON 19-19 TO 1/4 MILE OR LESS
LOWEST: 63 ON 31,23 3 = THUNDER
SNOW, ICE PELLETS, HAIL 4 = ICE PELLETS
TOTAL MONTH: M 5 = HAIL
GRTST 24HR M ON M 6 = FREEZING RAIN OR DRIZZLE
GRTST DEPTH: M ON M 7 = DUSTSTORM OR SANDSTORM:
VSBY 1/2 MILE OR LESS
8 = SMOKE OR HAZE
[NO. OF DAYS WITH] [WEATHER - DAYS WITH] 9 = BLOWING SNOW
X = TORNADO
MAX 32 OR BELOW: 0 0.01 INCH OR MORE: 13
MAX 90 OR ABOVE: 12 0.10 INCH OR MORE: 8
MIN 32 OR BELOW: 0 0.50 INCH OR MORE: 5
MIN 0 OR BELOW: 0 1.00 INCH OR MORE: 3
[HDD (BASE 65) ]
TOTAL THIS MO. 0 CLEAR (SCALE 0-3) 22
DPTR FM NORMAL 0 PTCLDY (SCALE 4-7) 9
TOTAL FM JUL 1 0 CLOUDY (SCALE 8-10) 0
DPTR FM NORMAL 0
[CDD (BASE 65) ]
TOTAL THIS MO. 432
DPTR FM NORMAL 10 [PRESSURE DATA]
TOTAL FM JAN 1 747 HIGHEST SLP 30.16 ON 26
DPTR FM NORMAL -60 LOWEST SLP 29.71 ON 9
[REMARKS]
#FINAL-07-23#