000
CXUS51 KPHI 010815
CF6GED
PRELIMINARY LOCAL CLIMATOLOGICAL DATA (WS FORM: F-6)
STATION: GEORGETOWN DE
MONTH: MARCH
YEAR: 2022
LATITUDE: 38 41 N
LONGITUDE: 75 22 W
TEMPERATURE IN F: :PCPN: SNOW: WIND :SUNSHINE: SKY :PK WND
================================================================================
1 2 3 4 5 6A 6B 7 8 9 10 11 12 13 14 15 16 17 18
12Z AVG MX 2MIN
DY MAX MIN AVG DEP HDD CDD WTR SNW DPTH SPD SPD DIR MIN PSBL S-S WX SPD DR
================================================================================
1 60 26 43 1 22 0 0.00 M M 7.3 22 200 M M 1 8 28 210
2 59 33 46 4 19 0 0.00 M M 4.6 13 150 M M 1 17 270
3 55 35 45 3 20 0 T M M 8.3 16 20 M M 4 24 20
4 44 24 34 -8 31 0 0.00 M M 5.0 15 20 M M 0 21 20
5 55 28 42 0 23 0 0.00 M M 5.5 17 140 M M 2 23 170
6 75 45 60 17 5 0 T M M 16.3 30 220 M M 1 43 230
7 79 61 70 27 0 5 0.13 M M 18.4 33 230 M M 3 48 230
8 61 38 50 7 15 0 0.00 M M 7.6 22 300 M M 1 34 320
9 46 40 43 -1 22 0 0.67 M M 7.5 21 90 M M 9 1 27 70
10 48 33 41 -3 24 0 0.00 M M 5.7 13 60 M M 4 1 19 40
11 60 30 45 1 20 0 0.00 M M 5.2 17 150 M M 2 12 21 150
12 53 25 39 -5 26 0 0.88 M M 11.0 24 290 M M 9 123 45 330
13 39 23 31 -14 34 0 0.00 M M 9.7 23 290 M M 1 36 280
14 61 27 44 -1 21 0 0.00 M M 5.5 16 180 M M 0 21 160
15 70 36 53 8 12 0 0.00 M M 7.9 18 230 M M 0 26 250
16 68 41 55 9 10 0 0.00 M M 5.6 17 160 M M 0 21 160
17 59 52 56 10 9 0 0.19 M M 5.9 14 40 M M 10 12 18 70
18 74 53 64 18 1 0 0.00 M M 7.3 17 150 M M 5 12 22 150
19 77 55 66 20 0 1 0.00 M M 12.6 28 220 M M 2 39 220
20 69 48 59 12 6 0 0.00 M M 9.5 22 300 M M 6 32 300
21 66 40 53 6 12 0 0.00 M M 7.0 18 280 M M 0 26 290
22 66 40 53 5 12 0 0.00 M M 3.2 13 90 M M 0 17 50
23 63 40 52 4 13 0 0.24 M M 10.8 18 160 M M 5 1 24 150
24 67 54 61 13 4 0 0.71 M M 8.6 18 190 M M 9 13 24 210
25 64 50 57 9 8 0 0.01 M M 4.8 17 270 M M 7 1 24 300
26 55 42 49 0 16 0 0.02 M M 7.5 29 280 M M 7 3 43 300
27 46 34 40 -9 25 0 0.00 M M 10.4 21 290 M M 6 34 300
28 38 28 33 -17 32 0 T M M 9.4 22 300 M M 4 38 360
29 43 25 34 -16 31 0 0.00 M M 6.9 20 270 M M 0 29 300
30 56 25 41 -9 24 0 0.00 M M 7.4 18 170 M M 6 24 180
31 71 56 64 13 1 0 0.07 M M 17.9 29 190 M M 8 1 42 180
================================================================================
SM 1847 1187 498 6 2.92 M 260.3 M 113
================================================================================
AV 59.6 38.3 8.4 FASTST M M 4 MAX(MPH)
MISC ----> 33 230 48 230
================================================================================
NOTES:
# LAST OF SEVERAL OCCURRENCES
COLUMN 17 PEAK WIND IN M.P.H.
PRELIMINARY LOCAL CLIMATOLOGICAL DATA (WS FORM: F-6) , PAGE 2
STATION: GEORGETOWN DE
MONTH: MARCH
YEAR: 2022
LATITUDE: 38 41 N
LONGITUDE: 75 22 W
[TEMPERATURE DATA] [PRECIPITATION DATA] SYMBOLS USED IN COLUMN 16
AVERAGE MONTHLY: 48.9 TOTAL FOR MONTH: 2.92 1 = FOG OR MIST
DPTR FM NORMAL: 3.1 DPTR FM NORMAL: -0.94 2 = FOG REDUCING VISIBILITY
HIGHEST: 79 ON 7 GRTST 24HR 0.91 ON 23-24 TO 1/4 MILE OR LESS
LOWEST: 23 ON 13 3 = THUNDER
SNOW, ICE PELLETS, HAIL 4 = ICE PELLETS
TOTAL MONTH: M 5 = HAIL
GRTST 24HR M ON M 6 = FREEZING RAIN OR DRIZZLE
GRTST DEPTH: M ON M 7 = DUSTSTORM OR SANDSTORM:
VSBY 1/2 MILE OR LESS
8 = SMOKE OR HAZE
[NO. OF DAYS WITH] [WEATHER - DAYS WITH] 9 = BLOWING SNOW
X = TORNADO
MAX 32 OR BELOW: 0 0.01 INCH OR MORE: 9
MAX 90 OR ABOVE: 0 0.10 INCH OR MORE: 6
MIN 32 OR BELOW: 10 0.50 INCH OR MORE: 3
MIN 0 OR BELOW: 0 1.00 INCH OR MORE: 0
[HDD (BASE 65) ]
TOTAL THIS MO. 498 CLEAR (SCALE 0-3) 16
DPTR FM NORMAL -102 PTCLDY (SCALE 4-7) 11
TOTAL FM JUL 1 3400 CLOUDY (SCALE 8-10) 4
DPTR FM NORMAL -254
[CDD (BASE 65) ]
TOTAL THIS MO. 6
DPTR FM NORMAL 3 [PRESSURE DATA]
TOTAL FM JAN 1 6 HIGHEST SLP 30.61 ON 4
DPTR FM NORMAL 3 LOWEST SLP 29.28 ON 12
[REMARKS]
#FINAL-03-22#