000
CXUS51 KPHI 010915
CF6GED
PRELIMINARY LOCAL CLIMATOLOGICAL DATA (WS FORM: F-6)
STATION: GEORGETOWN DE
MONTH: FEBRUARY
YEAR: 2021
LATITUDE: 38 41 N
LONGITUDE: 75 22 W
TEMPERATURE IN F: :PCPN: SNOW: WIND :SUNSHINE: SKY :PK WND
================================================================================
1 2 3 4 5 6A 6B 7 8 9 10 11 12 13 14 15 16 17 18
12Z AVG MX 2MIN
DY MAX MIN AVG DEP HDD CDD WTR SNW DPTH SPD SPD DIR MIN PSBL S-S WX SPD DR
================================================================================
1 44 33 39 3 26 0 0.93 M M 13.8 25 50 M M 10 168 35 60
2 36 31 34 -2 31 0 0.04 M M 8.2 14 310 M M 10 18 24 330
3 38 31 35 -1 30 0 T M M 6.5 17 320 M M 10 28 290
4 45 31 38 2 27 0 0.00 M M 6.4 14 280 M M 1 22 300
5 53 38 46 10 19 0 0.04 M M 8.9 22 230 M M 5 28 240
6 53 28 41 5 24 0 0.00 M M 6.2 21 230 M M 0 25 220
7 45 32 39 3 26 0 0.64 M M 7.1 15 10 M M 8 1 22 30
8 38 25 32 -4 33 0 0.00 M M 4.6 13 130 M M 0 17 10
9 51 28 40 4 25 0 0.48 M M 4.1 10 340 M M 6 1 16 320
10 40 31 36 -1 29 0 T M M 3.8 12 50 M M 5 168 14 50
11 36 33 35 -2 30 0 0.42 M M 7.6 14 30 M M 10 16 19 30
12 35 30 33 -4 32 0 T M M 11.0 20 50 M M 10 25 50
13 35 32 34 -3 31 0 0.38 M M 11.1 18 40 M M 10 16 26 50
14 36 30 33 -4 32 0 0.04 M M 6.9 14 30 M M 10 1 18 40
15 45 36 41 4 24 0 T M M 8.9 18 90 M M 10 18 22 90
16 64 33 49 11 16 0 0.82 M M 11.0 25 230 M M 10 18 36 240
17 38 26 32 -6 33 0 0.00 M M 5.5 13 10 M M 0 19 330
18 38 28 33 -5 32 0 0.49 M M 10.2 18 50 M M 10 168 23 40
19 37 32 35 -3 30 0 0.40 M M 7.3 18 50 M M 9 168 23 50
20 38 27 33 -5 32 0 T M M 9.2 18 290 M M 3 28 330
21 40 24 32 -6 33 0 0.00 M M 5.1 10 20 M M 0 17 290
22 49 29 39 0 26 0 0.62 M M 7.9 21 200 M M 6 1 29 200
23 57 31 44 5 21 0 0.00 M M 7.0 23 240 M M 2 1 31 230
24 62 31 47 8 18 0 0.00 M M 7.9 21 200 M M 0 27 210
25 57 31 44 5 21 0 0.00 M M 5.2 17 330 M M 0 25 330
26 49 30 40 0 25 0 0.10 M M 6.2 18 50 M M 3 24 60
27 59 41 50 10 15 0 0.21 M M 7.6 21 240 M M 7 1 30 230
28 52 42 47 7 18 0 0.80 M M 4.9 14 110 M M 9 1 20 100
================================================================================
SM 1270 874 739 0 6.41 M 210.1 M 164
================================================================================
AV 45.4 31.2 7.5 FASTST M M 6 MAX(MPH)
MISC ----> # 25 50 36 240
================================================================================
NOTES:
# LAST OF SEVERAL OCCURRENCES
COLUMN 17 PEAK WIND IN M.P.H.
PRELIMINARY LOCAL CLIMATOLOGICAL DATA (WS FORM: F-6) , PAGE 2
STATION: GEORGETOWN DE
MONTH: FEBRUARY
YEAR: 2021
LATITUDE: 38 41 N
LONGITUDE: 75 22 W
[TEMPERATURE DATA] [PRECIPITATION DATA] SYMBOLS USED IN COLUMN 16
AVERAGE MONTHLY: 38.3 TOTAL FOR MONTH: 6.41 1 = FOG OR MIST
DPTR FM NORMAL: 0.8 DPTR FM NORMAL: 3.62 2 = FOG REDUCING VISIBILITY
HIGHEST: 64 ON 16 GRTST 24HR 1.32 ON 31- 1 TO 1/4 MILE OR LESS
LOWEST: 24 ON 21 3 = THUNDER
SNOW, ICE PELLETS, HAIL 4 = ICE PELLETS
TOTAL MONTH: M 5 = HAIL
GRTST 24HR M ON M 6 = FREEZING RAIN OR DRIZZLE
GRTST DEPTH: M ON M 7 = DUSTSTORM OR SANDSTORM:
VSBY 1/2 MILE OR LESS
8 = SMOKE OR HAZE
[NO. OF DAYS WITH] [WEATHER - DAYS WITH] 9 = BLOWING SNOW
X = TORNADO
MAX 32 OR BELOW: 0 0.01 INCH OR MORE: 15
MAX 90 OR ABOVE: 0 0.10 INCH OR MORE: 12
MIN 32 OR BELOW: 21 0.50 INCH OR MORE: 5
MIN 0 OR BELOW: 0 1.00 INCH OR MORE: 0
[HDD (BASE 65) ]
TOTAL THIS MO. 739 CLEAR (SCALE 0-3) 10
DPTR FM NORMAL -31 PTCLDY (SCALE 4-7) 6
TOTAL FM JUL 1 2771 CLOUDY (SCALE 8-10) 12
DPTR FM NORMAL -508
[CDD (BASE 65) ]
TOTAL THIS MO. 0
DPTR FM NORMAL 0 [PRESSURE DATA]
TOTAL FM JAN 1 0 HIGHEST SLP 30.61 ON 21
DPTR FM NORMAL 0 LOWEST SLP 29.43 ON 2
[REMARKS]
#FINAL-02-21#