000
CXUS55 KRIW 011425
CF6GEY
PRELIMINARY LOCAL CLIMATOLOGICAL DATA (WS FORM: F-6)
STATION: GREYBULL WY
MONTH: MARCH
YEAR: 2021
LATITUDE: 44 30 N
LONGITUDE: 108 4 W
TEMPERATURE IN F: :PCPN: SNOW: WIND :SUNSHINE: SKY :PK WND
================================================================================
1 2 3 4 5 6A 6B 7 8 9 10 11 12 13 14 15 16 17 18
12Z AVG MX 2MIN
DY MAX MIN AVG DEP HDD CDD WTR SNW DPTH SPD SPD DIR MIN PSBL S-S WX SPD DR
================================================================================
1 40 2 21 -9 44 0 0.00 M M 3.5 10 130 M M 0 13 140
2 43 10 27 -4 38 0 0.00 M M 3.0 10 140 M M 0 15 250
3 47 10 29 -3 36 0 0.00 M M 2.1 9 270 M M 0 11 270
4 47 14 31 -1 34 0 0.00 M M 2.3 7 290 M M 0 11 100
5 51 16 34 2 31 0 0.00 M M 1.8 7 260 M M 0 10 90
6 58 20 39 6 26 0 0.00 M M 4.2 17 290 M M 0 24 290
7 57 26 42 8 23 0 0.00 M M 4.5 14 310 M M 0 22 300
8 56 26 41 7 24 0 0.00 M M 5.9 17 300 M M 0 21 300
9 50 32 41 7 24 0 0.00 M M 9.8 22 330 M M 5 27 330
10 45 31 38 3 27 0 T M M 7.3 20 130 M M 9 1 27 100
11 45 27 36 1 29 0 0.00 M M 3.1 12 150 M M 5 17 210
12 49 21 35 -1 30 0 0.00 M M 4.5 10 190 M M 0 15 140
13 55 20 38 2 27 0 0.00 M M 4.9 15 350 M M 1 22 330
14 53 32 43 7 22 0 0.00 M M 5.7 20 200 M M 5 26 200
15 51 29 40 3 25 0 0.00 M M 12.1 32 330 M M 5 46 340
16 42 30 36 -1 29 0 0.00 M M 18.0 30 340 M M 8 39 340
17 54 21 38 0 27 0 0.00 M M 3.8 13 140 M M 0 19 140
18 60 25 43 5 22 0 0.00 M M 5.7 16 130 M M 0 22 130
19 69 26 48 10 17 0 0.00 M M 6.4 15 160 M M 0 24 160
20 53 38 46 7 19 0 0.01 M M 12.7 30 290 M M 8 38 290
21 49 32 41 2 24 0 0.00 M M 11.3 25 340 M M 6 33 340
22 48 22 35 -4 30 0 0.00 M M 4.7 12 70 M M 5 17 50
23 49 26 38 -2 27 0 0.00 M M 17.1 32 330 M M 3 41 330
24 49 20 35 -5 30 0 0.00 M M 6.9 22 130 M M 1 29 130
25 51 24 38 -2 27 0 0.00 M M 5.2 13 320 M M 5 17 30
26 46 32 39 -2 26 0 0.02 M M 7.8 22 350 M M 8 18 30 340
27 55 32 44 3 21 0 T M M 4.6 13 320 M M 6 19 340
28 67 30 49 8 16 0 0.00 M M 7.2 21 150 M M 0 31 170
29 52 25 39 -2 26 0 T M M 19.1 52 330 M M 4 1 69 330
30 40 19 30 -12 35 0 0.00 M M 9.6 15 290 M M 6 32 350
31 50 16 33 -9 32 0 0.00 M M 3.9 13 150 M M 0 8 17 160
================================================================================
SM 1581 734 848 0 0.03 M 218.7 M 90
================================================================================
AV 51.0 23.7 7.1 FASTST M M 3 MAX(MPH)
MISC ----> 52 330 69 330
================================================================================
NOTES:
# LAST OF SEVERAL OCCURRENCES
COLUMN 17 PEAK WIND IN M.P.H.
PRELIMINARY LOCAL CLIMATOLOGICAL DATA (WS FORM: F-6) , PAGE 2
STATION: GREYBULL WY
MONTH: MARCH
YEAR: 2021
LATITUDE: 44 30 N
LONGITUDE: 108 4 W
[TEMPERATURE DATA] [PRECIPITATION DATA] SYMBOLS USED IN COLUMN 16
AVERAGE MONTHLY: 37.3 TOTAL FOR MONTH: 0.03 1 = FOG OR MIST
DPTR FM NORMAL: 0.4 DPTR FM NORMAL: -0.37 2 = FOG REDUCING VISIBILITY
HIGHEST: 69 ON 19 GRTST 24HR 0.02 ON 26-26 TO 1/4 MILE OR LESS
LOWEST: 2 ON 1 3 = THUNDER
SNOW, ICE PELLETS, HAIL 4 = ICE PELLETS
TOTAL MONTH: M 5 = HAIL
GRTST 24HR M ON M 6 = FREEZING RAIN OR DRIZZLE
GRTST DEPTH: M ON M 7 = DUSTSTORM OR SANDSTORM:
VSBY 1/2 MILE OR LESS
8 = SMOKE OR HAZE
[NO. OF DAYS WITH] [WEATHER - DAYS WITH] 9 = BLOWING SNOW
X = TORNADO
MAX 32 OR BELOW: 0 0.01 INCH OR MORE: 2
MAX 90 OR ABOVE: 0 0.10 INCH OR MORE: 0
MIN 32 OR BELOW: 30 0.50 INCH OR MORE: 0
MIN 0 OR BELOW: 0 1.00 INCH OR MORE: 0
[HDD (BASE 65) ]
TOTAL THIS MO. 848 CLEAR (SCALE 0-3) 16
DPTR FM NORMAL -23 PTCLDY (SCALE 4-7) 13
TOTAL FM JUL 1 6492 CLOUDY (SCALE 8-10) 2
DPTR FM NORMAL -350
[CDD (BASE 65) ]
TOTAL THIS MO. 0
DPTR FM NORMAL 0 [PRESSURE DATA]
TOTAL FM JAN 1 0 HIGHEST SLP 30.53 ON 31
DPTR FM NORMAL 0 LOWEST SLP 29.30 ON 29
[REMARKS]
#FINAL-03-21#