000
CXUS53 KIND 010600
CF6GEZ
PRELIMINARY LOCAL CLIMATOLOGICAL DATA (WS FORM: F-6)
STATION: SHELBYVILLE IN
MONTH: SEPTEMBER
YEAR: 2022
LATITUDE: 39 35 N
LONGITUDE: 85 48 W
TEMPERATURE IN F: :PCPN: SNOW: WIND :SUNSHINE: SKY :PK WND
================================================================================
1 2 3 4 5 6A 6B 7 8 9 10 11 12 13 14 15 16 17 18
12Z AVG MX 2MIN
DY MAX MIN AVG DEP HDD CDD WTR SNW DPTH SPD SPD DIR MIN PSBL S-S WX SPD DR
================================================================================
1 85 59 72 0 0 7 0.00 M M 2.8 8 210 M M 0 11 170
2 86 63 75 4 0 10 0.00 M M 4.5 13 120 M M 0 1 20 100
3 77 68 73 2 0 8 0.63 M M 4.8 20 230 M M 4 13 29 240
4 83 66 75 4 0 10 T M M 3.3 10 70 M M 7 123 14 50
5 84 70 77 6 0 12 0.01 M M 6.3 10 10 M M 7 1 16 10
6 83 64 74 4 0 9 0.06 M M 5.6 12 50 M M 7 13 16 50
7 82 61 72 2 0 7 0.00 M M 5.9 16 340 M M 2 18 22 330
8 82 56 69 -1 0 4 0.00 M M 3.6 12 70 M M 0 1 16 60
9 85 57 71 1 0 6 0.00 M M 5.9 12 150 M M 1 16 140
10 87 64 76 7 0 11 T M M 4.2 15 150 M M 3 1 20 170
11 78 64 71 2 0 6 2.09 M M 8.2 17 260 M M 9 13 22 290
12 70 57 64 -5 1 0 0.15 M M 9.5 18 280 M M 8 29 270
13 69 56 63 -6 2 0 0.00 M M 5.1 12 260 M M 7 16 260
14 82 55 69 1 0 4 0.00 M M 1.2 7 330 M M 3 128 11 320
15 85 56 71 3 0 6 0.00 M M 1.4 7 100 M M 1 12 9 140
16 85 56 71 3 0 6 0.00 M M 4.8 10 170 M M 0 18 16 130
17 86 61 74 7 0 9 0.00 M M 6.8 16 190 M M 1 20 200
18 86 62 74 7 0 9 0.00 M M 8.1 17 210 M M 1 21 220
19 82 65 74 7 0 9 0.35 M M 6.8 20 180 M M 4 123 26 200
20 89 59 74 8 0 9 0.00 M M 4.9 10 180 M M 0 12 16 170
21 95 71 83 17 0 18 0.00 M M 8.4 17 340 M M 2 3 23 350
22 78 52 65 -1 0 0 0.00 M M 12.6 21 330 M M 1 32 320
23 69 43 56 -9 9 0 T M M 3.3 9 70 M M 2 14 80
24 78 55 67 2 0 2 0.19 M M 7.8 16 220 M M 6 1 23 220
25 74 56 65 1 0 0 T M M 9.6 21 290 M M 4 30 280
26 70 51 61 -3 4 0 0.00 M M 9.6 24 270 M M 3 32 290
27 68 43 56 -8 9 0 0.00 M M 8.8 23 320 M M 1 30 290
28 66 43 55 -8 10 0 0.00 M M 7.0 15 30 M M 5 23 20
29 71 41 56 -7 9 0 0.00 M M 6.7 14 60 M M 1 20 50
30 74 42 58 -5 7 0 0.00 M M 7.7 15 30 M M 0 22 40
================================================================================
SM 2389 1716 51 162 3.48 M 185.2 M 90
================================================================================
AV 79.6 57.2 6.2 FASTST M M 3 MAX(MPH)
MISC ----> 24 270 # 32 320
================================================================================
NOTES:
# LAST OF SEVERAL OCCURRENCES
COLUMN 17 PEAK WIND IN M.P.H.
PRELIMINARY LOCAL CLIMATOLOGICAL DATA (WS FORM: F-6) , PAGE 2
STATION: SHELBYVILLE IN
MONTH: SEPTEMBER
YEAR: 2022
LATITUDE: 39 35 N
LONGITUDE: 85 48 W
[TEMPERATURE DATA] [PRECIPITATION DATA] SYMBOLS USED IN COLUMN 16
AVERAGE MONTHLY: 68.4 TOTAL FOR MONTH: 3.48 1 = FOG OR MIST
DPTR FM NORMAL: 0.9 DPTR FM NORMAL: 0.34 2 = FOG REDUCING VISIBILITY
HIGHEST: 95 ON 21 GRTST 24HR 2.09 ON 10-11 TO 1/4 MILE OR LESS
LOWEST: 41 ON 29 3 = THUNDER
SNOW, ICE PELLETS, HAIL 4 = ICE PELLETS
TOTAL MONTH: M 5 = HAIL
GRTST 24HR M ON M 6 = FREEZING RAIN OR DRIZZLE
GRTST DEPTH: M ON M 7 = DUSTSTORM OR SANDSTORM:
VSBY 1/2 MILE OR LESS
8 = SMOKE OR HAZE
[NO. OF DAYS WITH] [WEATHER - DAYS WITH] 9 = BLOWING SNOW
X = TORNADO
MAX 32 OR BELOW: 0 0.01 INCH OR MORE: 7
MAX 90 OR ABOVE: 1 0.10 INCH OR MORE: 5
MIN 32 OR BELOW: 0 0.50 INCH OR MORE: 2
MIN 0 OR BELOW: 0 1.00 INCH OR MORE: 1
[HDD (BASE 65) ]
TOTAL THIS MO. 51 CLEAR (SCALE 0-3) 19
DPTR FM NORMAL -6 PTCLDY (SCALE 4-7) 10
TOTAL FM JUL 1 51 CLOUDY (SCALE 8-10) 1
DPTR FM NORMAL -8
[CDD (BASE 65) ]
TOTAL THIS MO. 162
DPTR FM NORMAL 29 [PRESSURE DATA]
TOTAL FM JAN 1 1426 HIGHEST SLP M ON M
DPTR FM NORMAL 304 LOWEST SLP 29.71 ON 25
[REMARKS]
#FINAL-09-22#