000
CXUS53 KIND 011532
CLMGEZ
CLIMATE REPORT
NATIONAL WEATHER SERVICE INDIANAPOLIS IN
1132 AM EDT MON APR 01 2024
...................................
...THE SHELBYVILLE IN CLIMATE SUMMARY FOR THE MONTH OF MARCH 2024...
CLIMATE NORMAL PERIOD 1991 TO 2020
CLIMATE RECORD PERIOD 9999 TO 9999
WEATHER OBSERVED NORMAL DEPART LAST YEAR`S
VALUE DATE(S) VALUE FROM VALUE DATE(S)
NORMAL
................................................................
TEMPERATURE (F)
HIGHEST 79 03/30 79 03/01
LOWEST 24 03/21 18 03/19
AVG. MAXIMUM 60.8 53.0 7.8 54.6
AVG. MINIMUM 40.5 33.6 6.9 33.9
MEAN 50.6 43.3 7.3 44.3
DAYS MAX >= 90 0 0.0 0.0 0
DAYS MAX <= 32 0 1.5 -1.5 1
DAYS MIN <= 32 7 15.9 -8.9 13
DAYS MIN <= 0 0 0.0 0.0 0
PRECIPITATION (INCHES)
TOTALS 3.30R 3.45 -0.15 6.67
DAILY AVG. 0.13 0.11 0.02 0.22
DAYS >= .01 6 11.5 -5.5 14
DAYS >= .10 5 6.6 -1.6 8
DAYS >= .50 3 2.6 0.4 4
DAYS >= 1.00 1 0.6 0.4 2
GREATEST
24 HR. TOTAL 1.08 03/05 TO 03/05
DEGREE DAYS
HEATING TOTAL 344 676 -332 637
SINCE 7/1 3525 4591 -1066 MM
COOLING TOTAL 4 3 1 0
SINCE 1/1 4 3 1 MM
................................................................
WIND (MPH)
AVERAGE WIND SPEED 10.7
HIGHEST WIND SPEED/DIRECTION 38/270 DATE 03/14
HIGHEST GUST SPEED/DIRECTION 58/270 DATE 03/14
SKY COVER
AVERAGE SKY COVER 0.47
AVERAGE RH (PERCENT) 62
WEATHER CONDITIONS. NUMBER OF DAYS WITH
THUNDERSTORM 2 MIXED PRECIP 0
HEAVY RAIN 2 RAIN 5
LIGHT RAIN 10 FREEZING RAIN 0
LT FREEZING RAIN 0 HAIL 0
HEAVY SNOW 0 SNOW 0
LIGHT SNOW 1 SLEET 0
FOG 12 FOG W/VIS <= 1/4 MILE 0
HAZE 10
- INDICATES NEGATIVE NUMBERS.
R INDICATES RECORD WAS SET OR TIED.
MM INDICATES DATA IS MISSING.
T INDICATES TRACE AMOUNT.
$$