000
CXUS53 KGLD 011827
CLMGLD
CLIMATE REPORT
NATIONAL WEATHER SERVICE
1227 PM MDT MON MAY 01 2023
...................................
...THE GOODLAND KS CLIMATE SUMMARY FOR THE MONTH OF APRIL 2023...
CLIMATE NORMAL PERIOD: 1991 TO 2020
CLIMATE RECORD PERIOD: 1895 TO 2023
WEATHER OBSERVED NORMAL DEPART LAST YEAR`S
VALUE DATE(S) VALUE FROM VALUE DATE(S)
NORMAL
................................................................
TEMPERATURE (F)
RECORD
HIGH 96 04/30/1992
04/22/1989
LOW 0 04/02/1936
HIGHEST 93 04/12 86 7 92 04/22
LOWEST 17 04/23 21 -4 14 04/14
AVG. MAXIMUM 66.4 64.0 2.4 67.1
AVG. MINIMUM 33.0 34.6 -1.6 31.1
MEAN 49.7 49.3 0.4 49.1
DAYS MAX >= 90 1 0.2 0.8 1
DAYS MAX <= 32 0 0.4 -0.4 0
DAYS MIN <= 32 14 11.8 2.2 18
DAYS MIN <= 0 0 0.0 0.0 0
PRECIPITATION (INCHES)
RECORD
MAXIMUM 5.69 1944
MINIMUM T 1963
TOTALS 0.56 1.69 -1.13 0.04
DAILY AVG. 0.02 0.06 -0.04 0.00
DAYS >= .01 5 8.2 -3.2 1
DAYS >= .10 3 4.1 -1.1 0
DAYS >= .50 0 0.9 -0.9 0
DAYS >= 1.00 0 0.3 -0.3 0
GREATEST
24 HR. TOTAL 0.29 04/25 TO 04/26 0.04
STORM TOTAL 0.24
(MM/DD(HH))
SNOWFALL (INCHES)
RECORDS
TOTAL 22.0 1984
TOTALS T 3.2 -3.2 T
SINCE 7/1 40.6 29.7 10.9 25.6
SNOWDEPTH AVG. 0 0
DAYS >= 1.0 0 1.2 -1.2 0
GREATEST
SNOW DEPTH 0 0
DEGREE DAYS
HEATING TOTAL 472 474 -2 474
SINCE 7/1 5884 5550 334 5194
COOLING TOTAL 19 3 16 5
SINCE 1/1 19 3 16 5
................................................................
WIND (MPH)
AVERAGE WIND SPEED 14.3
HIGHEST WIND SPEED/DIRECTION 48/330 DATE 04/19
HIGHEST GUST SPEED/DIRECTION 64/340 DATE 04/19
SKY COVER
AVERAGE SKY COVER 0.21
AVERAGE RH (PERCENT) 48
WEATHER CONDITIONS. NUMBER OF DAYS WITH
THUNDERSTORM 3 MIXED PRECIP 0
HEAVY RAIN 0 RAIN 1
LIGHT RAIN 7 FREEZING RAIN 0
LT FREEZING RAIN 0 HAIL 0
HEAVY SNOW 0 SNOW 0
LIGHT SNOW 3 SLEET 0
FOG 5 FOG W/VIS <= 1/4 MILE 1
HAZE 3
- INDICATES NEGATIVE NUMBERS.
R INDICATES RECORD WAS SET OR TIED.
MM INDICATES DATA IS MISSING.
T INDICATES TRACE AMOUNT.
$$