000
CXUS52 KJAX 011315
CLMGNV
CLIMATE REPORT
NATIONAL WEATHER SERVICE JACKSONVILLE FL
915 AM EDT SAT APR 01 2023
...................................
...THE GAINESVILLE CLIMATE SUMMARY FOR THE MONTH OF MARCH 2023...
CLIMATE NORMAL PERIOD: 1991 TO 2020
CLIMATE RECORD PERIOD: 1890 TO 2023
WEATHER OBSERVED NORMAL DEPART LAST YEAR`S
VALUE DATE(S) VALUE FROM VALUE DATE(S)
NORMAL
................................................................
TEMPERATURE (F)
RECORD
HIGH 96 03/31/1907
LOW 22 03/03/1980
HIGHEST 88 03/07 86 2 87 03/07
03/26
03/08
03/30
LOWEST 33 03/16 32 1 33 03/13
AVG. MAXIMUM 79.7 75.8 3.9 79.0
AVG. MINIMUM 53.0 49.7 3.3 53.2
MEAN 66.4 62.7 3.7 66.1
DAYS MAX >= 90 0 0.0 0.0 0
DAYS MIN <= 32 0 1.2 -1.2 0
PRECIPITATION (INCHES)
RECORD
MAXIMUM 12.59 2022
MINIMUM T 1945
TOTALS 4.68 3.49 1.19 12.59
DAILY AVG. 0.15 0.11 0.04 0.41
DAYS >= .01 7 7.4 -0.4 13
DAYS >= .10 4 5.3 -1.3 9
DAYS >= .50 3 2.2 0.8 7
DAYS >= 1.00 2 1.0 1.0 6
GREATEST
24 HR. TOTAL 2.38 03/13 TO 03/13
SNOWFALL (INCHES)
RECORDS
TOTAL T 1991
TOTALS 0.0 0.0 0.0 0.0
DEGREE DAYS
HEATING TOTAL 77 132 -55 60
SINCE 7/1 740 1101 -361 MM
COOLING TOTAL 127 62 65 103
SINCE 1/1 269 106 163 MM
................................................................
WIND (MPH)
AVERAGE WIND SPEED 6.6
HIGHEST WIND SPEED/DIRECTION 32/210 DATE 03/13
HIGHEST GUST SPEED/DIRECTION 62/230 DATE 03/13
SKY COVER
AVERAGE SKY COVER 0.31
AVERAGE RH (PERCENT) 68
WEATHER CONDITIONS. NUMBER OF DAYS WITH
THUNDERSTORM 3 MIXED PRECIP 0
HEAVY RAIN 4 RAIN 5
LIGHT RAIN 7 FREEZING RAIN 0
LT FREEZING RAIN 0 HAIL 0
HEAVY SNOW 0 SNOW 0
LIGHT SNOW 0 SLEET 0
FOG 17 FOG W/VIS <= 1/4 MILE 7
HAZE 0
- INDICATES NEGATIVE NUMBERS.
R INDICATES RECORD WAS SET OR TIED.
MM INDICATES DATA IS MISSING.
T INDICATES TRACE AMOUNT.
$$