000
CXUS55 KMSO 060130
CLMGPI
CLIMATE REPORT
NATIONAL WEATHER SERVICE MISSOULA MT
730 PM MDT FRI APR 05 2024
...................................
...THE KALISPELL MT CLIMATE SUMMARY FOR THE MONTH OF MARCH 2024...
CLIMATE NORMAL PERIOD 1991 TO 2020
CLIMATE RECORD PERIOD 1894 TO 2024
WEATHER OBSERVED NORMAL DEPART LAST YEAR`S
VALUE DATE(S) VALUE FROM VALUE
NORMAL
..............................................................
TEMPERATURE (F)
RECORD
HIGH 73 03/30/2004
LOW -29 03/03/1960
HIGHEST 65 03/18 MM MM 53
03/19
03/20
LOWEST 12 03/07 MM MM 4
AVG. MAXIMUM 47.2 45.1 2.1 41.3
AVG. MINIMUM 24.6 24.0 0.6 18.6
MEAN 35.9 34.5 1.4
DAYS MAX >= 90 0 0.0 0.0 0
DAYS MAX <= 32 1 2.3 -1.3 3
DAYS MIN <= 32 27 26.6 0.4 31
DAYS MIN <= 0 0 0.4 -0.4 0
PRECIPITATION (INCHES)
RECORD
MAXIMUM 2.96 1987
MINIMUM 0.08 1994
TOTALS 0.55 1.11 -0.56
DAILY AVG. 0.02 0.04 -0.02 0.01
DAYS >= .01 8 12.4 -4.4 6
DAYS >= .10 2 3.8 -1.8 0
DAYS >= .50 0 0.1 -0.1 0
DAYS >= 1.00 0 0.0 0.0 0
GREATEST
24 HR. TOTAL 0.16 03/27 TO 03/28 0.22
SNOWFALL (INCHES)
TOTALS 2.3 5.4 -3.1 3.8
SINCE 7/1 39.9 52.7 -12.8 MM
DAYS >= TRACE 6 4.0 2.0 9
DAYS >= 1.0 2 2.0 0.0 1
GREATEST
SNOW DEPTH 1 03/04
03/24
03/25
24 HR TOTAL MM MM
DEGREE DAYS
HEATING TOTAL 894 944 -50
SINCE 7/1 6364 6788 -424
COOLING TOTAL 0 0 0
SINCE 1/1 0 0 0
..............................................................
WIND (MPH)
AVERAGE WIND SPEED 6.6
HIGHEST WIND SPEED/DIRECTION 28/010 DATE 03/23
HIGHEST GUST SPEED/DIRECTION 41/010 DATE 03/23
SKY COVER
POSSIBLE SUNSHINE (PERCENT) MM
AVERAGE SKY COVER 0.46
NUMBER OF DAYS FAIR 12
NUMBER OF DAYS PC 12
NUMBER OF DAYS CLOUDY 7
AVERAGE RH (PERCENT) 68
WEATHER CONDITIONS. NUMBER OF DAYS WITH
THUNDERSTORM 0 MIXED PRECIP 0
HEAVY RAIN 0 RAIN 1
LIGHT RAIN 7 FREEZING RAIN 0
LT FREEZING RAIN 0 HAIL 0
HEAVY SNOW 1 SNOW 2
LIGHT SNOW 9 SLEET 0
FOG 8 FOG W/VIS <= 1/4 MILE 2
HAZE 6
- INDICATES NEGATIVE NUMBERS.
R INDICATES RECORD WAS SET OR TIED.
MM INDICATES DATA IS MISSING.
T INDICATES TRACE AMOUNT.
$$