000
CXUS53 KGRB 010715
CLMGRB
CLIMATE REPORT
NATIONAL WEATHER SERVICE GREEN BAY
215 AM CDT MON APR 01 2024
...................................
...THE GREEN BAY WI CLIMATE SUMMARY FOR THE MONTH OF MARCH 2024...
CLIMATE NORMAL PERIOD: 1991 TO 2020
CLIMATE RECORD PERIOD: 1886 TO 2024
WEATHER OBSERVED NORMAL DEPART LAST YEAR`S
VALUE DATE(S) VALUE FROM VALUE DATE(S)
NORMAL
................................................................
TEMPERATURE (F)
RECORD
HIGH 82 03/21/2012
03/29/1910
LOW -29 03/01/1962
HIGHEST 72 03/12 59 13 46 03/26
LOWEST 8 03/23 0 8 1 03/15
AVG. MAXIMUM 47.7 40.4 7.3 37.6
AVG. MINIMUM 28.5 23.9 4.6 20.5
MEAN 38.1 32.1 6.0 29.0
DAYS MAX >= 90 0 0.0 0.0 0
DAYS MAX <= 32 1 6.8 -5.8 4
DAYS MIN <= 32 23 25.2 -2.2 29
DAYS MIN <= 0 0 1.3 -1.3 0
PRECIPITATION (INCHES)
RECORD
MAXIMUM 6.03 2022
MINIMUM 0.15 1999
TOTALS 2.35 1.96 0.39 4.01
DAYS >= .01 8 10.4 -2.4 14
DAYS >= .10 5 5.1 -0.1 7
DAYS >= .50 2 1.3 0.7 3
DAYS >= 1.00 0 0.2 -0.2 1
GREATEST
24 HR. TOTAL 1.01 03/25 TO 03/26
SNOWFALL (INCHES)
RECORDS
TOTAL 48.2 1888
TOTALS 7.0 8.1 -1.1 25.8
SINCE 7/1 40.2 50.9 -10.7 MM
SNOWDEPTH AVG. 0 5
DAYS >= 1.0 2 2.6 -0.6 5
GREATEST
SNOW DEPTH 5 03/22 15 03/13
03/23
24 HR TOTAL MM
DEGREE DAYS
HEATING TOTAL 825 1019 -194 1107
SINCE 7/1 5308 6529 -1221 MM
COOLING TOTAL 0 0 0 0
SINCE 1/1 0 0 0 MM
................................................................
WIND (MPH)
AVERAGE WIND SPEED 10.5
HIGHEST WIND SPEED/DIRECTION 32/160 DATE 03/03
HIGHEST GUST SPEED/DIRECTION 47/140 DATE 03/03
SKY COVER
POSSIBLE SUNSHINE (PERCENT) MM
AVERAGE SKY COVER 0.43
NUMBER OF DAYS FAIR 15
NUMBER OF DAYS PC 7
NUMBER OF DAYS CLOUDY 9
AVERAGE RH (PERCENT) 62
WEATHER CONDITIONS. NUMBER OF DAYS WITH
THUNDERSTORM 1 MIXED PRECIP 0
HEAVY RAIN 2 RAIN 3
LIGHT RAIN 6 FREEZING RAIN 0
LT FREEZING RAIN 0 HAIL 1
HEAVY SNOW 0 SNOW 2
LIGHT SNOW 8 SLEET 0
FOG 10 FOG W/VIS <= 1/4 MILE 1
HAZE 4
- INDICATES NEGATIVE NUMBERS.
R INDICATES RECORD WAS SET OR TIED.
MM INDICATES DATA IS MISSING.
T INDICATES TRACE AMOUNT.
$$