000
CXUS53 KGRB 021349
CLSGRB
CLIMATE REPORT
NATIONAL WEATHER SERVICE GREEN BAY
749 AM CST SAT DEC 02 2023
...................................
...THE GREEN BAY WI FALL CLIMATE SUMMARY FROM 9/1/2023 TO 11/30/2023...
CLIMATE NORMAL PERIOD: 1991 TO 2020
CLIMATE RECORD PERIOD: 1886 TO 2023
WEATHER OBSERVED NORMAL DEPART LAST YEAR`S
VALUE DATE(S) VALUE FROM VALUE DATE(S)
NORMAL
................................................................
TEMPERATURE (F)
RECORD
HIGH 97 09/10/1931
LOW -12 11/28/1887
HIGHEST 92 09/03 85 7 87 09/01
LOWEST 10 11/28 9 1 10 11/20
AVG. MAXIMUM 60.7 57.8 2.9 60.9
AVG. MINIMUM 41.2 39.5 1.7 40.7
MEAN 51.0 48.6 2.4 50.8
DAYS MAX >= 90 2 0.3 1.7 0
DAYS MAX <= 32 5 4.4 0.6 5
DAYS MIN <= 32 24 28.7 -4.7 22
DAYS MIN <= 0 0 0.1 -0.1 0
PRECIPITATION (INCHES)
RECORD
MAXIMUM 16.83 2019
MINIMUM 1.26 1976
TOTALS 4.66 7.85 -3.19 7.35
DAILY AVG. 0.05 0.09 -0.04 0.08
DAYS >= .01 25 29.7 -4.7 26
DAYS >= .10 9 16.5 -7.5 13
DAYS >= .50 3 4.8 -1.8 6
DAYS >= 1.00 1 1.7 -0.7 1
SNOWFALL (INCHES)
RECORDS
TOTAL 26.0 1887
24 HR TOTAL 1.1
TOTALS 2.7 3.4 -0.7 3.0
SINCE 7/1 2.7 3.4 -0.7 3.0
DAYS >= TRACE 5 3.9 1.1 12
DAYS >= 1.0 1 1.1 -0.1 2
GREATEST
SNOW DEPTH 2 11/26 1 11/18
11/28
11/27
24 HR TOTAL MM
DEGREE DAYS
HEATING TOTAL 1358 1540 -182 1344
SINCE 7/1 1381 1581 -200 1345
COOLING TOTAL 106 51 55 70
SINCE 1/1 624 508 116 702
FREEZE DATES
RECORD
EARLIEST 09/12/1955
LATEST 06/06/1958
EARLIEST 10/29
LATEST 04/26
................................................................
WIND (MPH)
AVERAGE WIND SPEED 7.7
RESULTANT WIND SPEED/DIRECTION 1/260
HIGHEST WIND SPEED/DIRECTION 33/280 DATE 11/09
HIGHEST GUST SPEED/DIRECTION 45/280 DATE 11/09
SKY COVER
POSSIBLE SUNSHINE (PERCENT) MM
AVERAGE SKY COVER 0.44
NUMBER OF DAYS FAIR 41
NUMBER OF DAYS PC 26
NUMBER OF DAYS CLOUDY 24
AVERAGE RH (PERCENT) 71
WEATHER CONDITIONS. NUMBER OF DAYS WITH
THUNDERSTORM 7 MIXED PRECIP 0
HEAVY RAIN 3 RAIN 9
LIGHT RAIN 31 FREEZING RAIN 0
LT FREEZING RAIN 0 HAIL 0
HEAVY SNOW 0 SNOW 0
LIGHT SNOW 4 SLEET 0
FOG 37 FOG W/VIS <= 1/4 MILE 6
HAZE 7
- INDICATES NEGATIVE NUMBERS.
R INDICATES RECORD WAS SET OR TIED.
MM INDICATES DATA IS MISSING.
T INDICATES TRACE AMOUNT.
$$