000
CXUS53 KGID 290830
CF6GRI
PRELIMINARY LOCAL CLIMATOLOGICAL DATA (WS FORM: F-6)
STATION: GRAND ISLAND NE
MONTH: MARCH
YEAR: 2024
LATITUDE: 40 58 N
LONGITUDE: 98 19 W
TEMPERATURE IN F: :PCPN: SNOW: WIND :SUNSHINE: SKY :PK WND
================================================================================
1 2 3 4 5 6A 6B 7 8 9 10 11 12 13 14 15 16 17 18
12Z AVG MX 2MIN
DY MAX MIN AVG DEP HDD CDD WTR SNW DPTH SPD SPD DIR MIN PSBL S-S WX SPD DR
================================================================================
1 62 31 47 13 18 0 0.00 0.0 0 16.4 23 190 M M 0 31 200
2 52 33 43 8 22 0 0.00 0.0 0 11.0 21 170 M M 5 128 27 160
3 65 33 49 14 16 0 0.00 0.0 0 14.7 32 310 M M 0 42 300
4 58 26 42 6 23 0 0.00 0.0 0 14.6 25 10 M M 3 32 10
5 57 20 39 3 26 0 0.00 0.0 0 5.7 17 290 M M 0 23 280
6 57 31 44 7 21 0 0.00 0.0 0 9.9 23 180 M M 2 32 170
7 53 28 41 4 24 0 T T 0 16.9 28 30 M M 6 37 50
8 40 24 32 -6 33 0 0.17 2.2 1 14.8 28 10 M M 8 1 34 360
9 54 20 37 -1 28 0 0.00 0.0 0 7.6 15 260 M M 0 20 300
10 68 28 48 10 17 0 0.00 0.0 0 10.8 25 210 M M 0 33 220
11 76 39 58 19 7 0 0.00 0.0 0 13.5 32 220 M M 0 42 220
12 70 38 54 15 11 0 0.00 0.0 0 7.3 14 10 M M 0 19 10
13 72 40 56 16 9 0 0.00 0.0 0 9.3 24 20 M M 4 33 20
14 53 40 47 7 18 0 0.14 0.0 0 13.8 31 50 M M 10 41 50
15 58 32 45 5 20 0 0.00 0.0 0 11.8 18 360 M M 1 25 350
16 58 32 45 4 20 0 0.00 0.0 0 13.7 30 330 M M 0 38 320
17 42 18 30 -11 35 0 0.00 0.0 0 14.7 28 360 M M 0 38 340
18 50 13 32 -10 33 0 0.00 0.0 0 10.7 22 210 M M 0 29 210
19 68 36 52 10 13 0 0.00 0.0 0 11.5 24 360 M M 0 30 10
20 47 29 38 -4 27 0 0.00 0.0 0 12.5 25 50 M M 0 31 50
21 58 27 43 0 22 0 0.00 0.0 0 11.1 18 150 M M 5 25 170
22 45 26 36 -7 29 0 0.00 0.0 0 16.1 30 360 M M 7 38 350
23 42 26 34 -10 31 0 T T 0 12.4 24 130 M M 7 33 130
24 53 30 42 -2 23 0 1.03 0.0 0 14.4 28 160 M M 9 13 38 170
25 36 24 30 -14 35 0 0.55 1.7 T 26.6 39 350 M M 10 168 54 350
26 29 18 24 -21 41 0 0.05 0.5 2 17.4 33 340 M M 4 1 44 340
27 47 16 32 -13 33 0 0.01 T T 7.4 21 230 M M 3 8 28 220
28 68 34 51 6 14 0 0.00 0.0 0 10.9 22 210 M M 0 30 210
================================================================================
SM 1538 792 649 0 1.95 4.4 357.5 M 84
================================================================================
AV 54.9 28.3 12.8 FASTST M M 3 MAX(MPH)
MISC ----> 39 350 54 350
================================================================================
NOTES:
# LAST OF SEVERAL OCCURRENCES
COLUMN 17 PEAK WIND IN M.P.H.
PRELIMINARY LOCAL CLIMATOLOGICAL DATA (WS FORM: F-6) , PAGE 2
STATION: GRAND ISLAND NE
MONTH: MARCH
YEAR: 2024
LATITUDE: 40 58 N
LONGITUDE: 98 19 W
[TEMPERATURE DATA] [PRECIPITATION DATA] SYMBOLS USED IN COLUMN 16
AVERAGE MONTHLY: 41.6 TOTAL FOR MONTH: 1.95 1 = FOG OR MIST
DPTR FM NORMAL: 1.5 DPTR FM NORMAL: 0.75 2 = FOG REDUCING VISIBILITY
HIGHEST: 76 ON 11 GRTST 24HR 1.34 ON 24-25 TO 1/4 MILE OR LESS
LOWEST: 13 ON 18 3 = THUNDER
SNOW, ICE PELLETS, HAIL 4 = ICE PELLETS
TOTAL MONTH: 4.4 INCHES 5 = HAIL
GRTST 24HR 2.2 ON 8- 8 6 = FREEZING RAIN OR DRIZZLE
GRTST DEPTH: 2 ON 26 7 = DUSTSTORM OR SANDSTORM:
VSBY 1/2 MILE OR LESS
8 = SMOKE OR HAZE
[NO. OF DAYS WITH] [WEATHER - DAYS WITH] 9 = BLOWING SNOW
X = TORNADO
MAX 32 OR BELOW: 1 0.01 INCH OR MORE: 6
MAX 90 OR ABOVE: 0 0.10 INCH OR MORE: 4
MIN 32 OR BELOW: 20 0.50 INCH OR MORE: 2
MIN 0 OR BELOW: 0 1.00 INCH OR MORE: 1
[HDD (BASE 65) ]
TOTAL THIS MO. 649 CLEAR (SCALE 0-3) 16
DPTR FM NORMAL -48 PTCLDY (SCALE 4-7) 9
TOTAL FM JUL 1 4706 CLOUDY (SCALE 8-10) 3
DPTR FM NORMAL -545
[CDD (BASE 65) ]
TOTAL THIS MO. 0
DPTR FM NORMAL 0 [PRESSURE DATA]
TOTAL FM JAN 1 0 HIGHEST SLP M ON M
DPTR FM NORMAL 0 LOWEST SLP 29.31 ON 3
[REMARKS]