000
CXUS53 KGRR 041607
CF6GRR
PRELIMINARY LOCAL CLIMATOLOGICAL DATA (WS FORM: F-6)
STATION: GRAND RAPIDS
MONTH: JANUARY
YEAR: 2022
LATITUDE: 42 52 N
LONGITUDE: 85 31 W
TEMPERATURE IN F: :PCPN: SNOW: WIND :SUNSHINE: SKY :PK WND
================================================================================
1 2 3 4 5 6A 6B 7 8 9 10 11 12 13 14 15 16 17 18
12Z AVG MX 2MIN
DY MAX MIN AVG DEP HDD CDD WTR SNW DPTH SPD SPD DIR MIN PSBL S-S WX SPD DR
================================================================================
1 34 19 27 0 38 0 0.29 3.9 1 12.7 21 20 M M 10 16 25 20
2 24 13 19 -8 46 0 0.08 1.8 6 8.2 20 40 M M 8 18 26 30
3 28 15 22 -4 43 0 0.00 0.0 5 8.9 20 250 M M 7 24 240
4 34 19 27 1 38 0 0.00 0.0 4 11.8 20 160 M M 6 27 180
5 35 18 27 1 38 0 0.43 8.0 4 18.4 32 240 M M 10 1269 43 250
6 24 10 17 -9 48 0 0.17 5.3 11 11.3 24 220 M M 9 19 31 220
7 22 1 12 -14 53 0 T T 11 3.2 17 180 M M 7 1 20 180
8 32 8 20 -6 45 0 0.04 T 9 11.9 21 190 M M 7 16 30 190
9 34 15 25 0 40 0 0.02 T 7 16.5 31 300 M M 8 16 43 290
10 17 9 13 -12 52 0 T T 6 14.0 25 290 M M 10 8 35 290
11 34 9 22 -3 43 0 T T 6 13.3 26 180 M M 9 1 34 200
12 38 31 35 10 30 0 0.01 T 6 9.3 28 240 M M 7 1 35 240
13 34 29 32 7 33 0 0.00 0.0 4 4.7 12 70 M M 10 1 16 70
14 32 11 22 -3 43 0 T T 4 14.3 24 70 M M 10 31 80
15 18 6 12 -13 53 0 T T 4 10.7 18 60 M M 3 23 60
16 28 2 15 -9 50 0 0.00 0.0 4 3.5 10 110 M M 4 12 110
17 29 17 23 -1 42 0 0.02 T 4 8.6 20 300 M M 10 16 27 310
18 39 27 33 9 32 0 0.00 0.0 4 12.5 24 200 M M 10 18 33 190
19 42 18 30 6 35 0 T T 3 16.6 33 240 M M 9 45 220
20 19 15 17 -7 48 0 T T 3 7.8 15 340 M M 10 21 330
21 22 6 14 -10 51 0 0.00 0.0 2 4.3 10 170 M M 3 14 180
22 27 14 21 -3 44 0 0.04 0.7 2 13.5 23 280 M M 8 1 34 280
23 23 13 18 -6 47 0 0.13 2.1 5 7.6 18 30 M M 8 1 24 20
24 24 15 20 -4 45 0 0.12 2.0 5 10.7 18 190 M M 10 1 25 200
25 18 11 15 -9 50 0 0.03 1.2 6 7.9 15 290 M M 9 1 21 290
26 18 -2 8 -16 57 0 T T 6 8.0 21 230 M M M 27 250
27 30 5 18 -6 47 0 0.04 0.5 6 13.4 20 360 M M 9 1 26 200
28 20 1 11 -13 54 0 0.00 0.0 6 5.9 16 30 M M 6 20 30
29 21 3 12 -12 53 0 0.01 0.3 6 8.7 18 180 M M 9 1 24 180
30 26 15 21 -3 44 0 T T 6 3.4 8 330 M M 10 1 10 290
31 30 22 26 2 39 0 0.00 0.0 6 6.1 15 130 M M 9 18 18 150
================================================================================
SM 856 395 1381 0 1.43 25.8 307.7 M 245
================================================================================
AV 27.6 12.7 9.9 FASTST M M 8 MAX(MPH)
MISC ----> 33 240 45 220
================================================================================
NOTES:
# LAST OF SEVERAL OCCURRENCES
COLUMN 17 PEAK WIND IN M.P.H.
PRELIMINARY LOCAL CLIMATOLOGICAL DATA (WS FORM: F-6) , PAGE 2
STATION: GRAND RAPIDS
MONTH: JANUARY
YEAR: 2022
LATITUDE: 42 52 N
LONGITUDE: 85 31 W
[TEMPERATURE DATA] [PRECIPITATION DATA] SYMBOLS USED IN COLUMN 16
AVERAGE MONTHLY: 20.2 TOTAL FOR MONTH: 1.43 1 = FOG OR MIST
DPTR FM NORMAL: -4.6 DPTR FM NORMAL: -1.09 2 = FOG REDUCING VISIBILITY
HIGHEST: 42 ON 19 GRTST 24HR 0.43 ON 5- 5 TO 1/4 MILE OR LESS
LOWEST: -2 ON 26 3 = THUNDER
SNOW, ICE PELLETS, HAIL 4 = ICE PELLETS
TOTAL MONTH: 25.8 INCHES 5 = HAIL
GRTST 24HR 8.0 ON 5- 5 6 = FREEZING RAIN OR DRIZZLE
GRTST DEPTH: 11 ON 7, 6 7 = DUSTSTORM OR SANDSTORM:
VSBY 1/2 MILE OR LESS
8 = SMOKE OR HAZE
[NO. OF DAYS WITH] [WEATHER - DAYS WITH] 9 = BLOWING SNOW
X = TORNADO
MAX 32 OR BELOW: 22 0.01 INCH OR MORE: 14
MAX 90 OR ABOVE: 0 0.10 INCH OR MORE: 5
MIN 32 OR BELOW: 31 0.50 INCH OR MORE: 0
MIN 0 OR BELOW: 1 1.00 INCH OR MORE: 0
[HDD (BASE 65) ]
TOTAL THIS MO. 1381 CLEAR (SCALE 0-3) 0
DPTR FM NORMAL 135 PTCLDY (SCALE 4-7) 12
TOTAL FM JUL 1 3420 CLOUDY (SCALE 8-10) 19
DPTR FM NORMAL -211
[CDD (BASE 65) ]
TOTAL THIS MO. 0
DPTR FM NORMAL 0 [PRESSURE DATA]
TOTAL FM JAN 1 0 HIGHEST SLP 30.63 ON 21
DPTR FM NORMAL 0 LOWEST SLP 29.43 ON 5
[REMARKS]
#FINAL-01-22#