000
CXUS53 KGRR 010910
CF6GRR
PRELIMINARY LOCAL CLIMATOLOGICAL DATA (WS FORM: F-6)
STATION: GRAND RAPIDS
MONTH: JUNE
YEAR: 2021
LATITUDE: 42 52 N
LONGITUDE: 85 31 W
TEMPERATURE IN F: :PCPN: SNOW: WIND :SUNSHINE: SKY :PK WND
================================================================================
1 2 3 4 5 6A 6B 7 8 9 10 11 12 13 14 15 16 17 18
12Z AVG MX 2MIN
DY MAX MIN AVG DEP HDD CDD WTR SNW DPTH SPD SPD DIR MIN PSBL S-S WX SPD DR
================================================================================
1 76 46 61 -4 4 0 0.00 0.0 0 5.0 12 280 M M 3 17 220
2 78 50 64 -1 1 0 0.00 0.0 0 5.2 15 140 M M 5 19 140
3 82 51 67 2 0 2 0.00 0.0 0 5.3 15 240 M M 5 12 21 220
4 87 64 76 10 0 11 0.01 0.0 0 12.8 28 250 M M 6 38 260
5 87 67 77 11 0 12 0.00 0.0 0 13.5 26 250 M M 4 36 230
6 89 69 79 13 0 14 0.00 0.0 0 10.2 20 230 M M 5 26 220
7 80 68 74 7 0 9 0.46 0.0 0 6.4 14 220 M M 7 1 18 240
8 87 65 76 9 0 11 T 0.0 0 3.1 16 220 M M 7 123 21 220
9 89 69 79 12 0 14 T 0.0 0 4.9 17 160 M M 6 22 150
10 88 66 77 9 0 12 0.00 0.0 0 5.6 20 140 M M 3 1 25 140
11 90 68 79 11 0 14 0.00 0.0 0 5.4 31 50 M M 4 13 42 80
12 90 63 77 9 0 12 0.00 0.0 0 6.6 13 320 M M 6 18 18 290
13 86 62 74 6 0 9 0.00 0.0 0 8.9 21 290 M M 2 27 260
14 80 61 71 2 0 6 0.16 0.0 0 10.2 24 360 M M 5 38 350
15 79 58 69 0 0 4 0.00 0.0 0 9.3 17 20 M M 3 26 350
16 79 51 65 -4 0 0 0.00 0.0 0 4.8 16 270 M M 2 22 260
17 85 50 68 -2 0 3 0.00 0.0 0 5.1 14 240 M M 4 3 18 230
18 84 64 74 4 0 9 0.67 0.0 0 10.2 26 270 M M 6 13 39 280
19 73 63 68 -2 0 3 0.22 0.0 0 7.6 23 350 M M 6 13 32 190
20 84 59 72 2 0 7 0.42 0.0 0 5.1 16 60 M M 7 1 18 270
21 69 49 59 -11 6 0 0.20 0.0 0 12.5 28 270 M M 8 13 36 270
22 69 41 55 -16 10 0 T 0.0 0 8.1 23 260 M M 4 18 29 250
23 72 48 60 -11 5 0 0.09 0.0 0 9.0 20 230 M M 8 18 29 230
24 74 61 68 -3 0 3 1.19 0.0 0 10.5 24 150 M M 8 138 31 350
25 73 67 70 -1 0 5 2.17 0.0 0 9.1 24 260 M M 9 1 35 230
26 77 67 72 0 0 7 2.81 0.0 0 9.4 20 270 M M 9 13 29 270
27 82 65 74 2 0 9 T 0.0 0 14.1 25 250 M M 7 34 230
28 84 61 73 1 0 8 0.08 0.0 0 3.5 23 250 M M 7 13 28 240
29 83 71 77 5 0 12 0.01 0.0 0 9.9 21 240 M M 7 1 26 250
30 83 69 76 4 0 11 0.00 0.0 0 8.1 16 280 M M 7 1 22 270
================================================================================
SM 2439 1813 26 207 8.49 0.0 239.4 M 170
================================================================================
AV 81.3 60.4 8.0 FASTST M M 6 MAX(MPH)
MISC ----> 31 50 42 80
================================================================================
NOTES:
# LAST OF SEVERAL OCCURRENCES
COLUMN 17 PEAK WIND IN M.P.H.
PRELIMINARY LOCAL CLIMATOLOGICAL DATA (WS FORM: F-6) , PAGE 2
STATION: GRAND RAPIDS
MONTH: JUNE
YEAR: 2021
LATITUDE: 42 52 N
LONGITUDE: 85 31 W
[TEMPERATURE DATA] [PRECIPITATION DATA] SYMBOLS USED IN COLUMN 16
AVERAGE MONTHLY: 70.9 TOTAL FOR MONTH: 8.49 1 = FOG OR MIST
DPTR FM NORMAL: 2.0 DPTR FM NORMAL: 4.55 2 = FOG REDUCING VISIBILITY
HIGHEST: 90 ON 12,11 GRTST 24HR 3.48 ON 25-26 TO 1/4 MILE OR LESS
LOWEST: 41 ON 22 3 = THUNDER
SNOW, ICE PELLETS, HAIL 4 = ICE PELLETS
TOTAL MONTH: 0.0 INCH 5 = HAIL
GRTST 24HR 0.0 6 = FREEZING RAIN OR DRIZZLE
GRTST DEPTH: 0 7 = DUSTSTORM OR SANDSTORM:
VSBY 1/2 MILE OR LESS
8 = SMOKE OR HAZE
[NO. OF DAYS WITH] [WEATHER - DAYS WITH] 9 = BLOWING SNOW
X = TORNADO
MAX 32 OR BELOW: 0 0.01 INCH OR MORE: 13
MAX 90 OR ABOVE: 2 0.10 INCH OR MORE: 9
MIN 32 OR BELOW: 0 0.50 INCH OR MORE: 4
MIN 0 OR BELOW: 0 1.00 INCH OR MORE: 3
[HDD (BASE 65) ]
TOTAL THIS MO. 26 CLEAR (SCALE 0-3) 3
DPTR FM NORMAL -12 PTCLDY (SCALE 4-7) 25
TOTAL FM JUL 1 6170 CLOUDY (SCALE 8-10) 2
DPTR FM NORMAL -236
[CDD (BASE 65) ]
TOTAL THIS MO. 207
DPTR FM NORMAL 53 [PRESSURE DATA]
TOTAL FM JAN 1 269 HIGHEST SLP 30.25 ON 1
DPTR FM NORMAL 64 LOWEST SLP 29.40 ON 21
[REMARKS]
#FINAL-06-21#