000
CXUS53 KGRR 011017
CF6GRR
PRELIMINARY LOCAL CLIMATOLOGICAL DATA (WS FORM: F-6)
STATION: GRAND RAPIDS
MONTH: JULY
YEAR: 2020
LATITUDE: 42 52 N
LONGITUDE: 85 31 W
TEMPERATURE IN F: :PCPN: SNOW: WIND :SUNSHINE: SKY :PK WND
================================================================================
1 2 3 4 5 6A 6B 7 8 9 10 11 12 13 14 15 16 17 18
12Z AVG MX 2MIN
DY MAX MIN AVG DEP HDD CDD WTR SNW DPTH SPD SPD DIR MIN PSBL S-S WX SPD DR
================================================================================
1 89 65 77 5 0 12 0.00 0.0 0 4.9 14 100 831 91 2 18 100
2 92 66 79 7 0 14 0.00 0.0 0 4.8 14 310 798 87 3 1 20 320
3 94 70 82 10 0 17 0.00 0.0 0 6.8 15 270 843 92 3 22 300
4 90 70 80 8 0 15 0.00 0.0 0 5.4 13 80 810 89 5 8 18 100
5 91 65 78 6 0 13 0.02 0.0 0 3.3 17 130 696 76 4 138 21 130
6 93 64 79 7 0 14 0.00 0.0 0 3.4 14 250 769 84 2 18 250
7 94 68 81 9 0 16 0.00 0.0 0 6.9 17 240 816 89 3 29 240
8 90 71 81 8 0 16 1.02 0.0 0 4.8 22 220 612 67 4 18 29 240
9 92 69 81 8 0 16 1.17 0.0 0 5.4 29 340 484 53 4 13 38 350
10 81 70 76 3 0 11 1.07 0.0 0 9.2 25 300 352 39 5 13 33 320
11 84 65 75 2 0 10 0.00 0.0 0 10.7 24 260 830 92 3 33 310
12 80 63 72 -1 0 7 0.00 0.0 0 6.6 17 350 675 75 6 22 350
13 81 59 70 -3 0 5 0.00 0.0 0 5.4 13 270 784 87 3 18 250
14 83 58 71 -2 0 6 0.00 0.0 0 4.4 14 150 747 83 5 18 150
15 86 65 76 3 0 11 0.07 0.0 0 5.8 14 220 401 44 7 1 20 210
16 82 66 74 1 0 9 0.09 0.0 0 8.0 15 280 324 36 8 1 21 360
17 86 60 73 0 0 8 0.00 0.0 0 6.5 16 230 864 96 2 1 22 230
18 91 65 78 5 0 13 0.00 0.0 0 10.3 20 200 650 72 6 31 200
19 80 70 75 2 0 10 1.02 0.0 0 11.9 32 230 248 28 6 13 47 240
20 82 67 75 2 0 10 0.00 0.0 0 8.6 17 290 765 86 5 27 270
21 82 64 73 0 0 8 0.00 0.0 0 4.6 12 120 473 53 7 13 120
22 82 71 77 4 0 12 0.06 0.0 0 9.4 21 250 407 46 7 1 26 240
23 82 65 74 1 0 9 0.00 0.0 0 5.1 13 40 584 66 5 16 40
24 83 61 72 0 0 7 0.00 0.0 0 4.4 9 100 739 83 3 13 90
25 86 63 75 3 0 10 0.00 0.0 0 5.7 14 230 871 99 4 18 200
26 91 70 81 9 0 16 0.01 0.0 0 12.3 22 230 724 82 5 138 31 260
27 83 67 75 3 0 10 T 0.0 0 10.8 20 260 300 34 7 8 25 260
28 84 67 76 4 0 11 0.20 0.0 0 10.5 23 250 717 82 4 138 30 250
29 85 67 76 4 0 11 0.02 0.0 0 8.2 21 230 723 83 5 30 230
30 82 60 71 -1 0 6 0.00 0.0 0 4.8 12 20 707 81 6 17 80
31 82 61 72 0 0 7 0.00 0.0 0 4.7 14 20 698 80 5 1 17 40
================================================================================
SM 2663 2032 0 340 4.75 0.0 213.6 20242 144
================================================================================
AV 85.9 65.6 6.9 FASTST 653 73 5 MAX(MPH)
MISC ----> # 32 230 # 47 240
================================================================================
NOTES:
# LAST OF SEVERAL OCCURRENCES
COLUMN 17 PEAK WIND IN M.P.H.
PRELIMINARY LOCAL CLIMATOLOGICAL DATA (WS FORM: F-6) , PAGE 2
STATION: GRAND RAPIDS
MONTH: JULY
YEAR: 2020
LATITUDE: 42 52 N
LONGITUDE: 85 31 W
[TEMPERATURE DATA] [PRECIPITATION DATA] SYMBOLS USED IN COLUMN 16
AVERAGE MONTHLY: 75.7 TOTAL FOR MONTH: 4.75 1 = FOG OR MIST
DPTR FM NORMAL: 3.2 DPTR FM NORMAL: 0.97 2 = FOG REDUCING VISIBILITY
HIGHEST: 94 ON 7, 3 GRTST 24HR 1.17 ON 9- 9 TO 1/4 MILE OR LESS
LOWEST: 58 ON 14 3 = THUNDER
SNOW, ICE PELLETS, HAIL 4 = ICE PELLETS
TOTAL MONTH: 0.0 INCH 5 = HAIL
GRTST 24HR 0.0 6 = FREEZING RAIN OR DRIZZLE
GRTST DEPTH: 0 7 = DUSTSTORM OR SANDSTORM:
VSBY 1/2 MILE OR LESS
8 = SMOKE OR HAZE
[NO. OF DAYS WITH] [WEATHER - DAYS WITH] 9 = BLOWING SNOW
X = TORNADO
MAX 32 OR BELOW: 0 0.01 INCH OR MORE: 11
MAX 90 OR ABOVE: 10 0.10 INCH OR MORE: 5
MIN 32 OR BELOW: 0 0.50 INCH OR MORE: 4
MIN 0 OR BELOW: 0 1.00 INCH OR MORE: 4
[HDD (BASE 65) ]
TOTAL THIS MO. 0 CLEAR (SCALE 0-3) 8
DPTR FM NORMAL -6 PTCLDY (SCALE 4-7) 23
TOTAL FM JUL 1 0 CLOUDY (SCALE 8-10) 0
DPTR FM NORMAL -6
[CDD (BASE 65) ]
TOTAL THIS MO. 340
DPTR FM NORMAL 101 [PRESSURE DATA]
TOTAL FM JAN 1 565 HIGHEST SLP 30.20 ON 24
DPTR FM NORMAL 134 LOWEST SLP 29.73 ON 19
[REMARKS]
#FINAL-07-20#