000
CXUS53 KGRR 011017
CF6GRR
PRELIMINARY LOCAL CLIMATOLOGICAL DATA (WS FORM: F-6)
STATION: GRAND RAPIDS
MONTH: JUNE
YEAR: 2020
LATITUDE: 42 52 N
LONGITUDE: 85 31 W
TEMPERATURE IN F: :PCPN: SNOW: WIND :SUNSHINE: SKY :PK WND
================================================================================
1 2 3 4 5 6A 6B 7 8 9 10 11 12 13 14 15 16 17 18
12Z AVG MX 2MIN
DY MAX MIN AVG DEP HDD CDD WTR SNW DPTH SPD SPD DIR MIN PSBL S-S WX SPD DR
================================================================================
1 72 42 57 -7 8 0 T 0.0 0 7.5 17 210 569 63 5 23 180
2 86 63 75 11 0 10 T 0.0 0 13.4 37 280 796 88 5 38 56 270
3 81 61 71 6 0 6 0.28 0.0 0 10.4 24 210 722 79 6 13 34 220
4 85 58 72 7 0 7 0.00 0.0 0 5.6 14 290 891 98 5 18 270
5 85 56 71 6 0 6 0.00 0.0 0 6.7 20 260 888 97 5 1 27 270
6 80 59 70 4 0 5 0.00 0.0 0 9.3 17 320 913 100 2 1 25 320
7 78 53 66 0 0 1 0.00 0.0 0 5.8 12 90 914 100 4 16 90
8 86 57 72 6 0 7 0.00 0.0 0 7.3 14 170 915 100 4 23 120
9 93 62 78 11 0 13 0.54 0.0 0 12.3 28 160 685 75 6 1 37 160
10 84 59 72 5 0 7 0.63 0.0 0 15.5 35 240 441 48 8 138 49 240
11 76 57 67 0 0 2 0.15 0.0 0 14.0 36 310 780 85 3 13 48 310
12 71 53 62 -6 3 0 0.00 0.0 0 6.0 15 30 660 72 5 1 19 30
13 67 48 58 -10 7 0 0.00 0.0 0 10.8 17 50 893 97 4 26 90
14 71 42 57 -11 8 0 0.00 0.0 0 8.9 21 90 919 100 1 32 100
15 76 47 62 -6 3 0 0.00 0.0 0 6.4 14 90 920 100 1 17 90
16 83 53 68 -1 0 3 0.00 0.0 0 2.7 8 190 908 99 2 12 190
17 85 57 71 2 0 6 0.00 0.0 0 3.8 10 120 908 99 2 17 80
18 87 57 72 3 0 7 0.00 0.0 0 3.0 10 100 913 99 1 1 15 90
19 91 60 76 6 0 11 0.00 0.0 0 2.6 10 260 881 96 3 1 15 210
20 91 64 78 8 0 13 T 0.0 0 8.0 22 240 799 87 6 29 190
21 84 63 74 4 0 9 T 0.0 0 8.7 21 220 566 61 7 30 240
22 87 58 73 3 0 8 0.41 0.0 0 7.0 26 210 638 69 5 13 36 210
23 72 59 66 -5 0 1 0.02 0.0 0 14.3 21 290 210 23 8 1 33 290
24 76 57 67 -4 0 2 T 0.0 0 10.4 24 290 825 90 5 31 310
25 79 59 69 -2 0 4 0.00 0.0 0 7.7 18 250 882 96 5 1 24 250
26 82 56 69 -2 0 4 0.81 0.0 0 8.1 21 210 330 36 7 13 29 220
27 85 67 76 5 0 11 0.00 0.0 0 9.8 17 290 533 58 7 12 24 280
28 84 60 72 0 0 7 0.00 0.0 0 3.6 12 90 919 100 5 1 16 100
29 88 63 76 4 0 11 0.00 0.0 0 5.3 12 100 682 74 6 16 130
30 88 70 79 7 0 14 0.00 0.0 0 6.6 15 90 735 80 4 20 120
================================================================================
SM 2453 1720 29 175 2.84 0.0 241.5 22635 137
================================================================================
AV 81.8 57.3 8.1 FASTST 755 82 5 MAX(MPH)
MISC ----> # 37 280 # 56 270
================================================================================
NOTES:
# LAST OF SEVERAL OCCURRENCES
COLUMN 17 PEAK WIND IN M.P.H.
PRELIMINARY LOCAL CLIMATOLOGICAL DATA (WS FORM: F-6) , PAGE 2
STATION: GRAND RAPIDS
MONTH: JUNE
YEAR: 2020
LATITUDE: 42 52 N
LONGITUDE: 85 31 W
[TEMPERATURE DATA] [PRECIPITATION DATA] SYMBOLS USED IN COLUMN 16
AVERAGE MONTHLY: 69.6 TOTAL FOR MONTH: 2.84 1 = FOG OR MIST
DPTR FM NORMAL: 1.2 DPTR FM NORMAL: -0.93 2 = FOG REDUCING VISIBILITY
HIGHEST: 93 ON 9 GRTST 24HR 0.81 ON 26-26 TO 1/4 MILE OR LESS
LOWEST: 42 ON 14, 1 3 = THUNDER
SNOW, ICE PELLETS, HAIL 4 = ICE PELLETS
TOTAL MONTH: 0.0 INCH 5 = HAIL
GRTST 24HR 0.0 6 = FREEZING RAIN OR DRIZZLE
GRTST DEPTH: 0 7 = DUSTSTORM OR SANDSTORM:
VSBY 1/2 MILE OR LESS
8 = SMOKE OR HAZE
[NO. OF DAYS WITH] [WEATHER - DAYS WITH] 9 = BLOWING SNOW
X = TORNADO
MAX 32 OR BELOW: 0 0.01 INCH OR MORE: 7
MAX 90 OR ABOVE: 3 0.10 INCH OR MORE: 6
MIN 32 OR BELOW: 0 0.50 INCH OR MORE: 3
MIN 0 OR BELOW: 0 1.00 INCH OR MORE: 0
[HDD (BASE 65) ]
TOTAL THIS MO. 29 CLEAR (SCALE 0-3) 8
DPTR FM NORMAL -16 PTCLDY (SCALE 4-7) 22
TOTAL FM JUL 1 6269 CLOUDY (SCALE 8-10) 0
DPTR FM NORMAL -216
[CDD (BASE 65) ]
TOTAL THIS MO. 175
DPTR FM NORMAL 30 [PRESSURE DATA]
TOTAL FM JAN 1 225 HIGHEST SLP 30.44 ON 15
DPTR FM NORMAL 33 LOWEST SLP 29.45 ON 10
[REMARKS]
#FINAL-06-20#