000
CXUS52 KRAH 010845
CF6GSO
PRELIMINARY LOCAL CLIMATOLOGICAL DATA (WS FORM: F-6)
STATION: GREENSBORO NC
MONTH: JUNE
YEAR: 2023
LATITUDE: 36 4 N
LONGITUDE: 79 57 W
TEMPERATURE IN F: :PCPN: SNOW: WIND :SUNSHINE: SKY :PK WND
================================================================================
1 2 3 4 5 6A 6B 7 8 9 10 11 12 13 14 15 16 17 18
12Z AVG MX 2MIN
DY MAX MIN AVG DEP HDD CDD WTR SNW DPTH SPD SPD DIR MIN PSBL S-S WX SPD DR
================================================================================
1 78 57 68 -4 0 3 0.00 0.0 0 7.0 17 60 M M 6 23 80
2 84 62 73 1 0 8 0.00 0.0 0 8.1 22 60 M M 3 27 60
3 87 59 73 1 0 8 0.05 0.0 0 5.8 22 40 M M 3 13 30 360
4 67 60 64 -8 1 0 T 0.0 0 8.0 18 60 M M 9 23 60
5 77 59 68 -5 0 3 0.00 0.0 0 3.5 10 240 M M 7 20 210
6 80 60 70 -3 0 5 0.00 0.0 0 2.5 12 290 M M 3 18 14 280
7 66 58 62 -11 3 0 0.23 0.0 0 6.3 13 280 M M 8 18 20 90
8 76 53 65 -9 0 0 0.00 0.0 0 5.9 17 310 M M 3 25 320
9 77 50 64 -10 1 0 0.00 0.0 0 3.3 12 330 M M 1 16 310
10 82 54 68 -6 0 3 0.00 0.0 0 4.1 15 280 M M 4 20 280
11 82 59 71 -3 0 6 0.14 0.0 0 8.8 26 240 M M 7 1 32 240
12 81 62 72 -3 0 7 0.07 0.0 0 10.1 20 270 M M 8 1 26 250
13 80 58 69 -6 0 4 0.00 0.0 0 6.4 17 240 M M 7 21 260
14 82 54 68 -7 0 3 0.00 0.0 0 12.0 24 260 M M 5 34 260
15 82 62 72 -3 0 7 0.17 0.0 0 5.0 20 290 M M 7 13 25 110
16 87 64 76 0 0 11 0.00 0.0 0 9.3 18 260 M M 4 8 28 250
17 82 57 70 -6 0 5 0.00 0.0 0 4.3 14 290 M M 1 8 26 70
18 85 61 73 -3 0 8 0.00 0.0 0 4.0 13 250 M M 3 20 120
19 81 67 74 -2 0 9 0.92 0.0 0 7.9 24 250 M M 9 13 31 250
20 74 67 71 -5 0 6 0.48 0.0 0 10.8 22 100 M M 10 1 28 90
21 70 61 66 -11 0 1 0.14 0.0 0 14.4 25 50 M M 10 1 33 50
22 68 60 64 -13 1 0 0.46 0.0 0 8.6 15 40 M M 10 13 20 50
23 81 64 73 -4 0 8 0.01 0.0 0 5.4 14 250 M M 9 123 18 280
24 83 64 74 -3 0 9 0.32 0.0 0 5.5 15 330 M M 7 1 21 10
25 87 65 76 -2 0 11 0.00 0.0 M 7.9 14 230 M M 5 20 360
26 87 67 77 -1 0 12 T 0.0 0 10.9 23 200 M M 6 3 31 210
27 84 64 74 -4 0 9 0.16 0.0 0 7.4 20 290 M M 5 8 24 270
28 85 67 76 -2 0 11 0.00 0.0 0 5.8 14 310 M M 3 8 18 320
29 86 65 76 -2 0 11 0.00 0.0 0 2.9 9 180 M M 3 8 14 70
30 89 70 80 2 0 15 T 0.0 0 5.1 15 150 M M 7 8 17 150
================================================================================
SM 2410 1830 6 183 3.15 0.0 207.0 M 173
================================================================================
AV 80.3 61.0 6.9 FASTST M M 6 MAX(MPH)
MISC ----> 26 240 34 260
================================================================================
NOTES:
# LAST OF SEVERAL OCCURRENCES
COLUMN 17 PEAK WIND IN M.P.H.
PRELIMINARY LOCAL CLIMATOLOGICAL DATA (WS FORM: F-6) , PAGE 2
STATION: GREENSBORO NC
MONTH: JUNE
YEAR: 2023
LATITUDE: 36 4 N
LONGITUDE: 79 57 W
[TEMPERATURE DATA] [PRECIPITATION DATA] SYMBOLS USED IN COLUMN 16
AVERAGE MONTHLY: 70.7 TOTAL FOR MONTH: 3.15 1 = FOG OR MIST
DPTR FM NORMAL: -4.6 DPTR FM NORMAL: -0.94 2 = FOG REDUCING VISIBILITY
HIGHEST: 89 ON 30 GRTST 24HR 1.08 ON 19-20 TO 1/4 MILE OR LESS
LOWEST: 50 ON 9 3 = THUNDER
SNOW, ICE PELLETS, HAIL 4 = ICE PELLETS
TOTAL MONTH: 0.0 INCH 5 = HAIL
GRTST 24HR 0.0 6 = FREEZING RAIN OR DRIZZLE
GRTST DEPTH: 0 7 = DUSTSTORM OR SANDSTORM:
VSBY 1/2 MILE OR LESS
8 = SMOKE OR HAZE
[NO. OF DAYS WITH] [WEATHER - DAYS WITH] 9 = BLOWING SNOW
X = TORNADO
MAX 32 OR BELOW: 0 0.01 INCH OR MORE: 12
MAX 90 OR ABOVE: 0 0.10 INCH OR MORE: 9
MIN 32 OR BELOW: 0 0.50 INCH OR MORE: 1
MIN 0 OR BELOW: 0 1.00 INCH OR MORE: 0
[HDD (BASE 65) ]
TOTAL THIS MO. 6 CLEAR (SCALE 0-3) 5
DPTR FM NORMAL 1 PTCLDY (SCALE 4-7) 17
TOTAL FM JUL 1 3121 CLOUDY (SCALE 8-10) 8
DPTR FM NORMAL -374
[CDD (BASE 65) ]
TOTAL THIS MO. 183
DPTR FM NORMAL -131 [PRESSURE DATA]
TOTAL FM JAN 1 300 HIGHEST SLP 30.10 ON 1
DPTR FM NORMAL -197 LOWEST SLP 29.63 ON 16
[REMARKS]
#FINAL-06-23#