606
CXUS52 KRAH 031239
CF6GSO
PRELIMINARY LOCAL CLIMATOLOGICAL DATA (WS FORM: F-6)
STATION: PIEDMONT TRIAD INTL AIRPORT NC
MONTH: NOVEMBER
YEAR: 2020
LATITUDE: 36 4 N
LONGITUDE: 79 57 W
TEMPERATURE IN F: :PCPN: SNOW: WIND :SUNSHINE: SKY :PK WND
================================================================================
1 2 3 4 5 6A 6B 7 8 9 10 11 12 13 14 15 16 17 18
12Z AVG MX 2MIN
DY MAX MIN AVG DEP HDD CDD WTR SNW DPTH SPD SPD DIR MIN PSBL S-S WX SPD DR
================================================================================
1 63 46 55 0 10 0 0.38 0.0 0 8.9 25 320 M M 7 1 34 300
2 53 34 44 -10 21 0 0.00 0.0 0 12.3 29 320 M M 0 41 320
3 64 33 49 -5 16 0 0.00 0.0 0 7.2 15 290 M M 2 19 290
4 68 37 53 -1 12 0 0.00 0.0 0 2.5 9 170 M M 0 13 200
5 68 38 53 -1 12 0 0.00 0.0 0 1.3 12 190 M M 5 14 190
6 74 47 61 8 4 0 0.00 0.0 0 1.3 7 40 M M 5 11 40
7 75 47 61 8 4 0 0.00 0.0 0 1.7 7 90 M M 3 1 9 140
8 74 49 62 9 3 0 0.00 0.0 0 4.3 13 100 M M 5 12 15 100
9 75 54 65 13 0 0 0.02 0.0 0 5.2 14 130 M M 7 12 18 140
10 74 56 65 13 0 0 T 0.0 0 3.7 13 180 M M 7 12 16 230
11 76 66 71 19 0 6 1.23 0.0 0 7.6 22 190 M M 10 13 27 190
12 71 51 61 10 4 0 2.96 0.0 0 8.1 22 120 M M 10 13 27 110
13 70 51 61 10 4 0 0.01 0.0 0 4.9 13 290 M M 6 1 16 290
14 64 42 53 2 12 0 0.00 0.0 0 3.4 9 160 M M 5 15 130
15 71 53 62 12 3 0 T 0.0 0 13.5 30 220 M M 9 1 41 210
16 61 41 51 1 14 0 0.00 0.0 0 9.5 21 320 M M 0 26 310
17 58 35 47 -3 18 0 0.00 0.0 0 11.0 25 310 M M 1 35 290
18 51 32 42 -7 23 0 0.00 0.0 0 3.7 14 340 M M 0 21 350
19 55 30 43 -6 22 0 0.00 0.0 0 4.3 13 200 M M 1 18 180
20 66 33 50 1 15 0 0.00 0.0 0 7.4 17 250 M M 0 21 250
21 72 39 56 8 9 0 0.00 0.0 0 2.6 9 220 M M 4 18 11 10
22 64 43 54 6 11 0 0.02 0.0 0 3.7 12 300 M M 8 18 14 200
23 58 40 49 1 16 0 T 0.0 0 7.5 17 320 M M 4 12 22 330
24 52 34 43 -4 22 0 0.00 0.0 0 3.5 9 140 M M 7 12 180
25 60 38 49 2 16 0 T 0.0 0 4.3 17 170 M M 9 22 170
26 63 49 56 9 9 0 0.29 0.0 0 4.5 14 210 M M 9 12 18 200
27 65 49 57 11 8 0 0.00 0.0 0 3.4 10 20 M M 9 12 13 20
28 66 42 54 8 11 0 T 0.0 0 2.8 12 330 M M 5 16 320
29 59 35 47 1 18 0 0.55 0.0 0 3.8 13 50 M M 7 1 16 90
30 63 41 52 7 13 0 1.22 0.0 0 11.5 26 210 M M 9 1 38 190
================================================================================
SM 1953 1285 330 6 6.68 0.0 169.4 M 154
================================================================================
AV 65.1 42.8 5.6 FASTST M M 5 MAX(MPH)
MISC ----> 30 220 # 41 320
================================================================================
NOTES:
# LAST OF SEVERAL OCCURRENCES
COLUMN 17 PEAK WIND IN M.P.H.
PRELIMINARY LOCAL CLIMATOLOGICAL DATA (WS FORM: F-6) , PAGE 2
STATION: PIEDMONT TRIAD INTL AIRPORT NC
MONTH: NOVEMBER
YEAR: 2020
LATITUDE: 36 4 N
LONGITUDE: 79 57 W
[TEMPERATURE DATA] [PRECIPITATION DATA] SYMBOLS USED IN COLUMN 16
AVERAGE MONTHLY: 54.0 TOTAL FOR MONTH: 6.68 1 = FOG OR MIST
DPTR FM NORMAL: 3.8 DPTR FM NORMAL: 3.57 2 = FOG REDUCING VISIBILITY
HIGHEST: 76 ON 11 GRTST 24HR 3.56 ON 11-12 TO 1/4 MILE OR LESS
LOWEST: 30 ON 19 3 = THUNDER
SNOW, ICE PELLETS, HAIL 4 = ICE PELLETS
TOTAL MONTH: 0.0 INCH 5 = HAIL
GRTST 24HR 0.0 6 = FREEZING RAIN OR DRIZZLE
GRTST DEPTH: 0 7 = DUSTSTORM OR SANDSTORM:
VSBY 1/2 MILE OR LESS
8 = SMOKE OR HAZE
[NO. OF DAYS WITH] [WEATHER - DAYS WITH] 9 = BLOWING SNOW
X = TORNADO
MAX 32 OR BELOW: 0 0.01 INCH OR MORE: 9
MAX 90 OR ABOVE: 0 0.10 INCH OR MORE: 6
MIN 32 OR BELOW: 2 0.50 INCH OR MORE: 4
MIN 0 OR BELOW: 0 1.00 INCH OR MORE: 3
[HDD (BASE 65) ]
TOTAL THIS MO. 330 CLEAR (SCALE 0-3) 8
DPTR FM NORMAL -117 PTCLDY (SCALE 4-7) 15
TOTAL FM JUL 1 506 CLOUDY (SCALE 8-10) 7
DPTR FM NORMAL -174
[CDD (BASE 65) ]
TOTAL THIS MO. 6
DPTR FM NORMAL 3 [PRESSURE DATA]
TOTAL FM JAN 1 1512 HIGHEST SLP 30.66 ON 19
DPTR FM NORMAL 29 LOWEST SLP 29.43 ON 30
[REMARKS]
#FINAL-11-20#