000
CXUS52 KRAH 041318 RRB
CLSGSO
CLIMATE REPORT
NATIONAL WEATHER SERVICE RALEIGH NC
815 AM EST FRI MAR 04 2022
...................................
...THE GREENSBORO NC CLIMATE SUMMARY FOR THE SEASON, FROM
12/1/2021 TO 2/28/2022...
CLIMATE NORMAL PERIOD 1991 TO 2020
CLIMATE RECORD PERIOD 1903 TO 2022
WEATHER OBSERVED NORMAL DEPART LAST YEAR`S
VALUE DATE(S) VALUE FROM VALUE
NORMAL
..............................................................
TEMPERATURE (F)
RECORD
HIGH 81 02/12/2017
02/26/1977
02/25/1930
LOW -8 01/21/1985
HIGHEST 77 01/01
LOWEST 15 01/22
AVG. MAXIMUM 55.0 51.5 3.5
AVG. MINIMUM 33.6 31.9 1.7
MEAN 44.3 41.7 2.6
DAYS MAX >= 90 0 0.0 0.0
DAYS MAX <= 32 3 3.6 -0.6
DAYS MIN <= 32 50 51.1 -1.1
DAYS MIN <= 0 0 0.0 0.0
PRECIPITATION (INCHES)
RECORD
MAXIMUM 17.84 1915
MINIMUM 3.81 1986
TOTALS 10.04 9.37 0.67
DAYS >= .01 23 28.5 -5.5
DAYS >= 1.00 1 1.9 -0.9
GREATEST
24 HR. TOTAL 2.42 01/02 TO 01/03
SNOWFALL (INCHES)
RECORDS
TOTAL 26.0 1966
TOTALS 8.2 6.1 2.1
DAYS >= TRACE 8 3.3 4.7
DAYS >= 1.0 4 1.9 2.1
GREATEST
SNOW DEPTH 2 01/17
01/18
01/29
DEGREE DAYS
HEATING TOTAL 1851 2100 -249
SINCE 7/1 2473 2768 -295
..............................................................
WIND (MPH)
AVERAGE WIND SPEED 7.4
HIGHEST WIND SPEED/DIRECTION 39/050 DATE 01/03
HIGHEST GUST SPEED/DIRECTION 54/060 DATE 01/03
SKY COVER
POSSIBLE SUNSHINE (PERCENT) MM
AVERAGE SKY COVER 0.58
NUMBER OF DAYS FAIR 22
NUMBER OF DAYS PC 33
NUMBER OF DAYS CLOUDY 35
AVERAGE RH (PERCENT) 63
WEATHER CONDITIONS. NUMBER OF DAYS WITH
THUNDERSTORM 1 MIXED PRECIP 0
HEAVY RAIN 8 RAIN 11
LIGHT RAIN 27 FREEZING RAIN 1
LT FREEZING RAIN 2 HAIL 0
HEAVY SNOW 0 SNOW 3
LIGHT SNOW 8 SLEET 2
FOG 32 FOG W/VIS <= 1/4 MILE 7
HAZE 6
- INDICATES NEGATIVE NUMBERS.
R INDICATES RECORD WAS SET OR TIED.
MM INDICATES DATA IS MISSING.
T INDICATES TRACE AMOUNT.
&&
DJF 2021-2022 WAS THE 10TH WARMEST ON RECORD.
$$