000
CXUS52 KFFC 011010
CF6GVL
PRELIMINARY LOCAL CLIMATOLOGICAL DATA (WS FORM: F-6)
STATION: GAINESVILLE
MONTH: MAY
YEAR: 2021
LATITUDE: 34 16 N
LONGITUDE: 83 50 W
TEMPERATURE IN F: :PCPN: SNOW: WIND :SUNSHINE: SKY :PK WND
================================================================================
1 2 3 4 5 6A 6B 7 8 9 10 11 12 13 14 15 16 17 18
12Z AVG MX 2MIN
DY MAX MIN AVG DEP HDD CDD WTR SNW DPTH SPD SPD DIR MIN PSBL S-S WX SPD DR
================================================================================
1 77 51 64 -1 1 0 0.00 0.0 M 4.9 9 160 M M 0 14 130
2 79 56 68 3 0 3 T M M 3.7 12 140 M M 4 17 160
3 69 64 67 2 0 2 1.38 0.0 M 4.0 20 190 M M 9 123 37 200
4 75 62 69 3 0 4 1.88 0.0 M 5.5 22 140 M M 9 13 38 150
5 74 58 66 0 0 1 0.00 0.0 M 10.1 20 270 M M 6 1 34 280
6 72 49 61 -5 4 0 0.00 0.0 M 7.4 21 260 M M 0 31 270
7 68 49 59 -7 6 0 0.00 0.0 M 9.6 21 300 M M 0 37 320
8 72 47 60 -7 5 0 0.00 M M 7.2 18 250 M M 3 32 310
9 83 51 67 0 0 2 0.05 M M 5.8 18 240 M M 1 34 200
10 72 61 67 0 0 2 0.67 M M 8.1 18 300 M M 6 13 37 270
11 74 60 67 0 0 2 0.00 0.0 M 4.6 13 240 M M 5 1 17 280
12 65 49 57 -11 8 0 0.56 M M 10.1 23 70 M M 10 18 41 110
13 69 46 58 -10 7 0 0.00 M M 5.1 14 60 M M 3 21 60
14 72 51 62 -6 3 0 0.00 M M 2.9 10 170 M M 3 16 150
15 75 52 64 -4 1 0 0.00 M M 3.7 12 270 M M 0 16 290
16 79 56 68 -1 0 3 0.00 0.0 M 3.3 13 270 M M 1 19 260
17 77 56 67 -2 0 2 0.00 0.0 M 4.6 12 100 M M 1 16 210
18 75 61 68 -1 0 3 0.00 0.0 M 8.1 15 90 M M 2 22 70
19 79 63 71 2 0 6 0.00 0.0 M 9.5 17 80 M M 5 30 120
20 80 61 71 1 0 6 0.00 0.0 M 7.8 20 100 M M 5 33 110
21 84 57 71 1 0 6 0.00 M M 5.1 14 90 M M 0 20 90
22 85 61 73 3 0 8 0.00 M M 3.7 9 360 M M 0 14 150
23 89 62 76 6 0 11 0.00 M M 5.0 12 260 M M 0 16 270
24 90 65 78 7 0 13 0.00 M M 3.7 9 130 M M 0 14 120
25 90 67 79 8 0 14 0.19 M M 3.4 23 270 M M 2 42 270
26 88 68 78 7 0 13 0.00 M M 5.9 16 270 M M 1 18 23 250
27 86 65 76 4 0 11 T M M 4.7 12 260 M M 3 19 250
28 84 67 76 4 0 11 1.01 M M 8.2 20 320 M M 3 13 33 320
29 74 56 65 -7 0 0 0.00 M M 10.6 18 320 M M 4 27 320
30 75 54 65 -7 0 0 0.00 M M 5.6 13 300 M M 3 20 300
31 76 55 66 -6 0 1 0.00 M M 6.4 12 80 M M 4 17 130
================================================================================
SM 2407 1780 35 124 5.74 0.0 188.3 M 93
================================================================================
AV 77.6 57.4 6.1 FASTST M M 3 MAX(MPH)
MISC ----> # 23 70 42 270
================================================================================
NOTES:
# LAST OF SEVERAL OCCURRENCES
COLUMN 17 PEAK WIND IN M.P.H.
PRELIMINARY LOCAL CLIMATOLOGICAL DATA (WS FORM: F-6) , PAGE 2
STATION: GAINESVILLE
MONTH: MAY
YEAR: 2021
LATITUDE: 34 16 N
LONGITUDE: 83 50 W
[TEMPERATURE DATA] [PRECIPITATION DATA] SYMBOLS USED IN COLUMN 16
AVERAGE MONTHLY: 67.5 TOTAL FOR MONTH: 5.74 1 = FOG OR MIST
DPTR FM NORMAL: -1.2 DPTR FM NORMAL: 1.73 2 = FOG REDUCING VISIBILITY
HIGHEST: 90 ON 25,24 GRTST 24HR 1.88 ON 4- 4 TO 1/4 MILE OR LESS
LOWEST: 46 ON 13 3 = THUNDER
SNOW, ICE PELLETS, HAIL 4 = ICE PELLETS
TOTAL MONTH: 0.0 INCH 5 = HAIL
GRTST 24HR 0.0 6 = FREEZING RAIN OR DRIZZLE
GRTST DEPTH: M ON M 7 = DUSTSTORM OR SANDSTORM:
VSBY 1/2 MILE OR LESS
8 = SMOKE OR HAZE
[NO. OF DAYS WITH] [WEATHER - DAYS WITH] 9 = BLOWING SNOW
X = TORNADO
MAX 32 OR BELOW: 0 0.01 INCH OR MORE: 7
MAX 90 OR ABOVE: 2 0.10 INCH OR MORE: 6
MIN 32 OR BELOW: 0 0.50 INCH OR MORE: 5
MIN 0 OR BELOW: 0 1.00 INCH OR MORE: 3
[HDD (BASE 65) ]
TOTAL THIS MO. 35 CLEAR (SCALE 0-3) 19
DPTR FM NORMAL -3 PTCLDY (SCALE 4-7) 9
TOTAL FM JUL 1 2618 CLOUDY (SCALE 8-10) 3
DPTR FM NORMAL -381
[CDD (BASE 65) ]
TOTAL THIS MO. 124
DPTR FM NORMAL -28 [PRESSURE DATA]
TOTAL FM JAN 1 173 HIGHEST SLP 30.46 ON 21
DPTR FM NORMAL -25 LOWEST SLP 29.77 ON 29
[REMARKS]
#FINAL-05-21#