000
CXUS54 KEWX 011011
CF6GYB
PRELIMINARY LOCAL CLIMATOLOGICAL DATA (WS FORM: F-6)
STATION: GIDDINGS-LEE COUNTY AIRPORT
MONTH: MAY
YEAR: 2023
LATITUDE: 30 10 N
LONGITUDE: 96 59 W
TEMPERATURE IN F: :PCPN: SNOW: WIND :SUNSHINE: SKY :PK WND
================================================================================
1 2 3 4 5 6A 6B 7 8 9 10 11 12 13 14 15 16 17 18
12Z AVG MX 2MIN
DY MAX MIN AVG DEP HDD CDD WTR SNW DPTH SPD SPD DIR MIN PSBL S-S WX SPD DR
================================================================================
1 83 56 70 M 0 5 0.00 M M 3.6 9 90 M M 0 10 80
2 80 63 72 M 0 7 0.00 M M 1.7 12 110 M M 4 1 M M
3 83 64 74 M 0 9 0.00 M M 3.1 10 130 M M 2 1 M M
4 83 64 74 M 0 9 0.00 M M 2.4 9 170 M M 6 1 M M
5 90 65 78 M 0 13 0.31 M M 5.6 16 360 M M 4 18 21 360
6 90 65 78 M 0 13 0.00 M M 7.6 15 150 M M 3 23 150
7 82 71 77 M 0 12 0.01 M M 5.9 16 180 M M 3 1 25 180
8 87 68 78 M 0 13 0.06 M M 5.3 10 150 M M 4 1 20 200
9 75 67 71 M 0 6 0.13 M M 3.4 9 110 M M 7 1 M M
10 79 67 73 M 0 8 0.90 M M 1.5 8 140 M M 8 M M
11 85 72 79 M 0 14 0.04 M M 5.4 9 150 M M 6 18 M M
12 86 74 80 M 0 15 0.00 M M 6.6 15 140 M M 6 18 21 150
13 77 65 71 M 0 6 1.21 M M 2.6 14 310 M M 5 26 310
14 83 68 76 M 0 11 0.29 M M 1.0 6 250 M M 3 9 0
15 84 69 77 M 0 12 0.01 M M 1.9 9 50 M M 4 1 23 200
16 83 67 75 M 0 10 0.00 M M 3.5 12 190 M M 2 18 190
17 85 64 75 M 0 10 0.00 M M 1.1 5 310 M M 1 M M
18 88 65 77 M 0 12 0.00 M M 0.5 5 280 M M 1 M M
19 90 70 80 M 0 15 0.00 M M 3.4 10 220 M M 0 1 M M
20 81 69 75 M 0 10 0.04 M M 5.5 20 360 M M 3 29 360
21 74 67 71 M 0 6 0.00 M M 1.3 6 10 M M 3 M M
22 84 67 76 M 0 11 0.00 M M 0.4 5 80 M M 5 1 M M
23 88 65 77 M 0 12 0.00 M M 1.8 9 90 M M 3 M M
24 83 65 74 M 0 9 0.39 M M 3.1 30 330 M M 5 28 36 330
25 84 66 75 M 0 10 0.00 M M 2.3 8 70 M M 3 128 M M
26 86 65 76 M 0 11 0.00 M M 2.4 9 90 M M 3 8 M M
27 87 65 76 M 0 11 0.00 M M 1.3 7 100 M M 3 1 M M
28 86 66 76 M 0 11 0.00 M M 2.0 12 130 M M 1 1 16 200
29 85 67 76 M 0 11 0.00 M M 0.6 6 130 M M 4 M M
30 88 65 77 M 0 12 0.00 M M 2.0 8 150 M M 2 1 16 130
31 88 65 77 M 0 12 0.00 M M 2.0 8 150 M M 2 1 M M
================================================================================
SM 2607 2056 0 326 3.39 M 90.7 M 106
================================================================================
AV 84.1 66.3 2.9 FASTST M M 3 MAX(MPH)
MISC ----> 30 330 36 330
================================================================================
NOTES:
# LAST OF SEVERAL OCCURRENCES
COLUMN 17 PEAK WIND IN M.P.H.
PRELIMINARY LOCAL CLIMATOLOGICAL DATA (WS FORM: F-6) , PAGE 2
STATION: GIDDINGS-LEE COUNTY AIRPORT
MONTH: MAY
YEAR: 2023
LATITUDE: 30 10 N
LONGITUDE: 96 59 W
[TEMPERATURE DATA] [PRECIPITATION DATA] SYMBOLS USED IN COLUMN 16
AVERAGE MONTHLY: 75.2 TOTAL FOR MONTH: 3.39 1 = FOG OR MIST
DPTR FM NORMAL: 0.0 DPTR FM NORMAL: M 2 = FOG REDUCING VISIBILITY
HIGHEST: 90 ON 19, 6 GRTST 24HR 1.21 ON 13-13 TO 1/4 MILE OR LESS
LOWEST: 56 ON 1 3 = THUNDER
SNOW, ICE PELLETS, HAIL 4 = ICE PELLETS
TOTAL MONTH: M 5 = HAIL
GRTST 24HR M ON M 6 = FREEZING RAIN OR DRIZZLE
GRTST DEPTH: M ON M 7 = DUSTSTORM OR SANDSTORM:
VSBY 1/2 MILE OR LESS
8 = SMOKE OR HAZE
[NO. OF DAYS WITH] [WEATHER - DAYS WITH] 9 = BLOWING SNOW
X = TORNADO
MAX 32 OR BELOW: 0 0.01 INCH OR MORE: 11
MAX 90 OR ABOVE: 3 0.10 INCH OR MORE: 6
MIN 32 OR BELOW: 0 0.50 INCH OR MORE: 2
MIN 0 OR BELOW: 0 1.00 INCH OR MORE: 1
[HDD (BASE 65) ]
TOTAL THIS MO. 0 CLEAR (SCALE 0-3) 15
DPTR FM NORMAL M PTCLDY (SCALE 4-7) 16
TOTAL FM JUL 1 1476 CLOUDY (SCALE 8-10) 0
DPTR FM NORMAL M
[CDD (BASE 65) ]
TOTAL THIS MO. 326
DPTR FM NORMAL M [PRESSURE DATA]
TOTAL FM JAN 1 582 HIGHEST SLP M ON M
DPTR FM NORMAL M LOWEST SLP M ON M
[REMARKS]
#FINAL-05-23#